{"text_format":"1","workbook":"xlsx","n_sheets":3,"sheets":["Instructions","Lists","Dispute Entry Form"],"not_rendered":{"charts":0,"images":1,"macros":1,"external_links":0,"defined_names":0,"comments":0,"pivot_tables":0},"unopened":[],"bounds":{"document_bytes":16777216,"sheet_cells":100000,"rows_first":2000,"rows_last":500,"rows_between":2000,"halvings":0,"cell_chars":16384,"cell_head_chars":4096},"cells_cut":0,"cells_raw":0,"read":"whole","date_system":"1900"}

{"sheet":"Instructions","index":0,"n_rows":69,"n_cols":3,"rows_kept":69,"cut":false,"hidden":false,"merged":[[58,1,58,2],[66,1,66,2],[53,1,53,2],[5,1,5,2],[14,1,14,2],[25,1,25,2],[48,1,48,2],[1,1,1,2],[2,1,2,2],[4,1,4,2],[31,1,31,2],[41,1,41,2]]}
[]
[null,"UPS International Shipping Dispute Intake Form - Instructions"]
[null,"Purpose"]
[null,"Purpose","This form is used to request a review of an international shipping invoice when an error is suspected. Providing complete and accurate information helps UPS process the dispute quickly and minimize follow-up."]
[null,"Step-by-Step Instructions"]
[null,"Step 1:  Contact Information"]
[null,"Contact Name","Enter the name of the person UPS should reach for questions."]
[null,"Contact Address","Provide the full street address, city, state, and ZIP code."]
[null,"Contact Phone Number","Include a direct phone number."]
[null,"Contact Email Address","Enter an email address for communication."]
[null,"Business Name","Enter the legal name of the company."]
[null,"UPS Account Number","Provide the UPS account number associated with the shipment."]
[null,"Billing Tax ID","Enter the tax identification number used for billing."]
[null,"Dispute Entry Date","Enter the date the dispute is being submitted."]
[null,"Step 2:  Shipment Information"]
[null,"Record #","Shipment record identifier.  For more than one shipment, please just increment by 1 (1, 2, 3....)."]
[null,"Shipment Number / 1Z","Enter the UPS shipment identifier (1Z)."]
[null,"Entry Number(s) / SCS Number","Enter the U.S. Customs entry number for the shipment (SCSxxxxxxx)."]
[null,"Date of Import","Provide the date the goods entered the U.S."]
[null,"Invoice Number(s)","Enter the invoice number(s) being disputed."]
[null,"Shipment Value","Enter the total value of the shipment as declared at entry."]
[null,"Disputed Value","Enter the amount being disputed."]
[null,"Dispute Type","Select the type of dispute (see definitions below)."]
[null,"Checklist for Required Documentation","A document listing of required substantiation for the selected dispute type (informational only)"]
[null,"Dispute Reasoning","Provide a detailed explanation of why the invoice is incorrect. Include any relevant facts or supporting details."]
[null,"Step 3:  Save and Email Dispute Form"]
[null,"File Naming Standard","Save the completed form using this format: Dispute_<EntryNumber>_<DateYYYYMMDD>.xlsx. Example: Dispute_12345678_20251204.xlsx. This ensures uniqueness and prevents duplicate names."]
[null,"Email Address","Send the completed form and all required documents to: gbapostentrydesk@ups.com."]
[null,"Subject Line","Use this subject line for the email: 'International Dispute Submission - Entry <EntryNumber>'. Example: International Dispute Submission - Entry SCS1234567."]
[null,"Attachments","Attach the completed Post Entry dispute form and all supporting substantiation documentation required for the selected dispute type to the email. Ensure files are clearly named and legible."]
[null,"Email Body","Include a brief note stating that the dispute form and supporting documents are attached for review."]
[null,"Dispute Types & Definitions"]
[null,"USMCA","Dispute related to claiming preferential duty under the U.S.-Mexico-Canada Agreement."]
[null,"Steel & Aluminum","Dispute related to tariffs or duty rates on steel or aluminum products."]
[null,"Copper","Dispute related to tariffs or duty rates on copper products."]
[null,"Classification","Dispute regarding the Harmonized Tariff Schedule (HTS) code assigned to the product."]
[null,"IOR Change","Request to change the Importer of Record (legal entity responsible for the import)."]
[null,"Consignee Change","Request to change the consignee (recipient of goods)."]
[null,"Free Trade Agreement (FTA)","Dispute related to claiming preferential duty under an FTA other than USMCA."]
[null,"Valuation","Dispute regarding the declared value of goods for duty calculation."]
[null,"Other","Any dispute not covered by the above categories."]
[null,"Required Documentation"]
[null,"USMCA","USMCA Certificate, Certificate of Origin, 10-Element Data Form (only for FTAs other than USMCA)."]
[null,"Steel & Aluminum / Copper / Classification","Product literature, Product spec sheets or color photos."]
[null,"IOR Change / Consignee Change","Letter of authorization (tax ID, contact info, signature of new IOR/consignee)."]
[null,"Free Trade Agreement (non-USMCA)","Certificate of Origin, 10-Element Data Form."]
[null,"Valuation","Proof of payment, Voided check/wire transfer/bank statement, Revised invoice if value differs."]
[null,"Other","A UPS representative will be in contact to request any appropriate documentation"]
[null,"Definitions for Technical Terms"]
[null,"Entry Number","A unique number assigned by U.S. Customs to identify an import entry."]
[null,"Importer of Record (IOR)","The party legally responsible for ensuring goods comply with customs regulations and paying duties."]
[null,"Liquidation Date","The date U.S. Customs finalizes the entry and duty amount (usually within 314 days of import)."]
[null,"FTA","Free Trade Agreement, which may allow reduced or zero duty rates if eligibility criteria are met."]
[null,"Tips to Avoid Delays"]
[null,"Provide complete and accurate information","Ensure all fields are filled correctly."]
[null,"Attach all required documents","Include all documents for the selected dispute type."]
[null,"Submit within allowed timeframe","PSC before liquidation (usually within 314 days of import), Protest within 180 days after liquidation."]
[null,"Use clear reasoning","Provide detailed explanation for the dispute."]
[null,"Dispute Guidlines and Fees"]
[null,"If the dispute is determined to be due to customer error, the following fees will apply:"]
[null,"Dispute Type","Fee Amount"]
[null,"Post Summary Correction (PSC)\n(A correction to the entry summary before Customs finalizes it.)",95]
[null,"Protest\n(A formal request to review Customs’ decision after liquidation.)",120]
[null,"520D Claim\n(A claim for duty refund due to free trade agreement or similar reason.)",120]
[null,"Steel & Aluminum Dispute",120]
[null,"Supplemental Duty Bill",120]
[null,"Deadlines"]
[null,"Post Summary Correction (PSC)","Must be filed before liquidation (usually within 314 days of import).\nApplies only to formal entries (not small shipments)."]
[null,"Protest","Must be filed within 180 days (6 months) after liquidation.\nApplies to formal and informal entries.\nFor informal entries, the 6-month period starts from the import date."]

{"sheet":"Lists","index":1,"n_rows":32,"n_cols":10,"rows_kept":32,"cut":false,"hidden":true,"merged":[]}
["Dispute Types",null,null,"Required Documents"]
["USMCA",null,null,"1.  USMCA     \n2.  Certificate of Origin     \n3.  10 element Data Form should only be used for FTA that are NOT USMCA"]
["Steel & Aluminum",null,null,"1. Product literature\n2. Product spec sheets or color photos"]
["Copper",null,null,"1. Product literature \n2. Product spec sheets or color photos"]
["Classification",null,null,"1. Product literature \n2. Product spec sheets or color photos"]
["IOR Change",null,null,"1. Letter of authorization (tax id, point of contact, and signature of new IOR)"]
["Consignee Change",null,null,"1. Letter of authorization (tax id, point of contact, and signature of new IOR)"]
["Free Trade Agreement",null,null,"1. USMCA \n2. Certificate of origin\n3. 10 element data form should only be used for FTA that are NOT USMCA"]
["Valuation",null,null,"1. Proof of payment\n2. Voided check, wire transfer, bank statement\n3. Revised invoice if value differs from the commercial invoice at entry"]
["Other",null,null,"None"]
[]
[]
[]
[]
[]
[]
[]
[]
[]
[]
[]
[]
[]
[]
[]
[]
[]
[]
[]
[]
[]
[null,null,null,null,null,null,null,null,null,{"$f":"_xlfn.IFS(C32=Lists!A2, \"\", TRUE, \"\")","v":""}]

{"sheet":"Dispute Entry Form","index":2,"n_rows":1018,"n_cols":9,"rows_kept":1018,"cut":false,"hidden":false,"merged":[[7,7,9,8],[14,0,15,8],[0,0,5,8],[11,0,11,1],[12,0,12,1],[10,0,10,1],[9,0,9,1],[9,2,9,3],[10,2,10,3],[11,2,11,3],[12,2,12,3],[9,5,9,6],[10,5,10,6],[11,5,11,6],[12,5,12,6],[7,0,8,6]]}
["          Post Entry Dispute Form | For instructions and definitions please visit the Instructions tab."]
[]
[]
[]
[]
[]
[]
[" Contact Information",null,null,null,null,null,null,"**Important - Please Note**\n\nIncomplete or inaccurate information - or missing documentation - may cause delays or lead to your dispute being closed. Ensure all fields are filled and required documents are attached before sending."]
[]
["  Contact Name",null,null,null,"  Dispute Entry Date"]
["  Contact Address\n  Street, City, State Zip",null," ",null,"  Buisiness Name"," "]
["  Contact Phone Number",null," ",null,"  UPS Account Number"," "]
["  Contact Email Address",null," ",null,"  Billing Tax ID"]
[null,null,null," "]
["Shipment(s) Information"]
[]
["Record #","Shipment ID / 1Z number","Entry Number\n(SCSxxxxxxx)","Date of Import","Invoice Number","Disputed Value","Select Dispute Type","Checklist for Required Documentation","Dispute Reasoning (Please be as detailed as possible)"]
["EXAMPLE\n0","1Z9106234","SCS81963120","2026-12-05",123456,250,"Classification",{"$f":"_xlfn.IFS(G18=Lists!$A$2, Lists!$D$2, G18=Lists!$A$3, Lists!$D$3, G18=Lists!$A$4, Lists!$D$4, G18=Lists!$A$5, Lists!$D$5,G18=Lists!$A$6, Lists!$D$6, G18=Lists!$A$7, Lists!$D$7, G18=Lists!$A$8, Lists!$D$8, G18=Lists!$A$9, Lists!$D$9, G18=Lists!$A$10, Lists!$D$10, TRUE, \"\")","v":"1. Product literature \n2. Product spec sheets or color photos"},"My package was accidentally mislabeled as having aluminum and was assigned the wrong duty class. If you Google the \"Forza Pro Football Target Sheet\", you will see that it's a cloth/mesh cover that attaches to a goal via velcro strips. Duty class 9903.85.68 refers to aluminum, which my package contains none of."]
[1,null,null,null,null,null,null,{"$f":"_xlfn.IFS(G19=Lists!$A$2, Lists!$D$2, G19=Lists!$A$3, Lists!$D$3, G19=Lists!$A$4, Lists!$D$4, G19=Lists!$A$5, Lists!$D$5,G19=Lists!$A$6, Lists!$D$6, G19=Lists!$A$7, Lists!$D$7, G19=Lists!$A$8, Lists!$D$8, G19=Lists!$A$9, Lists!$D$9, G19=Lists!$A$10, Lists!$D$10, TRUE, \"\")","v":""}]
[2,null,null,null,null,null,null,{"$f":"_xlfn.IFS(G20=Lists!$A$2, Lists!$D$2, G20=Lists!$A$3, Lists!$D$3, G20=Lists!$A$4, Lists!$D$4, G20=Lists!$A$5, Lists!$D$5,G20=Lists!$A$6, Lists!$D$6, G20=Lists!$A$7, Lists!$D$7, G20=Lists!$A$8, Lists!$D$8, G20=Lists!$A$9, Lists!$D$9, G20=Lists!$A$10, Lists!$D$10, TRUE, \"\")","v":""}]
[3,null,null,null,null,null,null,{"$f":"_xlfn.IFS(G21=Lists!$A$2, Lists!$D$2, G21=Lists!$A$3, Lists!$D$3, G21=Lists!$A$4, Lists!$D$4, G21=Lists!$A$5, Lists!$D$5,G21=Lists!$A$6, Lists!$D$6, G21=Lists!$A$7, Lists!$D$7, G21=Lists!$A$8, Lists!$D$8, G21=Lists!$A$9, Lists!$D$9, G21=Lists!$A$10, Lists!$D$10, TRUE, \"\")","v":""}]
[4,null,null,null,null,null,null,{"$f":"_xlfn.IFS(G22=Lists!$A$2, Lists!$D$2, G22=Lists!$A$3, Lists!$D$3, G22=Lists!$A$4, Lists!$D$4, G22=Lists!$A$5, Lists!$D$5,G22=Lists!$A$6, Lists!$D$6, G22=Lists!$A$7, Lists!$D$7, G22=Lists!$A$8, Lists!$D$8, G22=Lists!$A$9, Lists!$D$9, G22=Lists!$A$10, Lists!$D$10, TRUE, \"\")","v":""}]
[5,null,null,null,null,null,null,{"$f":"_xlfn.IFS(G23=Lists!$A$2, Lists!$D$2, G23=Lists!$A$3, Lists!$D$3, G23=Lists!$A$4, Lists!$D$4, G23=Lists!$A$5, Lists!$D$5,G23=Lists!$A$6, Lists!$D$6, G23=Lists!$A$7, Lists!$D$7, G23=Lists!$A$8, Lists!$D$8, G23=Lists!$A$9, Lists!$D$9, G23=Lists!$A$10, Lists!$D$10, TRUE, \"\")","v":""}]
[6,null,null,null,null,null,null,{"$f":"_xlfn.IFS(G24=Lists!$A$2, Lists!$D$2, G24=Lists!$A$3, Lists!$D$3, G24=Lists!$A$4, Lists!$D$4, G24=Lists!$A$5, Lists!$D$5,G24=Lists!$A$6, Lists!$D$6, G24=Lists!$A$7, Lists!$D$7, G24=Lists!$A$8, Lists!$D$8, G24=Lists!$A$9, Lists!$D$9, G24=Lists!$A$10, Lists!$D$10, TRUE, \"\")","v":""}]
[7,null,null,null,null,null,null,{"$f":"_xlfn.IFS(G25=Lists!$A$2, Lists!$D$2, G25=Lists!$A$3, Lists!$D$3, G25=Lists!$A$4, Lists!$D$4, G25=Lists!$A$5, Lists!$D$5,G25=Lists!$A$6, Lists!$D$6, G25=Lists!$A$7, Lists!$D$7, G25=Lists!$A$8, Lists!$D$8, G25=Lists!$A$9, Lists!$D$9, G25=Lists!$A$10, Lists!$D$10, TRUE, \"\")","v":""}]
[8,null,null,null,null,null,null,{"$f":"_xlfn.IFS(G26=Lists!$A$2, Lists!$D$2, G26=Lists!$A$3, Lists!$D$3, G26=Lists!$A$4, Lists!$D$4, G26=Lists!$A$5, Lists!$D$5,G26=Lists!$A$6, Lists!$D$6, G26=Lists!$A$7, Lists!$D$7, G26=Lists!$A$8, Lists!$D$8, G26=Lists!$A$9, Lists!$D$9, G26=Lists!$A$10, Lists!$D$10, TRUE, \"\")","v":""}]
[9,null,null,null,null,null,null,{"$f":"_xlfn.IFS(G27=Lists!$A$2, Lists!$D$2, G27=Lists!$A$3, Lists!$D$3, G27=Lists!$A$4, Lists!$D$4, G27=Lists!$A$5, Lists!$D$5,G27=Lists!$A$6, Lists!$D$6, G27=Lists!$A$7, Lists!$D$7, G27=Lists!$A$8, Lists!$D$8, G27=Lists!$A$9, Lists!$D$9, G27=Lists!$A$10, Lists!$D$10, TRUE, \"\")","v":""}]
[10,null,null,null,null,null,null,{"$f":"_xlfn.IFS(G28=Lists!$A$2, Lists!$D$2, G28=Lists!$A$3, Lists!$D$3, G28=Lists!$A$4, Lists!$D$4, G28=Lists!$A$5, Lists!$D$5,G28=Lists!$A$6, Lists!$D$6, G28=Lists!$A$7, Lists!$D$7, G28=Lists!$A$8, Lists!$D$8, G28=Lists!$A$9, Lists!$D$9, G28=Lists!$A$10, Lists!$D$10, TRUE, \"\")","v":""}]
[11,null,null,null,null,null,null,{"$f":"_xlfn.IFS(G29=Lists!$A$2, Lists!$D$2, G29=Lists!$A$3, Lists!$D$3, G29=Lists!$A$4, Lists!$D$4, G29=Lists!$A$5, Lists!$D$5,G29=Lists!$A$6, Lists!$D$6, G29=Lists!$A$7, Lists!$D$7, G29=Lists!$A$8, Lists!$D$8, G29=Lists!$A$9, Lists!$D$9, G29=Lists!$A$10, Lists!$D$10, TRUE, \"\")","v":""}]
[12,null,null,null,null,null,null,{"$f":"_xlfn.IFS(G30=Lists!$A$2, Lists!$D$2, G30=Lists!$A$3, Lists!$D$3, G30=Lists!$A$4, Lists!$D$4, G30=Lists!$A$5, Lists!$D$5,G30=Lists!$A$6, Lists!$D$6, G30=Lists!$A$7, Lists!$D$7, G30=Lists!$A$8, Lists!$D$8, G30=Lists!$A$9, Lists!$D$9, G30=Lists!$A$10, Lists!$D$10, TRUE, \"\")","v":""}]
[13,null,null,null,null,null,null,{"$f":"_xlfn.IFS(G31=Lists!$A$2, Lists!$D$2, G31=Lists!$A$3, Lists!$D$3, G31=Lists!$A$4, Lists!$D$4, G31=Lists!$A$5, Lists!$D$5,G31=Lists!$A$6, Lists!$D$6, G31=Lists!$A$7, Lists!$D$7, G31=Lists!$A$8, Lists!$D$8, G31=Lists!$A$9, Lists!$D$9, G31=Lists!$A$10, Lists!$D$10, TRUE, \"\")","v":""}]
[14,null,null,null,null,null,null,{"$f":"_xlfn.IFS(G32=Lists!$A$2, Lists!$D$2, G32=Lists!$A$3, Lists!$D$3, G32=Lists!$A$4, Lists!$D$4, G32=Lists!$A$5, Lists!$D$5,G32=Lists!$A$6, Lists!$D$6, G32=Lists!$A$7, Lists!$D$7, G32=Lists!$A$8, Lists!$D$8, G32=Lists!$A$9, Lists!$D$9, G32=Lists!$A$10, Lists!$D$10, TRUE, \"\")","v":""}]
[15,null,null,null,null,null,null,{"$f":"_xlfn.IFS(G33=Lists!$A$2, Lists!$D$2, G33=Lists!$A$3, Lists!$D$3, G33=Lists!$A$4, Lists!$D$4, G33=Lists!$A$5, Lists!$D$5,G33=Lists!$A$6, Lists!$D$6, G33=Lists!$A$7, Lists!$D$7, G33=Lists!$A$8, Lists!$D$8, G33=Lists!$A$9, Lists!$D$9, G33=Lists!$A$10, Lists!$D$10, TRUE, \"\")","v":""}]
[16,null,null,null,null,null,null,{"$f":"_xlfn.IFS(G34=Lists!$A$2, Lists!$D$2, G34=Lists!$A$3, Lists!$D$3, G34=Lists!$A$4, Lists!$D$4, G34=Lists!$A$5, Lists!$D$5,G34=Lists!$A$6, Lists!$D$6, G34=Lists!$A$7, Lists!$D$7, G34=Lists!$A$8, Lists!$D$8, G34=Lists!$A$9, Lists!$D$9, G34=Lists!$A$10, Lists!$D$10, TRUE, \"\")","v":""}]
[17,null,null,null,null,null,null,{"$f":"_xlfn.IFS(G35=Lists!$A$2, Lists!$D$2, G35=Lists!$A$3, Lists!$D$3, G35=Lists!$A$4, Lists!$D$4, G35=Lists!$A$5, Lists!$D$5,G35=Lists!$A$6, Lists!$D$6, G35=Lists!$A$7, Lists!$D$7, G35=Lists!$A$8, Lists!$D$8, G35=Lists!$A$9, Lists!$D$9, G35=Lists!$A$10, Lists!$D$10, TRUE, \"\")","v":""}]
[18,null,null,null,null,null,null,{"$f":"_xlfn.IFS(G36=Lists!$A$2, Lists!$D$2, G36=Lists!$A$3, Lists!$D$3, G36=Lists!$A$4, Lists!$D$4, G36=Lists!$A$5, Lists!$D$5,G36=Lists!$A$6, Lists!$D$6, G36=Lists!$A$7, Lists!$D$7, G36=Lists!$A$8, Lists!$D$8, G36=Lists!$A$9, Lists!$D$9, G36=Lists!$A$10, Lists!$D$10, TRUE, \"\")","v":""}]
[19,null,null,null,null,null,null,{"$f":"_xlfn.IFS(G37=Lists!$A$2, Lists!$D$2, G37=Lists!$A$3, Lists!$D$3, G37=Lists!$A$4, Lists!$D$4, G37=Lists!$A$5, Lists!$D$5,G37=Lists!$A$6, Lists!$D$6, G37=Lists!$A$7, Lists!$D$7, G37=Lists!$A$8, Lists!$D$8, G37=Lists!$A$9, Lists!$D$9, G37=Lists!$A$10, Lists!$D$10, TRUE, \"\")","v":""}]
[20,null,null,null,null,null,null,{"$f":"_xlfn.IFS(G38=Lists!$A$2, Lists!$D$2, G38=Lists!$A$3, Lists!$D$3, G38=Lists!$A$4, Lists!$D$4, G38=Lists!$A$5, Lists!$D$5,G38=Lists!$A$6, Lists!$D$6, G38=Lists!$A$7, Lists!$D$7, G38=Lists!$A$8, Lists!$D$8, G38=Lists!$A$9, Lists!$D$9, G38=Lists!$A$10, Lists!$D$10, TRUE, \"\")","v":""}]
[21,null,null,null,null,null,null,{"$f":"_xlfn.IFS(G39=Lists!$A$2, Lists!$D$2, G39=Lists!$A$3, Lists!$D$3, G39=Lists!$A$4, Lists!$D$4, G39=Lists!$A$5, Lists!$D$5,G39=Lists!$A$6, Lists!$D$6, G39=Lists!$A$7, Lists!$D$7, G39=Lists!$A$8, Lists!$D$8, G39=Lists!$A$9, Lists!$D$9, G39=Lists!$A$10, Lists!$D$10, TRUE, \"\")","v":""}]
[22,null,null,null,null,null,null,{"$f":"_xlfn.IFS(G40=Lists!$A$2, Lists!$D$2, G40=Lists!$A$3, Lists!$D$3, G40=Lists!$A$4, Lists!$D$4, G40=Lists!$A$5, Lists!$D$5,G40=Lists!$A$6, Lists!$D$6, G40=Lists!$A$7, Lists!$D$7, G40=Lists!$A$8, Lists!$D$8, G40=Lists!$A$9, Lists!$D$9, G40=Lists!$A$10, Lists!$D$10, TRUE, \"\")","v":""}]
[23,null,null,null,null,null,null,{"$f":"_xlfn.IFS(G41=Lists!$A$2, Lists!$D$2, G41=Lists!$A$3, Lists!$D$3, G41=Lists!$A$4, Lists!$D$4, G41=Lists!$A$5, Lists!$D$5,G41=Lists!$A$6, Lists!$D$6, G41=Lists!$A$7, Lists!$D$7, G41=Lists!$A$8, Lists!$D$8, G41=Lists!$A$9, Lists!$D$9, G41=Lists!$A$10, Lists!$D$10, TRUE, \"\")","v":""}]
[24,null,null,null,null,null,null,{"$f":"_xlfn.IFS(G42=Lists!$A$2, Lists!$D$2, G42=Lists!$A$3, Lists!$D$3, G42=Lists!$A$4, Lists!$D$4, G42=Lists!$A$5, Lists!$D$5,G42=Lists!$A$6, Lists!$D$6, G42=Lists!$A$7, Lists!$D$7, G42=Lists!$A$8, Lists!$D$8, G42=Lists!$A$9, Lists!$D$9, G42=Lists!$A$10, Lists!$D$10, TRUE, \"\")","v":""}]
[25,null,null,null,null,null,null,{"$f":"_xlfn.IFS(G43=Lists!$A$2, Lists!$D$2, G43=Lists!$A$3, Lists!$D$3, G43=Lists!$A$4, Lists!$D$4, G43=Lists!$A$5, Lists!$D$5,G43=Lists!$A$6, Lists!$D$6, G43=Lists!$A$7, Lists!$D$7, G43=Lists!$A$8, Lists!$D$8, G43=Lists!$A$9, Lists!$D$9, G43=Lists!$A$10, Lists!$D$10, TRUE, \"\")","v":""}]
[26,null,null,null,null,null,null,{"$f":"_xlfn.IFS(G44=Lists!$A$2, Lists!$D$2, G44=Lists!$A$3, Lists!$D$3, G44=Lists!$A$4, Lists!$D$4, G44=Lists!$A$5, Lists!$D$5,G44=Lists!$A$6, Lists!$D$6, G44=Lists!$A$7, Lists!$D$7, G44=Lists!$A$8, Lists!$D$8, G44=Lists!$A$9, Lists!$D$9, G44=Lists!$A$10, Lists!$D$10, TRUE, \"\")","v":""}]
[27,null,null,null,null,null,null,{"$f":"_xlfn.IFS(G45=Lists!$A$2, Lists!$D$2, G45=Lists!$A$3, Lists!$D$3, G45=Lists!$A$4, Lists!$D$4, G45=Lists!$A$5, Lists!$D$5,G45=Lists!$A$6, Lists!$D$6, G45=Lists!$A$7, Lists!$D$7, G45=Lists!$A$8, Lists!$D$8, G45=Lists!$A$9, Lists!$D$9, G45=Lists!$A$10, Lists!$D$10, TRUE, \"\")","v":""}]
[28,null,null,null,null,null,null,{"$f":"_xlfn.IFS(G46=Lists!$A$2, Lists!$D$2, G46=Lists!$A$3, Lists!$D$3, G46=Lists!$A$4, Lists!$D$4, G46=Lists!$A$5, Lists!$D$5,G46=Lists!$A$6, Lists!$D$6, G46=Lists!$A$7, Lists!$D$7, G46=Lists!$A$8, Lists!$D$8, G46=Lists!$A$9, Lists!$D$9, G46=Lists!$A$10, Lists!$D$10, TRUE, \"\")","v":""}]
[29,null,null,null,null,null,null,{"$f":"_xlfn.IFS(G47=Lists!$A$2, Lists!$D$2, G47=Lists!$A$3, Lists!$D$3, G47=Lists!$A$4, Lists!$D$4, G47=Lists!$A$5, Lists!$D$5,G47=Lists!$A$6, Lists!$D$6, G47=Lists!$A$7, Lists!$D$7, G47=Lists!$A$8, Lists!$D$8, G47=Lists!$A$9, Lists!$D$9, G47=Lists!$A$10, Lists!$D$10, TRUE, \"\")","v":""}]
[30,null,null,null,null,null,null,{"$f":"_xlfn.IFS(G48=Lists!$A$2, Lists!$D$2, G48=Lists!$A$3, Lists!$D$3, G48=Lists!$A$4, Lists!$D$4, G48=Lists!$A$5, Lists!$D$5,G48=Lists!$A$6, Lists!$D$6, G48=Lists!$A$7, Lists!$D$7, G48=Lists!$A$8, Lists!$D$8, G48=Lists!$A$9, Lists!$D$9, G48=Lists!$A$10, Lists!$D$10, TRUE, \"\")","v":""}]
[31,null,null,null,null,null,null,{"$f":"_xlfn.IFS(G49=Lists!$A$2, Lists!$D$2, G49=Lists!$A$3, Lists!$D$3, G49=Lists!$A$4, Lists!$D$4, G49=Lists!$A$5, Lists!$D$5,G49=Lists!$A$6, Lists!$D$6, G49=Lists!$A$7, Lists!$D$7, G49=Lists!$A$8, Lists!$D$8, G49=Lists!$A$9, Lists!$D$9, G49=Lists!$A$10, Lists!$D$10, TRUE, \"\")","v":""}]
[32,null,null,null,null,null,null,{"$f":"_xlfn.IFS(G50=Lists!$A$2, Lists!$D$2, G50=Lists!$A$3, Lists!$D$3, G50=Lists!$A$4, Lists!$D$4, G50=Lists!$A$5, Lists!$D$5,G50=Lists!$A$6, Lists!$D$6, G50=Lists!$A$7, Lists!$D$7, G50=Lists!$A$8, Lists!$D$8, G50=Lists!$A$9, Lists!$D$9, G50=Lists!$A$10, Lists!$D$10, TRUE, \"\")","v":""}]
[33,null,null,null,null,null,null,{"$f":"_xlfn.IFS(G51=Lists!$A$2, Lists!$D$2, G51=Lists!$A$3, Lists!$D$3, G51=Lists!$A$4, Lists!$D$4, G51=Lists!$A$5, Lists!$D$5,G51=Lists!$A$6, Lists!$D$6, G51=Lists!$A$7, Lists!$D$7, G51=Lists!$A$8, Lists!$D$8, G51=Lists!$A$9, Lists!$D$9, G51=Lists!$A$10, Lists!$D$10, TRUE, \"\")","v":""}]
[34,null,null,null,null,null,null,{"$f":"_xlfn.IFS(G52=Lists!$A$2, Lists!$D$2, G52=Lists!$A$3, Lists!$D$3, G52=Lists!$A$4, Lists!$D$4, G52=Lists!$A$5, Lists!$D$5,G52=Lists!$A$6, Lists!$D$6, G52=Lists!$A$7, Lists!$D$7, G52=Lists!$A$8, Lists!$D$8, G52=Lists!$A$9, Lists!$D$9, G52=Lists!$A$10, Lists!$D$10, TRUE, \"\")","v":""}]
[35,null,null,null,null,null,null,{"$f":"_xlfn.IFS(G53=Lists!$A$2, Lists!$D$2, G53=Lists!$A$3, Lists!$D$3, G53=Lists!$A$4, Lists!$D$4, G53=Lists!$A$5, Lists!$D$5,G53=Lists!$A$6, Lists!$D$6, G53=Lists!$A$7, Lists!$D$7, G53=Lists!$A$8, Lists!$D$8, G53=Lists!$A$9, Lists!$D$9, G53=Lists!$A$10, Lists!$D$10, TRUE, \"\")","v":""}]
[36,null,null,null,null,null,null,{"$f":"_xlfn.IFS(G54=Lists!$A$2, Lists!$D$2, G54=Lists!$A$3, Lists!$D$3, G54=Lists!$A$4, Lists!$D$4, G54=Lists!$A$5, Lists!$D$5,G54=Lists!$A$6, Lists!$D$6, G54=Lists!$A$7, Lists!$D$7, G54=Lists!$A$8, Lists!$D$8, G54=Lists!$A$9, Lists!$D$9, G54=Lists!$A$10, Lists!$D$10, TRUE, \"\")","v":""}]
[37,null,null,null,null,null,null,{"$f":"_xlfn.IFS(G55=Lists!$A$2, Lists!$D$2, G55=Lists!$A$3, Lists!$D$3, G55=Lists!$A$4, Lists!$D$4, G55=Lists!$A$5, Lists!$D$5,G55=Lists!$A$6, Lists!$D$6, G55=Lists!$A$7, Lists!$D$7, G55=Lists!$A$8, Lists!$D$8, G55=Lists!$A$9, Lists!$D$9, G55=Lists!$A$10, Lists!$D$10, TRUE, \"\")","v":""}]
[38,null,null,null,null,null,null,{"$f":"_xlfn.IFS(G56=Lists!$A$2, Lists!$D$2, G56=Lists!$A$3, Lists!$D$3, G56=Lists!$A$4, Lists!$D$4, G56=Lists!$A$5, Lists!$D$5,G56=Lists!$A$6, Lists!$D$6, G56=Lists!$A$7, Lists!$D$7, G56=Lists!$A$8, Lists!$D$8, G56=Lists!$A$9, Lists!$D$9, G56=Lists!$A$10, Lists!$D$10, TRUE, \"\")","v":""}]
[39,null,null,null,null,null,null,{"$f":"_xlfn.IFS(G57=Lists!$A$2, Lists!$D$2, G57=Lists!$A$3, Lists!$D$3, G57=Lists!$A$4, Lists!$D$4, G57=Lists!$A$5, Lists!$D$5,G57=Lists!$A$6, Lists!$D$6, G57=Lists!$A$7, Lists!$D$7, G57=Lists!$A$8, Lists!$D$8, G57=Lists!$A$9, Lists!$D$9, G57=Lists!$A$10, Lists!$D$10, TRUE, \"\")","v":""}]
[40,null,null,null,null,null,null,{"$f":"_xlfn.IFS(G58=Lists!$A$2, Lists!$D$2, G58=Lists!$A$3, Lists!$D$3, G58=Lists!$A$4, Lists!$D$4, G58=Lists!$A$5, Lists!$D$5,G58=Lists!$A$6, Lists!$D$6, G58=Lists!$A$7, Lists!$D$7, G58=Lists!$A$8, Lists!$D$8, G58=Lists!$A$9, Lists!$D$9, G58=Lists!$A$10, Lists!$D$10, TRUE, \"\")","v":""}]
[41,null,null,null,null,null,null,{"$f":"_xlfn.IFS(G59=Lists!$A$2, Lists!$D$2, G59=Lists!$A$3, Lists!$D$3, G59=Lists!$A$4, Lists!$D$4, G59=Lists!$A$5, Lists!$D$5,G59=Lists!$A$6, Lists!$D$6, G59=Lists!$A$7, Lists!$D$7, G59=Lists!$A$8, Lists!$D$8, G59=Lists!$A$9, Lists!$D$9, G59=Lists!$A$10, Lists!$D$10, TRUE, \"\")","v":""}]
[42,null,null,null,null,null,null,{"$f":"_xlfn.IFS(G60=Lists!$A$2, Lists!$D$2, G60=Lists!$A$3, Lists!$D$3, G60=Lists!$A$4, Lists!$D$4, G60=Lists!$A$5, Lists!$D$5,G60=Lists!$A$6, Lists!$D$6, G60=Lists!$A$7, Lists!$D$7, G60=Lists!$A$8, Lists!$D$8, G60=Lists!$A$9, Lists!$D$9, G60=Lists!$A$10, Lists!$D$10, TRUE, \"\")","v":""}]
[43,null,null,null,null,null,null,{"$f":"_xlfn.IFS(G61=Lists!$A$2, Lists!$D$2, G61=Lists!$A$3, Lists!$D$3, G61=Lists!$A$4, Lists!$D$4, G61=Lists!$A$5, Lists!$D$5,G61=Lists!$A$6, Lists!$D$6, G61=Lists!$A$7, Lists!$D$7, G61=Lists!$A$8, Lists!$D$8, G61=Lists!$A$9, Lists!$D$9, G61=Lists!$A$10, Lists!$D$10, TRUE, \"\")","v":""}]
[44,null,null,null,null,null,null,{"$f":"_xlfn.IFS(G62=Lists!$A$2, Lists!$D$2, G62=Lists!$A$3, Lists!$D$3, G62=Lists!$A$4, Lists!$D$4, G62=Lists!$A$5, Lists!$D$5,G62=Lists!$A$6, Lists!$D$6, G62=Lists!$A$7, Lists!$D$7, G62=Lists!$A$8, Lists!$D$8, G62=Lists!$A$9, Lists!$D$9, G62=Lists!$A$10, Lists!$D$10, TRUE, \"\")","v":""}]
[45,null,null,null,null,null,null,{"$f":"_xlfn.IFS(G63=Lists!$A$2, Lists!$D$2, G63=Lists!$A$3, Lists!$D$3, G63=Lists!$A$4, Lists!$D$4, G63=Lists!$A$5, Lists!$D$5,G63=Lists!$A$6, Lists!$D$6, G63=Lists!$A$7, Lists!$D$7, G63=Lists!$A$8, Lists!$D$8, G63=Lists!$A$9, Lists!$D$9, G63=Lists!$A$10, Lists!$D$10, TRUE, \"\")","v":""}]
[46,null,null,null,null,null,null,{"$f":"_xlfn.IFS(G64=Lists!$A$2, Lists!$D$2, G64=Lists!$A$3, Lists!$D$3, G64=Lists!$A$4, Lists!$D$4, G64=Lists!$A$5, Lists!$D$5,G64=Lists!$A$6, Lists!$D$6, G64=Lists!$A$7, Lists!$D$7, G64=Lists!$A$8, Lists!$D$8, G64=Lists!$A$9, Lists!$D$9, G64=Lists!$A$10, Lists!$D$10, TRUE, \"\")","v":""}]
[47,null,null,null,null,null,null,{"$f":"_xlfn.IFS(G65=Lists!$A$2, Lists!$D$2, G65=Lists!$A$3, Lists!$D$3, G65=Lists!$A$4, Lists!$D$4, G65=Lists!$A$5, Lists!$D$5,G65=Lists!$A$6, Lists!$D$6, G65=Lists!$A$7, Lists!$D$7, G65=Lists!$A$8, Lists!$D$8, G65=Lists!$A$9, Lists!$D$9, G65=Lists!$A$10, Lists!$D$10, TRUE, \"\")","v":""}]
[48,null,null,null,null,null,null,{"$f":"_xlfn.IFS(G66=Lists!$A$2, Lists!$D$2, G66=Lists!$A$3, Lists!$D$3, G66=Lists!$A$4, Lists!$D$4, G66=Lists!$A$5, Lists!$D$5,G66=Lists!$A$6, Lists!$D$6, G66=Lists!$A$7, Lists!$D$7, G66=Lists!$A$8, Lists!$D$8, G66=Lists!$A$9, Lists!$D$9, G66=Lists!$A$10, Lists!$D$10, TRUE, \"\")","v":""}]
[49,null,null,null,null,null,null,{"$f":"_xlfn.IFS(G67=Lists!$A$2, Lists!$D$2, G67=Lists!$A$3, Lists!$D$3, G67=Lists!$A$4, Lists!$D$4, G67=Lists!$A$5, Lists!$D$5,G67=Lists!$A$6, Lists!$D$6, G67=Lists!$A$7, Lists!$D$7, G67=Lists!$A$8, Lists!$D$8, G67=Lists!$A$9, Lists!$D$9, G67=Lists!$A$10, Lists!$D$10, TRUE, \"\")","v":""}]
[50,null,null,null,null,null,null,{"$f":"_xlfn.IFS(G68=Lists!$A$2, Lists!$D$2, G68=Lists!$A$3, Lists!$D$3, G68=Lists!$A$4, Lists!$D$4, G68=Lists!$A$5, Lists!$D$5,G68=Lists!$A$6, Lists!$D$6, G68=Lists!$A$7, Lists!$D$7, G68=Lists!$A$8, Lists!$D$8, G68=Lists!$A$9, Lists!$D$9, G68=Lists!$A$10, Lists!$D$10, TRUE, \"\")","v":""}]
[51,null,null,null,null,null,null,{"$f":"_xlfn.IFS(G69=Lists!$A$2, Lists!$D$2, G69=Lists!$A$3, Lists!$D$3, G69=Lists!$A$4, Lists!$D$4, G69=Lists!$A$5, Lists!$D$5,G69=Lists!$A$6, Lists!$D$6, G69=Lists!$A$7, Lists!$D$7, G69=Lists!$A$8, Lists!$D$8, G69=Lists!$A$9, Lists!$D$9, G69=Lists!$A$10, Lists!$D$10, TRUE, \"\")","v":""}]
[52,null,null,null,null,null,null,{"$f":"_xlfn.IFS(G70=Lists!$A$2, Lists!$D$2, G70=Lists!$A$3, Lists!$D$3, G70=Lists!$A$4, Lists!$D$4, G70=Lists!$A$5, Lists!$D$5,G70=Lists!$A$6, Lists!$D$6, G70=Lists!$A$7, Lists!$D$7, G70=Lists!$A$8, Lists!$D$8, G70=Lists!$A$9, Lists!$D$9, G70=Lists!$A$10, Lists!$D$10, TRUE, \"\")","v":""}]
[53,null,null,null,null,null,null,{"$f":"_xlfn.IFS(G71=Lists!$A$2, Lists!$D$2, G71=Lists!$A$3, Lists!$D$3, G71=Lists!$A$4, Lists!$D$4, G71=Lists!$A$5, Lists!$D$5,G71=Lists!$A$6, Lists!$D$6, G71=Lists!$A$7, Lists!$D$7, G71=Lists!$A$8, Lists!$D$8, G71=Lists!$A$9, Lists!$D$9, G71=Lists!$A$10, Lists!$D$10, TRUE, \"\")","v":""}]
[54,null,null,null,null,null,null,{"$f":"_xlfn.IFS(G72=Lists!$A$2, Lists!$D$2, G72=Lists!$A$3, Lists!$D$3, G72=Lists!$A$4, Lists!$D$4, G72=Lists!$A$5, Lists!$D$5,G72=Lists!$A$6, Lists!$D$6, G72=Lists!$A$7, Lists!$D$7, G72=Lists!$A$8, Lists!$D$8, G72=Lists!$A$9, Lists!$D$9, G72=Lists!$A$10, Lists!$D$10, TRUE, \"\")","v":""}]
[55,null,null,null,null,null,null,{"$f":"_xlfn.IFS(G73=Lists!$A$2, Lists!$D$2, G73=Lists!$A$3, Lists!$D$3, G73=Lists!$A$4, Lists!$D$4, G73=Lists!$A$5, Lists!$D$5,G73=Lists!$A$6, Lists!$D$6, G73=Lists!$A$7, Lists!$D$7, G73=Lists!$A$8, Lists!$D$8, G73=Lists!$A$9, Lists!$D$9, G73=Lists!$A$10, Lists!$D$10, TRUE, \"\")","v":""}]
[56,null,null,null,null,null,null,{"$f":"_xlfn.IFS(G74=Lists!$A$2, Lists!$D$2, G74=Lists!$A$3, Lists!$D$3, G74=Lists!$A$4, Lists!$D$4, G74=Lists!$A$5, Lists!$D$5,G74=Lists!$A$6, Lists!$D$6, G74=Lists!$A$7, Lists!$D$7, G74=Lists!$A$8, Lists!$D$8, G74=Lists!$A$9, Lists!$D$9, G74=Lists!$A$10, Lists!$D$10, TRUE, \"\")","v":""}]
[57,null,null,null,null,null,null,{"$f":"_xlfn.IFS(G75=Lists!$A$2, Lists!$D$2, G75=Lists!$A$3, Lists!$D$3, G75=Lists!$A$4, Lists!$D$4, G75=Lists!$A$5, Lists!$D$5,G75=Lists!$A$6, Lists!$D$6, G75=Lists!$A$7, Lists!$D$7, G75=Lists!$A$8, Lists!$D$8, G75=Lists!$A$9, Lists!$D$9, G75=Lists!$A$10, Lists!$D$10, TRUE, \"\")","v":""}]
[58,null,null,null,null,null,null,{"$f":"_xlfn.IFS(G76=Lists!$A$2, Lists!$D$2, G76=Lists!$A$3, Lists!$D$3, G76=Lists!$A$4, Lists!$D$4, G76=Lists!$A$5, Lists!$D$5,G76=Lists!$A$6, Lists!$D$6, G76=Lists!$A$7, Lists!$D$7, G76=Lists!$A$8, Lists!$D$8, G76=Lists!$A$9, Lists!$D$9, G76=Lists!$A$10, Lists!$D$10, TRUE, \"\")","v":""}]
[59,null,null,null,null,null,null,{"$f":"_xlfn.IFS(G77=Lists!$A$2, Lists!$D$2, G77=Lists!$A$3, Lists!$D$3, G77=Lists!$A$4, Lists!$D$4, G77=Lists!$A$5, Lists!$D$5,G77=Lists!$A$6, Lists!$D$6, G77=Lists!$A$7, Lists!$D$7, G77=Lists!$A$8, Lists!$D$8, G77=Lists!$A$9, Lists!$D$9, G77=Lists!$A$10, Lists!$D$10, TRUE, \"\")","v":""}]
[60,null,null,null,null,null,null,{"$f":"_xlfn.IFS(G78=Lists!$A$2, Lists!$D$2, G78=Lists!$A$3, Lists!$D$3, G78=Lists!$A$4, Lists!$D$4, G78=Lists!$A$5, Lists!$D$5,G78=Lists!$A$6, Lists!$D$6, G78=Lists!$A$7, Lists!$D$7, G78=Lists!$A$8, Lists!$D$8, G78=Lists!$A$9, Lists!$D$9, G78=Lists!$A$10, Lists!$D$10, TRUE, \"\")","v":""}]
[61,null,null,null,null,null,null,{"$f":"_xlfn.IFS(G79=Lists!$A$2, Lists!$D$2, G79=Lists!$A$3, Lists!$D$3, G79=Lists!$A$4, Lists!$D$4, G79=Lists!$A$5, Lists!$D$5,G79=Lists!$A$6, Lists!$D$6, G79=Lists!$A$7, Lists!$D$7, G79=Lists!$A$8, Lists!$D$8, G79=Lists!$A$9, Lists!$D$9, G79=Lists!$A$10, Lists!$D$10, TRUE, \"\")","v":""}]
[62,null,null,null,null,null,null,{"$f":"_xlfn.IFS(G80=Lists!$A$2, Lists!$D$2, G80=Lists!$A$3, Lists!$D$3, G80=Lists!$A$4, Lists!$D$4, G80=Lists!$A$5, Lists!$D$5,G80=Lists!$A$6, Lists!$D$6, G80=Lists!$A$7, Lists!$D$7, G80=Lists!$A$8, Lists!$D$8, G80=Lists!$A$9, Lists!$D$9, G80=Lists!$A$10, Lists!$D$10, TRUE, \"\")","v":""}]
[63,null,null,null,null,null,null,{"$f":"_xlfn.IFS(G81=Lists!$A$2, Lists!$D$2, G81=Lists!$A$3, Lists!$D$3, G81=Lists!$A$4, Lists!$D$4, G81=Lists!$A$5, Lists!$D$5,G81=Lists!$A$6, Lists!$D$6, G81=Lists!$A$7, Lists!$D$7, G81=Lists!$A$8, Lists!$D$8, G81=Lists!$A$9, Lists!$D$9, G81=Lists!$A$10, Lists!$D$10, TRUE, \"\")","v":""}]
[64,null,null,null,null,null,null,{"$f":"_xlfn.IFS(G82=Lists!$A$2, Lists!$D$2, G82=Lists!$A$3, Lists!$D$3, G82=Lists!$A$4, Lists!$D$4, G82=Lists!$A$5, Lists!$D$5,G82=Lists!$A$6, Lists!$D$6, G82=Lists!$A$7, Lists!$D$7, G82=Lists!$A$8, Lists!$D$8, G82=Lists!$A$9, Lists!$D$9, G82=Lists!$A$10, Lists!$D$10, TRUE, \"\")","v":""}]
[65,null,null,null,null,null,null,{"$f":"_xlfn.IFS(G83=Lists!$A$2, Lists!$D$2, G83=Lists!$A$3, Lists!$D$3, G83=Lists!$A$4, Lists!$D$4, G83=Lists!$A$5, Lists!$D$5,G83=Lists!$A$6, Lists!$D$6, G83=Lists!$A$7, Lists!$D$7, G83=Lists!$A$8, Lists!$D$8, G83=Lists!$A$9, Lists!$D$9, G83=Lists!$A$10, Lists!$D$10, TRUE, \"\")","v":""}]
[66,null,null,null,null,null,null,{"$f":"_xlfn.IFS(G84=Lists!$A$2, Lists!$D$2, G84=Lists!$A$3, Lists!$D$3, G84=Lists!$A$4, Lists!$D$4, G84=Lists!$A$5, Lists!$D$5,G84=Lists!$A$6, Lists!$D$6, G84=Lists!$A$7, Lists!$D$7, G84=Lists!$A$8, Lists!$D$8, G84=Lists!$A$9, Lists!$D$9, G84=Lists!$A$10, Lists!$D$10, TRUE, \"\")","v":""}]
[67,null,null,null,null,null,null,{"$f":"_xlfn.IFS(G85=Lists!$A$2, Lists!$D$2, G85=Lists!$A$3, Lists!$D$3, G85=Lists!$A$4, Lists!$D$4, G85=Lists!$A$5, Lists!$D$5,G85=Lists!$A$6, Lists!$D$6, G85=Lists!$A$7, Lists!$D$7, G85=Lists!$A$8, Lists!$D$8, G85=Lists!$A$9, Lists!$D$9, G85=Lists!$A$10, Lists!$D$10, TRUE, \"\")","v":""}]
[68,null,null,null,null,null,null,{"$f":"_xlfn.IFS(G86=Lists!$A$2, Lists!$D$2, G86=Lists!$A$3, Lists!$D$3, G86=Lists!$A$4, Lists!$D$4, G86=Lists!$A$5, Lists!$D$5,G86=Lists!$A$6, Lists!$D$6, G86=Lists!$A$7, Lists!$D$7, G86=Lists!$A$8, Lists!$D$8, G86=Lists!$A$9, Lists!$D$9, G86=Lists!$A$10, Lists!$D$10, TRUE, \"\")","v":""}]
[69,null,null,null,null,null,null,{"$f":"_xlfn.IFS(G87=Lists!$A$2, Lists!$D$2, G87=Lists!$A$3, Lists!$D$3, G87=Lists!$A$4, Lists!$D$4, G87=Lists!$A$5, Lists!$D$5,G87=Lists!$A$6, Lists!$D$6, G87=Lists!$A$7, Lists!$D$7, G87=Lists!$A$8, Lists!$D$8, G87=Lists!$A$9, Lists!$D$9, G87=Lists!$A$10, Lists!$D$10, TRUE, \"\")","v":""}]
[70,null,null,null,null,null,null,{"$f":"_xlfn.IFS(G88=Lists!$A$2, Lists!$D$2, G88=Lists!$A$3, Lists!$D$3, G88=Lists!$A$4, Lists!$D$4, G88=Lists!$A$5, Lists!$D$5,G88=Lists!$A$6, Lists!$D$6, G88=Lists!$A$7, Lists!$D$7, G88=Lists!$A$8, Lists!$D$8, G88=Lists!$A$9, Lists!$D$9, G88=Lists!$A$10, Lists!$D$10, TRUE, \"\")","v":""}]
[71,null,null,null,null,null,null,{"$f":"_xlfn.IFS(G89=Lists!$A$2, Lists!$D$2, G89=Lists!$A$3, Lists!$D$3, G89=Lists!$A$4, Lists!$D$4, G89=Lists!$A$5, Lists!$D$5,G89=Lists!$A$6, Lists!$D$6, G89=Lists!$A$7, Lists!$D$7, G89=Lists!$A$8, Lists!$D$8, G89=Lists!$A$9, Lists!$D$9, G89=Lists!$A$10, Lists!$D$10, TRUE, \"\")","v":""}]
[72,null,null,null,null,null,null,{"$f":"_xlfn.IFS(G90=Lists!$A$2, Lists!$D$2, G90=Lists!$A$3, Lists!$D$3, G90=Lists!$A$4, Lists!$D$4, G90=Lists!$A$5, Lists!$D$5,G90=Lists!$A$6, Lists!$D$6, G90=Lists!$A$7, Lists!$D$7, G90=Lists!$A$8, Lists!$D$8, G90=Lists!$A$9, Lists!$D$9, G90=Lists!$A$10, Lists!$D$10, TRUE, \"\")","v":""}]
[73,null,null,null,null,null,null,{"$f":"_xlfn.IFS(G91=Lists!$A$2, Lists!$D$2, G91=Lists!$A$3, Lists!$D$3, G91=Lists!$A$4, Lists!$D$4, G91=Lists!$A$5, Lists!$D$5,G91=Lists!$A$6, Lists!$D$6, G91=Lists!$A$7, Lists!$D$7, G91=Lists!$A$8, Lists!$D$8, G91=Lists!$A$9, Lists!$D$9, G91=Lists!$A$10, Lists!$D$10, TRUE, \"\")","v":""}]
[74,null,null,null,null,null,null,{"$f":"_xlfn.IFS(G92=Lists!$A$2, Lists!$D$2, G92=Lists!$A$3, Lists!$D$3, G92=Lists!$A$4, Lists!$D$4, G92=Lists!$A$5, Lists!$D$5,G92=Lists!$A$6, Lists!$D$6, G92=Lists!$A$7, Lists!$D$7, G92=Lists!$A$8, Lists!$D$8, G92=Lists!$A$9, Lists!$D$9, G92=Lists!$A$10, Lists!$D$10, TRUE, \"\")","v":""}]
[75,null,null,null,null,null,null,{"$f":"_xlfn.IFS(G93=Lists!$A$2, Lists!$D$2, G93=Lists!$A$3, Lists!$D$3, G93=Lists!$A$4, Lists!$D$4, G93=Lists!$A$5, Lists!$D$5,G93=Lists!$A$6, Lists!$D$6, G93=Lists!$A$7, Lists!$D$7, G93=Lists!$A$8, Lists!$D$8, G93=Lists!$A$9, Lists!$D$9, G93=Lists!$A$10, Lists!$D$10, TRUE, \"\")","v":""}]
[76,null,null,null,null,null,null,{"$f":"_xlfn.IFS(G94=Lists!$A$2, Lists!$D$2, G94=Lists!$A$3, Lists!$D$3, G94=Lists!$A$4, Lists!$D$4, G94=Lists!$A$5, Lists!$D$5,G94=Lists!$A$6, Lists!$D$6, G94=Lists!$A$7, Lists!$D$7, G94=Lists!$A$8, Lists!$D$8, G94=Lists!$A$9, Lists!$D$9, G94=Lists!$A$10, Lists!$D$10, TRUE, \"\")","v":""}]
[77,null,null,null,null,null,null,{"$f":"_xlfn.IFS(G95=Lists!$A$2, Lists!$D$2, G95=Lists!$A$3, Lists!$D$3, G95=Lists!$A$4, Lists!$D$4, G95=Lists!$A$5, Lists!$D$5,G95=Lists!$A$6, Lists!$D$6, G95=Lists!$A$7, Lists!$D$7, G95=Lists!$A$8, Lists!$D$8, G95=Lists!$A$9, Lists!$D$9, G95=Lists!$A$10, Lists!$D$10, TRUE, \"\")","v":""}]
[78,null,null,null,null,null,null,{"$f":"_xlfn.IFS(G96=Lists!$A$2, Lists!$D$2, G96=Lists!$A$3, Lists!$D$3, G96=Lists!$A$4, Lists!$D$4, G96=Lists!$A$5, Lists!$D$5,G96=Lists!$A$6, Lists!$D$6, G96=Lists!$A$7, Lists!$D$7, G96=Lists!$A$8, Lists!$D$8, G96=Lists!$A$9, Lists!$D$9, G96=Lists!$A$10, Lists!$D$10, TRUE, \"\")","v":""}]
[79,null,null,null,null,null,null,{"$f":"_xlfn.IFS(G97=Lists!$A$2, Lists!$D$2, G97=Lists!$A$3, Lists!$D$3, G97=Lists!$A$4, Lists!$D$4, G97=Lists!$A$5, Lists!$D$5,G97=Lists!$A$6, Lists!$D$6, G97=Lists!$A$7, Lists!$D$7, G97=Lists!$A$8, Lists!$D$8, G97=Lists!$A$9, Lists!$D$9, G97=Lists!$A$10, Lists!$D$10, TRUE, \"\")","v":""}]
[80,null,null,null,null,null,null,{"$f":"_xlfn.IFS(G98=Lists!$A$2, Lists!$D$2, G98=Lists!$A$3, Lists!$D$3, G98=Lists!$A$4, Lists!$D$4, G98=Lists!$A$5, Lists!$D$5,G98=Lists!$A$6, Lists!$D$6, G98=Lists!$A$7, Lists!$D$7, G98=Lists!$A$8, Lists!$D$8, G98=Lists!$A$9, Lists!$D$9, G98=Lists!$A$10, Lists!$D$10, TRUE, \"\")","v":""}]
[81,null,null,null,null,null,null,{"$f":"_xlfn.IFS(G99=Lists!$A$2, Lists!$D$2, G99=Lists!$A$3, Lists!$D$3, G99=Lists!$A$4, Lists!$D$4, G99=Lists!$A$5, Lists!$D$5,G99=Lists!$A$6, Lists!$D$6, G99=Lists!$A$7, Lists!$D$7, G99=Lists!$A$8, Lists!$D$8, G99=Lists!$A$9, Lists!$D$9, G99=Lists!$A$10, Lists!$D$10, TRUE, \"\")","v":""}]
[82,null,null,null,null,null,null,{"$f":"_xlfn.IFS(G100=Lists!$A$2, Lists!$D$2, G100=Lists!$A$3, Lists!$D$3, G100=Lists!$A$4, Lists!$D$4, G100=Lists!$A$5, Lists!$D$5,G100=Lists!$A$6, Lists!$D$6, G100=Lists!$A$7, Lists!$D$7, G100=Lists!$A$8, Lists!$D$8, G100=Lists!$A$9, Lists!$D$9, G100=Lists!$A$10, Lists!$D$10, TRUE, \"\")","v":""}]
[83,null,null,null,null,null,null,{"$f":"_xlfn.IFS(G101=Lists!$A$2, Lists!$D$2, G101=Lists!$A$3, Lists!$D$3, G101=Lists!$A$4, Lists!$D$4, G101=Lists!$A$5, Lists!$D$5,G101=Lists!$A$6, Lists!$D$6, G101=Lists!$A$7, Lists!$D$7, G101=Lists!$A$8, Lists!$D$8, G101=Lists!$A$9, Lists!$D$9, G101=Lists!$A$10, Lists!$D$10, TRUE, \"\")","v":""}]
[84,null,null,null,null,null,null,{"$f":"_xlfn.IFS(G102=Lists!$A$2, Lists!$D$2, G102=Lists!$A$3, Lists!$D$3, G102=Lists!$A$4, Lists!$D$4, G102=Lists!$A$5, Lists!$D$5,G102=Lists!$A$6, Lists!$D$6, G102=Lists!$A$7, Lists!$D$7, G102=Lists!$A$8, Lists!$D$8, G102=Lists!$A$9, Lists!$D$9, G102=Lists!$A$10, Lists!$D$10, TRUE, \"\")","v":""}]
[85,null,null,null,null,null,null,{"$f":"_xlfn.IFS(G103=Lists!$A$2, Lists!$D$2, G103=Lists!$A$3, Lists!$D$3, G103=Lists!$A$4, Lists!$D$4, G103=Lists!$A$5, Lists!$D$5,G103=Lists!$A$6, Lists!$D$6, G103=Lists!$A$7, Lists!$D$7, G103=Lists!$A$8, Lists!$D$8, G103=Lists!$A$9, Lists!$D$9, G103=Lists!$A$10, Lists!$D$10, TRUE, \"\")","v":""}]
[86,null,null,null,null,null,null,{"$f":"_xlfn.IFS(G104=Lists!$A$2, Lists!$D$2, G104=Lists!$A$3, Lists!$D$3, G104=Lists!$A$4, Lists!$D$4, G104=Lists!$A$5, Lists!$D$5,G104=Lists!$A$6, Lists!$D$6, G104=Lists!$A$7, Lists!$D$7, G104=Lists!$A$8, Lists!$D$8, G104=Lists!$A$9, Lists!$D$9, G104=Lists!$A$10, Lists!$D$10, TRUE, \"\")","v":""}]
[87,null,null,null,null,null,null,{"$f":"_xlfn.IFS(G105=Lists!$A$2, Lists!$D$2, G105=Lists!$A$3, Lists!$D$3, G105=Lists!$A$4, Lists!$D$4, G105=Lists!$A$5, Lists!$D$5,G105=Lists!$A$6, Lists!$D$6, G105=Lists!$A$7, Lists!$D$7, G105=Lists!$A$8, Lists!$D$8, G105=Lists!$A$9, Lists!$D$9, G105=Lists!$A$10, Lists!$D$10, TRUE, \"\")","v":""}]
[88,null,null,null,null,null,null,{"$f":"_xlfn.IFS(G106=Lists!$A$2, Lists!$D$2, G106=Lists!$A$3, Lists!$D$3, G106=Lists!$A$4, Lists!$D$4, G106=Lists!$A$5, Lists!$D$5,G106=Lists!$A$6, Lists!$D$6, G106=Lists!$A$7, Lists!$D$7, G106=Lists!$A$8, Lists!$D$8, G106=Lists!$A$9, Lists!$D$9, G106=Lists!$A$10, Lists!$D$10, TRUE, \"\")","v":""}]
[89,null,null,null,null,null,null,{"$f":"_xlfn.IFS(G107=Lists!$A$2, Lists!$D$2, G107=Lists!$A$3, Lists!$D$3, G107=Lists!$A$4, Lists!$D$4, G107=Lists!$A$5, Lists!$D$5,G107=Lists!$A$6, Lists!$D$6, G107=Lists!$A$7, Lists!$D$7, G107=Lists!$A$8, Lists!$D$8, G107=Lists!$A$9, Lists!$D$9, G107=Lists!$A$10, Lists!$D$10, TRUE, \"\")","v":""}]
[90,null,null,null,null,null,null,{"$f":"_xlfn.IFS(G108=Lists!$A$2, Lists!$D$2, G108=Lists!$A$3, Lists!$D$3, G108=Lists!$A$4, Lists!$D$4, G108=Lists!$A$5, Lists!$D$5,G108=Lists!$A$6, Lists!$D$6, G108=Lists!$A$7, Lists!$D$7, G108=Lists!$A$8, Lists!$D$8, G108=Lists!$A$9, Lists!$D$9, G108=Lists!$A$10, Lists!$D$10, TRUE, \"\")","v":""}]
[91,null,null,null,null,null,null,{"$f":"_xlfn.IFS(G109=Lists!$A$2, Lists!$D$2, G109=Lists!$A$3, Lists!$D$3, G109=Lists!$A$4, Lists!$D$4, G109=Lists!$A$5, Lists!$D$5,G109=Lists!$A$6, Lists!$D$6, G109=Lists!$A$7, Lists!$D$7, G109=Lists!$A$8, Lists!$D$8, G109=Lists!$A$9, Lists!$D$9, G109=Lists!$A$10, Lists!$D$10, TRUE, \"\")","v":""}]
[92,null,null,null,null,null,null,{"$f":"_xlfn.IFS(G110=Lists!$A$2, Lists!$D$2, G110=Lists!$A$3, Lists!$D$3, G110=Lists!$A$4, Lists!$D$4, G110=Lists!$A$5, Lists!$D$5,G110=Lists!$A$6, Lists!$D$6, G110=Lists!$A$7, Lists!$D$7, G110=Lists!$A$8, Lists!$D$8, G110=Lists!$A$9, Lists!$D$9, G110=Lists!$A$10, Lists!$D$10, TRUE, \"\")","v":""}]
[93,null,null,null,null,null,null,{"$f":"_xlfn.IFS(G111=Lists!$A$2, Lists!$D$2, G111=Lists!$A$3, Lists!$D$3, G111=Lists!$A$4, Lists!$D$4, G111=Lists!$A$5, Lists!$D$5,G111=Lists!$A$6, Lists!$D$6, G111=Lists!$A$7, Lists!$D$7, G111=Lists!$A$8, Lists!$D$8, G111=Lists!$A$9, Lists!$D$9, G111=Lists!$A$10, Lists!$D$10, TRUE, \"\")","v":""}]
[94,null,null,null,null,null,null,{"$f":"_xlfn.IFS(G112=Lists!$A$2, Lists!$D$2, G112=Lists!$A$3, Lists!$D$3, G112=Lists!$A$4, Lists!$D$4, G112=Lists!$A$5, Lists!$D$5,G112=Lists!$A$6, Lists!$D$6, G112=Lists!$A$7, Lists!$D$7, G112=Lists!$A$8, Lists!$D$8, G112=Lists!$A$9, Lists!$D$9, G112=Lists!$A$10, Lists!$D$10, TRUE, \"\")","v":""}]
[95,null,null,null,null,null,null,{"$f":"_xlfn.IFS(G113=Lists!$A$2, Lists!$D$2, G113=Lists!$A$3, Lists!$D$3, G113=Lists!$A$4, Lists!$D$4, G113=Lists!$A$5, Lists!$D$5,G113=Lists!$A$6, Lists!$D$6, G113=Lists!$A$7, Lists!$D$7, G113=Lists!$A$8, Lists!$D$8, G113=Lists!$A$9, Lists!$D$9, G113=Lists!$A$10, Lists!$D$10, TRUE, \"\")","v":""}]
[96,null,null,null,null,null,null,{"$f":"_xlfn.IFS(G114=Lists!$A$2, Lists!$D$2, G114=Lists!$A$3, Lists!$D$3, G114=Lists!$A$4, Lists!$D$4, G114=Lists!$A$5, Lists!$D$5,G114=Lists!$A$6, Lists!$D$6, G114=Lists!$A$7, Lists!$D$7, G114=Lists!$A$8, Lists!$D$8, G114=Lists!$A$9, Lists!$D$9, G114=Lists!$A$10, Lists!$D$10, TRUE, \"\")","v":""}]
[97,null,null,null,null,null,null,{"$f":"_xlfn.IFS(G115=Lists!$A$2, Lists!$D$2, G115=Lists!$A$3, Lists!$D$3, G115=Lists!$A$4, Lists!$D$4, G115=Lists!$A$5, Lists!$D$5,G115=Lists!$A$6, Lists!$D$6, G115=Lists!$A$7, Lists!$D$7, G115=Lists!$A$8, Lists!$D$8, G115=Lists!$A$9, Lists!$D$9, G115=Lists!$A$10, Lists!$D$10, TRUE, \"\")","v":""}]
[98,null,null,null,null,null,null,{"$f":"_xlfn.IFS(G116=Lists!$A$2, Lists!$D$2, G116=Lists!$A$3, Lists!$D$3, G116=Lists!$A$4, Lists!$D$4, G116=Lists!$A$5, Lists!$D$5,G116=Lists!$A$6, Lists!$D$6, G116=Lists!$A$7, Lists!$D$7, G116=Lists!$A$8, Lists!$D$8, G116=Lists!$A$9, Lists!$D$9, G116=Lists!$A$10, Lists!$D$10, TRUE, \"\")","v":""}]
[99,null,null,null,null,null,null,{"$f":"_xlfn.IFS(G117=Lists!$A$2, Lists!$D$2, G117=Lists!$A$3, Lists!$D$3, G117=Lists!$A$4, Lists!$D$4, G117=Lists!$A$5, Lists!$D$5,G117=Lists!$A$6, Lists!$D$6, G117=Lists!$A$7, Lists!$D$7, G117=Lists!$A$8, Lists!$D$8, G117=Lists!$A$9, Lists!$D$9, G117=Lists!$A$10, Lists!$D$10, TRUE, \"\")","v":""}]
[100,null,null,null,null,null,null,{"$f":"_xlfn.IFS(G118=Lists!$A$2, Lists!$D$2, G118=Lists!$A$3, Lists!$D$3, G118=Lists!$A$4, Lists!$D$4, G118=Lists!$A$5, Lists!$D$5,G118=Lists!$A$6, Lists!$D$6, G118=Lists!$A$7, Lists!$D$7, G118=Lists!$A$8, Lists!$D$8, G118=Lists!$A$9, Lists!$D$9, G118=Lists!$A$10, Lists!$D$10, TRUE, \"\")","v":""}]
[101,null,null,null,null,null,null,{"$f":"_xlfn.IFS(G119=Lists!$A$2, Lists!$D$2, G119=Lists!$A$3, Lists!$D$3, G119=Lists!$A$4, Lists!$D$4, G119=Lists!$A$5, Lists!$D$5,G119=Lists!$A$6, Lists!$D$6, G119=Lists!$A$7, Lists!$D$7, G119=Lists!$A$8, Lists!$D$8, G119=Lists!$A$9, Lists!$D$9, G119=Lists!$A$10, Lists!$D$10, TRUE, \"\")","v":""}]
[102,null,null,null,null,null,null,{"$f":"_xlfn.IFS(G120=Lists!$A$2, Lists!$D$2, G120=Lists!$A$3, Lists!$D$3, G120=Lists!$A$4, Lists!$D$4, G120=Lists!$A$5, Lists!$D$5,G120=Lists!$A$6, Lists!$D$6, G120=Lists!$A$7, Lists!$D$7, G120=Lists!$A$8, Lists!$D$8, G120=Lists!$A$9, Lists!$D$9, G120=Lists!$A$10, Lists!$D$10, TRUE, \"\")","v":""}]
[103,null,null,null,null,null,null,{"$f":"_xlfn.IFS(G121=Lists!$A$2, Lists!$D$2, G121=Lists!$A$3, Lists!$D$3, G121=Lists!$A$4, Lists!$D$4, G121=Lists!$A$5, Lists!$D$5,G121=Lists!$A$6, Lists!$D$6, G121=Lists!$A$7, Lists!$D$7, G121=Lists!$A$8, Lists!$D$8, G121=Lists!$A$9, Lists!$D$9, G121=Lists!$A$10, Lists!$D$10, TRUE, \"\")","v":""}]
[104,null,null,null,null,null,null,{"$f":"_xlfn.IFS(G122=Lists!$A$2, Lists!$D$2, G122=Lists!$A$3, Lists!$D$3, G122=Lists!$A$4, Lists!$D$4, G122=Lists!$A$5, Lists!$D$5,G122=Lists!$A$6, Lists!$D$6, G122=Lists!$A$7, Lists!$D$7, G122=Lists!$A$8, Lists!$D$8, G122=Lists!$A$9, Lists!$D$9, G122=Lists!$A$10, Lists!$D$10, TRUE, \"\")","v":""}]
[105,null,null,null,null,null,null,{"$f":"_xlfn.IFS(G123=Lists!$A$2, Lists!$D$2, G123=Lists!$A$3, Lists!$D$3, G123=Lists!$A$4, Lists!$D$4, G123=Lists!$A$5, Lists!$D$5,G123=Lists!$A$6, Lists!$D$6, G123=Lists!$A$7, Lists!$D$7, G123=Lists!$A$8, Lists!$D$8, G123=Lists!$A$9, Lists!$D$9, G123=Lists!$A$10, Lists!$D$10, TRUE, \"\")","v":""}]
[106,null,null,null,null,null,null,{"$f":"_xlfn.IFS(G124=Lists!$A$2, Lists!$D$2, G124=Lists!$A$3, Lists!$D$3, G124=Lists!$A$4, Lists!$D$4, G124=Lists!$A$5, Lists!$D$5,G124=Lists!$A$6, Lists!$D$6, G124=Lists!$A$7, Lists!$D$7, G124=Lists!$A$8, Lists!$D$8, G124=Lists!$A$9, Lists!$D$9, G124=Lists!$A$10, Lists!$D$10, TRUE, \"\")","v":""}]
[107,null,null,null,null,null,null,{"$f":"_xlfn.IFS(G125=Lists!$A$2, Lists!$D$2, G125=Lists!$A$3, Lists!$D$3, G125=Lists!$A$4, Lists!$D$4, G125=Lists!$A$5, Lists!$D$5,G125=Lists!$A$6, Lists!$D$6, G125=Lists!$A$7, Lists!$D$7, G125=Lists!$A$8, Lists!$D$8, G125=Lists!$A$9, Lists!$D$9, G125=Lists!$A$10, Lists!$D$10, TRUE, \"\")","v":""}]
[108,null,null,null,null,null,null,{"$f":"_xlfn.IFS(G126=Lists!$A$2, Lists!$D$2, G126=Lists!$A$3, Lists!$D$3, G126=Lists!$A$4, Lists!$D$4, G126=Lists!$A$5, Lists!$D$5,G126=Lists!$A$6, Lists!$D$6, G126=Lists!$A$7, Lists!$D$7, G126=Lists!$A$8, Lists!$D$8, G126=Lists!$A$9, Lists!$D$9, G126=Lists!$A$10, Lists!$D$10, TRUE, \"\")","v":""}]
[109,null,null,null,null,null,null,{"$f":"_xlfn.IFS(G127=Lists!$A$2, Lists!$D$2, G127=Lists!$A$3, Lists!$D$3, G127=Lists!$A$4, Lists!$D$4, G127=Lists!$A$5, Lists!$D$5,G127=Lists!$A$6, Lists!$D$6, G127=Lists!$A$7, Lists!$D$7, G127=Lists!$A$8, Lists!$D$8, G127=Lists!$A$9, Lists!$D$9, G127=Lists!$A$10, Lists!$D$10, TRUE, \"\")","v":""}]
[110,null,null,null,null,null,null,{"$f":"_xlfn.IFS(G128=Lists!$A$2, Lists!$D$2, G128=Lists!$A$3, Lists!$D$3, G128=Lists!$A$4, Lists!$D$4, G128=Lists!$A$5, Lists!$D$5,G128=Lists!$A$6, Lists!$D$6, G128=Lists!$A$7, Lists!$D$7, G128=Lists!$A$8, Lists!$D$8, G128=Lists!$A$9, Lists!$D$9, G128=Lists!$A$10, Lists!$D$10, TRUE, \"\")","v":""}]
[111,null,null,null,null,null,null,{"$f":"_xlfn.IFS(G129=Lists!$A$2, Lists!$D$2, G129=Lists!$A$3, Lists!$D$3, G129=Lists!$A$4, Lists!$D$4, G129=Lists!$A$5, Lists!$D$5,G129=Lists!$A$6, Lists!$D$6, G129=Lists!$A$7, Lists!$D$7, G129=Lists!$A$8, Lists!$D$8, G129=Lists!$A$9, Lists!$D$9, G129=Lists!$A$10, Lists!$D$10, TRUE, \"\")","v":""}]
[112,null,null,null,null,null,null,{"$f":"_xlfn.IFS(G130=Lists!$A$2, Lists!$D$2, G130=Lists!$A$3, Lists!$D$3, G130=Lists!$A$4, Lists!$D$4, G130=Lists!$A$5, Lists!$D$5,G130=Lists!$A$6, Lists!$D$6, G130=Lists!$A$7, Lists!$D$7, G130=Lists!$A$8, Lists!$D$8, G130=Lists!$A$9, Lists!$D$9, G130=Lists!$A$10, Lists!$D$10, TRUE, \"\")","v":""}]
[113,null,null,null,null,null,null,{"$f":"_xlfn.IFS(G131=Lists!$A$2, Lists!$D$2, G131=Lists!$A$3, Lists!$D$3, G131=Lists!$A$4, Lists!$D$4, G131=Lists!$A$5, Lists!$D$5,G131=Lists!$A$6, Lists!$D$6, G131=Lists!$A$7, Lists!$D$7, G131=Lists!$A$8, Lists!$D$8, G131=Lists!$A$9, Lists!$D$9, G131=Lists!$A$10, Lists!$D$10, TRUE, \"\")","v":""}]
[114,null,null,null,null,null,null,{"$f":"_xlfn.IFS(G132=Lists!$A$2, Lists!$D$2, G132=Lists!$A$3, Lists!$D$3, G132=Lists!$A$4, Lists!$D$4, G132=Lists!$A$5, Lists!$D$5,G132=Lists!$A$6, Lists!$D$6, G132=Lists!$A$7, Lists!$D$7, G132=Lists!$A$8, Lists!$D$8, G132=Lists!$A$9, Lists!$D$9, G132=Lists!$A$10, Lists!$D$10, TRUE, \"\")","v":""}]
[115,null,null,null,null,null,null,{"$f":"_xlfn.IFS(G133=Lists!$A$2, Lists!$D$2, G133=Lists!$A$3, Lists!$D$3, G133=Lists!$A$4, Lists!$D$4, G133=Lists!$A$5, Lists!$D$5,G133=Lists!$A$6, Lists!$D$6, G133=Lists!$A$7, Lists!$D$7, G133=Lists!$A$8, Lists!$D$8, G133=Lists!$A$9, Lists!$D$9, G133=Lists!$A$10, Lists!$D$10, TRUE, \"\")","v":""}]
[116,null,null,null,null,null,null,{"$f":"_xlfn.IFS(G134=Lists!$A$2, Lists!$D$2, G134=Lists!$A$3, Lists!$D$3, G134=Lists!$A$4, Lists!$D$4, G134=Lists!$A$5, Lists!$D$5,G134=Lists!$A$6, Lists!$D$6, G134=Lists!$A$7, Lists!$D$7, G134=Lists!$A$8, Lists!$D$8, G134=Lists!$A$9, Lists!$D$9, G134=Lists!$A$10, Lists!$D$10, TRUE, \"\")","v":""}]
[117,null,null,null,null,null,null,{"$f":"_xlfn.IFS(G135=Lists!$A$2, Lists!$D$2, G135=Lists!$A$3, Lists!$D$3, G135=Lists!$A$4, Lists!$D$4, G135=Lists!$A$5, Lists!$D$5,G135=Lists!$A$6, Lists!$D$6, G135=Lists!$A$7, Lists!$D$7, G135=Lists!$A$8, Lists!$D$8, G135=Lists!$A$9, Lists!$D$9, G135=Lists!$A$10, Lists!$D$10, TRUE, \"\")","v":""}]
[118,null,null,null,null,null,null,{"$f":"_xlfn.IFS(G136=Lists!$A$2, Lists!$D$2, G136=Lists!$A$3, Lists!$D$3, G136=Lists!$A$4, Lists!$D$4, G136=Lists!$A$5, Lists!$D$5,G136=Lists!$A$6, Lists!$D$6, G136=Lists!$A$7, Lists!$D$7, G136=Lists!$A$8, Lists!$D$8, G136=Lists!$A$9, Lists!$D$9, G136=Lists!$A$10, Lists!$D$10, TRUE, \"\")","v":""}]
[119,null,null,null,null,null,null,{"$f":"_xlfn.IFS(G137=Lists!$A$2, Lists!$D$2, G137=Lists!$A$3, Lists!$D$3, G137=Lists!$A$4, Lists!$D$4, G137=Lists!$A$5, Lists!$D$5,G137=Lists!$A$6, Lists!$D$6, G137=Lists!$A$7, Lists!$D$7, G137=Lists!$A$8, Lists!$D$8, G137=Lists!$A$9, Lists!$D$9, G137=Lists!$A$10, Lists!$D$10, TRUE, \"\")","v":""}]
[120,null,null,null,null,null,null,{"$f":"_xlfn.IFS(G138=Lists!$A$2, Lists!$D$2, G138=Lists!$A$3, Lists!$D$3, G138=Lists!$A$4, Lists!$D$4, G138=Lists!$A$5, Lists!$D$5,G138=Lists!$A$6, Lists!$D$6, G138=Lists!$A$7, Lists!$D$7, G138=Lists!$A$8, Lists!$D$8, G138=Lists!$A$9, Lists!$D$9, G138=Lists!$A$10, Lists!$D$10, TRUE, \"\")","v":""}]
[121,null,null,null,null,null,null,{"$f":"_xlfn.IFS(G139=Lists!$A$2, Lists!$D$2, G139=Lists!$A$3, Lists!$D$3, G139=Lists!$A$4, Lists!$D$4, G139=Lists!$A$5, Lists!$D$5,G139=Lists!$A$6, Lists!$D$6, G139=Lists!$A$7, Lists!$D$7, G139=Lists!$A$8, Lists!$D$8, G139=Lists!$A$9, Lists!$D$9, G139=Lists!$A$10, Lists!$D$10, TRUE, \"\")","v":""}]
[122,null,null,null,null,null,null,{"$f":"_xlfn.IFS(G140=Lists!$A$2, Lists!$D$2, G140=Lists!$A$3, Lists!$D$3, G140=Lists!$A$4, Lists!$D$4, G140=Lists!$A$5, Lists!$D$5,G140=Lists!$A$6, Lists!$D$6, G140=Lists!$A$7, Lists!$D$7, G140=Lists!$A$8, Lists!$D$8, G140=Lists!$A$9, Lists!$D$9, G140=Lists!$A$10, Lists!$D$10, TRUE, \"\")","v":""}]
[123,null,null,null,null,null,null,{"$f":"_xlfn.IFS(G141=Lists!$A$2, Lists!$D$2, G141=Lists!$A$3, Lists!$D$3, G141=Lists!$A$4, Lists!$D$4, G141=Lists!$A$5, Lists!$D$5,G141=Lists!$A$6, Lists!$D$6, G141=Lists!$A$7, Lists!$D$7, G141=Lists!$A$8, Lists!$D$8, G141=Lists!$A$9, Lists!$D$9, G141=Lists!$A$10, Lists!$D$10, TRUE, \"\")","v":""}]
[124,null,null,null,null,null,null,{"$f":"_xlfn.IFS(G142=Lists!$A$2, Lists!$D$2, G142=Lists!$A$3, Lists!$D$3, G142=Lists!$A$4, Lists!$D$4, G142=Lists!$A$5, Lists!$D$5,G142=Lists!$A$6, Lists!$D$6, G142=Lists!$A$7, Lists!$D$7, G142=Lists!$A$8, Lists!$D$8, G142=Lists!$A$9, Lists!$D$9, G142=Lists!$A$10, Lists!$D$10, TRUE, \"\")","v":""}]
[125,null,null,null,null,null,null,{"$f":"_xlfn.IFS(G143=Lists!$A$2, Lists!$D$2, G143=Lists!$A$3, Lists!$D$3, G143=Lists!$A$4, Lists!$D$4, G143=Lists!$A$5, Lists!$D$5,G143=Lists!$A$6, Lists!$D$6, G143=Lists!$A$7, Lists!$D$7, G143=Lists!$A$8, Lists!$D$8, G143=Lists!$A$9, Lists!$D$9, G143=Lists!$A$10, Lists!$D$10, TRUE, \"\")","v":""}]
[126,null,null,null,null,null,null,{"$f":"_xlfn.IFS(G144=Lists!$A$2, Lists!$D$2, G144=Lists!$A$3, Lists!$D$3, G144=Lists!$A$4, Lists!$D$4, G144=Lists!$A$5, Lists!$D$5,G144=Lists!$A$6, Lists!$D$6, G144=Lists!$A$7, Lists!$D$7, G144=Lists!$A$8, Lists!$D$8, G144=Lists!$A$9, Lists!$D$9, G144=Lists!$A$10, Lists!$D$10, TRUE, \"\")","v":""}]
[127,null,null,null,null,null,null,{"$f":"_xlfn.IFS(G145=Lists!$A$2, Lists!$D$2, G145=Lists!$A$3, Lists!$D$3, G145=Lists!$A$4, Lists!$D$4, G145=Lists!$A$5, Lists!$D$5,G145=Lists!$A$6, Lists!$D$6, G145=Lists!$A$7, Lists!$D$7, G145=Lists!$A$8, Lists!$D$8, G145=Lists!$A$9, Lists!$D$9, G145=Lists!$A$10, Lists!$D$10, TRUE, \"\")","v":""}]
[128,null,null,null,null,null,null,{"$f":"_xlfn.IFS(G146=Lists!$A$2, Lists!$D$2, G146=Lists!$A$3, Lists!$D$3, G146=Lists!$A$4, Lists!$D$4, G146=Lists!$A$5, Lists!$D$5,G146=Lists!$A$6, Lists!$D$6, G146=Lists!$A$7, Lists!$D$7, G146=Lists!$A$8, Lists!$D$8, G146=Lists!$A$9, Lists!$D$9, G146=Lists!$A$10, Lists!$D$10, TRUE, \"\")","v":""}]
[129,null,null,null,null,null,null,{"$f":"_xlfn.IFS(G147=Lists!$A$2, Lists!$D$2, G147=Lists!$A$3, Lists!$D$3, G147=Lists!$A$4, Lists!$D$4, G147=Lists!$A$5, Lists!$D$5,G147=Lists!$A$6, Lists!$D$6, G147=Lists!$A$7, Lists!$D$7, G147=Lists!$A$8, Lists!$D$8, G147=Lists!$A$9, Lists!$D$9, G147=Lists!$A$10, Lists!$D$10, TRUE, \"\")","v":""}]
[130,null,null,null,null,null,null,{"$f":"_xlfn.IFS(G148=Lists!$A$2, Lists!$D$2, G148=Lists!$A$3, Lists!$D$3, G148=Lists!$A$4, Lists!$D$4, G148=Lists!$A$5, Lists!$D$5,G148=Lists!$A$6, Lists!$D$6, G148=Lists!$A$7, Lists!$D$7, G148=Lists!$A$8, Lists!$D$8, G148=Lists!$A$9, Lists!$D$9, G148=Lists!$A$10, Lists!$D$10, TRUE, \"\")","v":""}]
[131,null,null,null,null,null,null,{"$f":"_xlfn.IFS(G149=Lists!$A$2, Lists!$D$2, G149=Lists!$A$3, Lists!$D$3, G149=Lists!$A$4, Lists!$D$4, G149=Lists!$A$5, Lists!$D$5,G149=Lists!$A$6, Lists!$D$6, G149=Lists!$A$7, Lists!$D$7, G149=Lists!$A$8, Lists!$D$8, G149=Lists!$A$9, Lists!$D$9, G149=Lists!$A$10, Lists!$D$10, TRUE, \"\")","v":""}]
[132,null,null,null,null,null,null,{"$f":"_xlfn.IFS(G150=Lists!$A$2, Lists!$D$2, G150=Lists!$A$3, Lists!$D$3, G150=Lists!$A$4, Lists!$D$4, G150=Lists!$A$5, Lists!$D$5,G150=Lists!$A$6, Lists!$D$6, G150=Lists!$A$7, Lists!$D$7, G150=Lists!$A$8, Lists!$D$8, G150=Lists!$A$9, Lists!$D$9, G150=Lists!$A$10, Lists!$D$10, TRUE, \"\")","v":""}]
[133,null,null,null,null,null,null,{"$f":"_xlfn.IFS(G151=Lists!$A$2, Lists!$D$2, G151=Lists!$A$3, Lists!$D$3, G151=Lists!$A$4, Lists!$D$4, G151=Lists!$A$5, Lists!$D$5,G151=Lists!$A$6, Lists!$D$6, G151=Lists!$A$7, Lists!$D$7, G151=Lists!$A$8, Lists!$D$8, G151=Lists!$A$9, Lists!$D$9, G151=Lists!$A$10, Lists!$D$10, TRUE, \"\")","v":""}]
[134,null,null,null,null,null,null,{"$f":"_xlfn.IFS(G152=Lists!$A$2, Lists!$D$2, G152=Lists!$A$3, Lists!$D$3, G152=Lists!$A$4, Lists!$D$4, G152=Lists!$A$5, Lists!$D$5,G152=Lists!$A$6, Lists!$D$6, G152=Lists!$A$7, Lists!$D$7, G152=Lists!$A$8, Lists!$D$8, G152=Lists!$A$9, Lists!$D$9, G152=Lists!$A$10, Lists!$D$10, TRUE, \"\")","v":""}]
[135,null,null,null,null,null,null,{"$f":"_xlfn.IFS(G153=Lists!$A$2, Lists!$D$2, G153=Lists!$A$3, Lists!$D$3, G153=Lists!$A$4, Lists!$D$4, G153=Lists!$A$5, Lists!$D$5,G153=Lists!$A$6, Lists!$D$6, G153=Lists!$A$7, Lists!$D$7, G153=Lists!$A$8, Lists!$D$8, G153=Lists!$A$9, Lists!$D$9, G153=Lists!$A$10, Lists!$D$10, TRUE, \"\")","v":""}]
[136,null,null,null,null,null,null,{"$f":"_xlfn.IFS(G154=Lists!$A$2, Lists!$D$2, G154=Lists!$A$3, Lists!$D$3, G154=Lists!$A$4, Lists!$D$4, G154=Lists!$A$5, Lists!$D$5,G154=Lists!$A$6, Lists!$D$6, G154=Lists!$A$7, Lists!$D$7, G154=Lists!$A$8, Lists!$D$8, G154=Lists!$A$9, Lists!$D$9, G154=Lists!$A$10, Lists!$D$10, TRUE, \"\")","v":""}]
[137,null,null,null,null,null,null,{"$f":"_xlfn.IFS(G155=Lists!$A$2, Lists!$D$2, G155=Lists!$A$3, Lists!$D$3, G155=Lists!$A$4, Lists!$D$4, G155=Lists!$A$5, Lists!$D$5,G155=Lists!$A$6, Lists!$D$6, G155=Lists!$A$7, Lists!$D$7, G155=Lists!$A$8, Lists!$D$8, G155=Lists!$A$9, Lists!$D$9, G155=Lists!$A$10, Lists!$D$10, TRUE, \"\")","v":""}]
[138,null,null,null,null,null,null,{"$f":"_xlfn.IFS(G156=Lists!$A$2, Lists!$D$2, G156=Lists!$A$3, Lists!$D$3, G156=Lists!$A$4, Lists!$D$4, G156=Lists!$A$5, Lists!$D$5,G156=Lists!$A$6, Lists!$D$6, G156=Lists!$A$7, Lists!$D$7, G156=Lists!$A$8, Lists!$D$8, G156=Lists!$A$9, Lists!$D$9, G156=Lists!$A$10, Lists!$D$10, TRUE, \"\")","v":""}]
[139,null,null,null,null,null,null,{"$f":"_xlfn.IFS(G157=Lists!$A$2, Lists!$D$2, G157=Lists!$A$3, Lists!$D$3, G157=Lists!$A$4, Lists!$D$4, G157=Lists!$A$5, Lists!$D$5,G157=Lists!$A$6, Lists!$D$6, G157=Lists!$A$7, Lists!$D$7, G157=Lists!$A$8, Lists!$D$8, G157=Lists!$A$9, Lists!$D$9, G157=Lists!$A$10, Lists!$D$10, TRUE, \"\")","v":""}]
[140,null,null,null,null,null,null,{"$f":"_xlfn.IFS(G158=Lists!$A$2, Lists!$D$2, G158=Lists!$A$3, Lists!$D$3, G158=Lists!$A$4, Lists!$D$4, G158=Lists!$A$5, Lists!$D$5,G158=Lists!$A$6, Lists!$D$6, G158=Lists!$A$7, Lists!$D$7, G158=Lists!$A$8, Lists!$D$8, G158=Lists!$A$9, Lists!$D$9, G158=Lists!$A$10, Lists!$D$10, TRUE, \"\")","v":""}]
[141,null,null,null,null,null,null,{"$f":"_xlfn.IFS(G159=Lists!$A$2, Lists!$D$2, G159=Lists!$A$3, Lists!$D$3, G159=Lists!$A$4, Lists!$D$4, G159=Lists!$A$5, Lists!$D$5,G159=Lists!$A$6, Lists!$D$6, G159=Lists!$A$7, Lists!$D$7, G159=Lists!$A$8, Lists!$D$8, G159=Lists!$A$9, Lists!$D$9, G159=Lists!$A$10, Lists!$D$10, TRUE, \"\")","v":""}]
[142,null,null,null,null,null,null,{"$f":"_xlfn.IFS(G160=Lists!$A$2, Lists!$D$2, G160=Lists!$A$3, Lists!$D$3, G160=Lists!$A$4, Lists!$D$4, G160=Lists!$A$5, Lists!$D$5,G160=Lists!$A$6, Lists!$D$6, G160=Lists!$A$7, Lists!$D$7, G160=Lists!$A$8, Lists!$D$8, G160=Lists!$A$9, Lists!$D$9, G160=Lists!$A$10, Lists!$D$10, TRUE, \"\")","v":""}]
[143,null,null,null,null,null,null,{"$f":"_xlfn.IFS(G161=Lists!$A$2, Lists!$D$2, G161=Lists!$A$3, Lists!$D$3, G161=Lists!$A$4, Lists!$D$4, G161=Lists!$A$5, Lists!$D$5,G161=Lists!$A$6, Lists!$D$6, G161=Lists!$A$7, Lists!$D$7, G161=Lists!$A$8, Lists!$D$8, G161=Lists!$A$9, Lists!$D$9, G161=Lists!$A$10, Lists!$D$10, TRUE, \"\")","v":""}]
[144,null,null,null,null,null,null,{"$f":"_xlfn.IFS(G162=Lists!$A$2, Lists!$D$2, G162=Lists!$A$3, Lists!$D$3, G162=Lists!$A$4, Lists!$D$4, G162=Lists!$A$5, Lists!$D$5,G162=Lists!$A$6, Lists!$D$6, G162=Lists!$A$7, Lists!$D$7, G162=Lists!$A$8, Lists!$D$8, G162=Lists!$A$9, Lists!$D$9, G162=Lists!$A$10, Lists!$D$10, TRUE, \"\")","v":""}]
[145,null,null,null,null,null,null,{"$f":"_xlfn.IFS(G163=Lists!$A$2, Lists!$D$2, G163=Lists!$A$3, Lists!$D$3, G163=Lists!$A$4, Lists!$D$4, G163=Lists!$A$5, Lists!$D$5,G163=Lists!$A$6, Lists!$D$6, G163=Lists!$A$7, Lists!$D$7, G163=Lists!$A$8, Lists!$D$8, G163=Lists!$A$9, Lists!$D$9, G163=Lists!$A$10, Lists!$D$10, TRUE, \"\")","v":""}]
[146,null,null,null,null,null,null,{"$f":"_xlfn.IFS(G164=Lists!$A$2, Lists!$D$2, G164=Lists!$A$3, Lists!$D$3, G164=Lists!$A$4, Lists!$D$4, G164=Lists!$A$5, Lists!$D$5,G164=Lists!$A$6, Lists!$D$6, G164=Lists!$A$7, Lists!$D$7, G164=Lists!$A$8, Lists!$D$8, G164=Lists!$A$9, Lists!$D$9, G164=Lists!$A$10, Lists!$D$10, TRUE, \"\")","v":""}]
[147,null,null,null,null,null,null,{"$f":"_xlfn.IFS(G165=Lists!$A$2, Lists!$D$2, G165=Lists!$A$3, Lists!$D$3, G165=Lists!$A$4, Lists!$D$4, G165=Lists!$A$5, Lists!$D$5,G165=Lists!$A$6, Lists!$D$6, G165=Lists!$A$7, Lists!$D$7, G165=Lists!$A$8, Lists!$D$8, G165=Lists!$A$9, Lists!$D$9, G165=Lists!$A$10, Lists!$D$10, TRUE, \"\")","v":""}]
[148,null,null,null,null,null,null,{"$f":"_xlfn.IFS(G166=Lists!$A$2, Lists!$D$2, G166=Lists!$A$3, Lists!$D$3, G166=Lists!$A$4, Lists!$D$4, G166=Lists!$A$5, Lists!$D$5,G166=Lists!$A$6, Lists!$D$6, G166=Lists!$A$7, Lists!$D$7, G166=Lists!$A$8, Lists!$D$8, G166=Lists!$A$9, Lists!$D$9, G166=Lists!$A$10, Lists!$D$10, TRUE, \"\")","v":""}]
[149,null,null,null,null,null,null,{"$f":"_xlfn.IFS(G167=Lists!$A$2, Lists!$D$2, G167=Lists!$A$3, Lists!$D$3, G167=Lists!$A$4, Lists!$D$4, G167=Lists!$A$5, Lists!$D$5,G167=Lists!$A$6, Lists!$D$6, G167=Lists!$A$7, Lists!$D$7, G167=Lists!$A$8, Lists!$D$8, G167=Lists!$A$9, Lists!$D$9, G167=Lists!$A$10, Lists!$D$10, TRUE, \"\")","v":""}]
[150,null,null,null,null,null,null,{"$f":"_xlfn.IFS(G168=Lists!$A$2, Lists!$D$2, G168=Lists!$A$3, Lists!$D$3, G168=Lists!$A$4, Lists!$D$4, G168=Lists!$A$5, Lists!$D$5,G168=Lists!$A$6, Lists!$D$6, G168=Lists!$A$7, Lists!$D$7, G168=Lists!$A$8, Lists!$D$8, G168=Lists!$A$9, Lists!$D$9, G168=Lists!$A$10, Lists!$D$10, TRUE, \"\")","v":""}]
[151,null,null,null,null,null,null,{"$f":"_xlfn.IFS(G169=Lists!$A$2, Lists!$D$2, G169=Lists!$A$3, Lists!$D$3, G169=Lists!$A$4, Lists!$D$4, G169=Lists!$A$5, Lists!$D$5,G169=Lists!$A$6, Lists!$D$6, G169=Lists!$A$7, Lists!$D$7, G169=Lists!$A$8, Lists!$D$8, G169=Lists!$A$9, Lists!$D$9, G169=Lists!$A$10, Lists!$D$10, TRUE, \"\")","v":""}]
[152,null,null,null,null,null,null,{"$f":"_xlfn.IFS(G170=Lists!$A$2, Lists!$D$2, G170=Lists!$A$3, Lists!$D$3, G170=Lists!$A$4, Lists!$D$4, G170=Lists!$A$5, Lists!$D$5,G170=Lists!$A$6, Lists!$D$6, G170=Lists!$A$7, Lists!$D$7, G170=Lists!$A$8, Lists!$D$8, G170=Lists!$A$9, Lists!$D$9, G170=Lists!$A$10, Lists!$D$10, TRUE, \"\")","v":""}]
[153,null,null,null,null,null,null,{"$f":"_xlfn.IFS(G171=Lists!$A$2, Lists!$D$2, G171=Lists!$A$3, Lists!$D$3, G171=Lists!$A$4, Lists!$D$4, G171=Lists!$A$5, Lists!$D$5,G171=Lists!$A$6, Lists!$D$6, G171=Lists!$A$7, Lists!$D$7, G171=Lists!$A$8, Lists!$D$8, G171=Lists!$A$9, Lists!$D$9, G171=Lists!$A$10, Lists!$D$10, TRUE, \"\")","v":""}]
[154,null,null,null,null,null,null,{"$f":"_xlfn.IFS(G172=Lists!$A$2, Lists!$D$2, G172=Lists!$A$3, Lists!$D$3, G172=Lists!$A$4, Lists!$D$4, G172=Lists!$A$5, Lists!$D$5,G172=Lists!$A$6, Lists!$D$6, G172=Lists!$A$7, Lists!$D$7, G172=Lists!$A$8, Lists!$D$8, G172=Lists!$A$9, Lists!$D$9, G172=Lists!$A$10, Lists!$D$10, TRUE, \"\")","v":""}]
[155,null,null,null,null,null,null,{"$f":"_xlfn.IFS(G173=Lists!$A$2, Lists!$D$2, G173=Lists!$A$3, Lists!$D$3, G173=Lists!$A$4, Lists!$D$4, G173=Lists!$A$5, Lists!$D$5,G173=Lists!$A$6, Lists!$D$6, G173=Lists!$A$7, Lists!$D$7, G173=Lists!$A$8, Lists!$D$8, G173=Lists!$A$9, Lists!$D$9, G173=Lists!$A$10, Lists!$D$10, TRUE, \"\")","v":""}]
[156,null,null,null,null,null,null,{"$f":"_xlfn.IFS(G174=Lists!$A$2, Lists!$D$2, G174=Lists!$A$3, Lists!$D$3, G174=Lists!$A$4, Lists!$D$4, G174=Lists!$A$5, Lists!$D$5,G174=Lists!$A$6, Lists!$D$6, G174=Lists!$A$7, Lists!$D$7, G174=Lists!$A$8, Lists!$D$8, G174=Lists!$A$9, Lists!$D$9, G174=Lists!$A$10, Lists!$D$10, TRUE, \"\")","v":""}]
[157,null,null,null,null,null,null,{"$f":"_xlfn.IFS(G175=Lists!$A$2, Lists!$D$2, G175=Lists!$A$3, Lists!$D$3, G175=Lists!$A$4, Lists!$D$4, G175=Lists!$A$5, Lists!$D$5,G175=Lists!$A$6, Lists!$D$6, G175=Lists!$A$7, Lists!$D$7, G175=Lists!$A$8, Lists!$D$8, G175=Lists!$A$9, Lists!$D$9, G175=Lists!$A$10, Lists!$D$10, TRUE, \"\")","v":""}]
[158,null,null,null,null,null,null,{"$f":"_xlfn.IFS(G176=Lists!$A$2, Lists!$D$2, G176=Lists!$A$3, Lists!$D$3, G176=Lists!$A$4, Lists!$D$4, G176=Lists!$A$5, Lists!$D$5,G176=Lists!$A$6, Lists!$D$6, G176=Lists!$A$7, Lists!$D$7, G176=Lists!$A$8, Lists!$D$8, G176=Lists!$A$9, Lists!$D$9, G176=Lists!$A$10, Lists!$D$10, TRUE, \"\")","v":""}]
[159,null,null,null,null,null,null,{"$f":"_xlfn.IFS(G177=Lists!$A$2, Lists!$D$2, G177=Lists!$A$3, Lists!$D$3, G177=Lists!$A$4, Lists!$D$4, G177=Lists!$A$5, Lists!$D$5,G177=Lists!$A$6, Lists!$D$6, G177=Lists!$A$7, Lists!$D$7, G177=Lists!$A$8, Lists!$D$8, G177=Lists!$A$9, Lists!$D$9, G177=Lists!$A$10, Lists!$D$10, TRUE, \"\")","v":""}]
[160,null,null,null,null,null,null,{"$f":"_xlfn.IFS(G178=Lists!$A$2, Lists!$D$2, G178=Lists!$A$3, Lists!$D$3, G178=Lists!$A$4, Lists!$D$4, G178=Lists!$A$5, Lists!$D$5,G178=Lists!$A$6, Lists!$D$6, G178=Lists!$A$7, Lists!$D$7, G178=Lists!$A$8, Lists!$D$8, G178=Lists!$A$9, Lists!$D$9, G178=Lists!$A$10, Lists!$D$10, TRUE, \"\")","v":""}]
[161,null,null,null,null,null,null,{"$f":"_xlfn.IFS(G179=Lists!$A$2, Lists!$D$2, G179=Lists!$A$3, Lists!$D$3, G179=Lists!$A$4, Lists!$D$4, G179=Lists!$A$5, Lists!$D$5,G179=Lists!$A$6, Lists!$D$6, G179=Lists!$A$7, Lists!$D$7, G179=Lists!$A$8, Lists!$D$8, G179=Lists!$A$9, Lists!$D$9, G179=Lists!$A$10, Lists!$D$10, TRUE, \"\")","v":""}]
[162,null,null,null,null,null,null,{"$f":"_xlfn.IFS(G180=Lists!$A$2, Lists!$D$2, G180=Lists!$A$3, Lists!$D$3, G180=Lists!$A$4, Lists!$D$4, G180=Lists!$A$5, Lists!$D$5,G180=Lists!$A$6, Lists!$D$6, G180=Lists!$A$7, Lists!$D$7, G180=Lists!$A$8, Lists!$D$8, G180=Lists!$A$9, Lists!$D$9, G180=Lists!$A$10, Lists!$D$10, TRUE, \"\")","v":""}]
[163,null,null,null,null,null,null,{"$f":"_xlfn.IFS(G181=Lists!$A$2, Lists!$D$2, G181=Lists!$A$3, Lists!$D$3, G181=Lists!$A$4, Lists!$D$4, G181=Lists!$A$5, Lists!$D$5,G181=Lists!$A$6, Lists!$D$6, G181=Lists!$A$7, Lists!$D$7, G181=Lists!$A$8, Lists!$D$8, G181=Lists!$A$9, Lists!$D$9, G181=Lists!$A$10, Lists!$D$10, TRUE, \"\")","v":""}]
[164,null,null,null,null,null,null,{"$f":"_xlfn.IFS(G182=Lists!$A$2, Lists!$D$2, G182=Lists!$A$3, Lists!$D$3, G182=Lists!$A$4, Lists!$D$4, G182=Lists!$A$5, Lists!$D$5,G182=Lists!$A$6, Lists!$D$6, G182=Lists!$A$7, Lists!$D$7, G182=Lists!$A$8, Lists!$D$8, G182=Lists!$A$9, Lists!$D$9, G182=Lists!$A$10, Lists!$D$10, TRUE, \"\")","v":""}]
[165,null,null,null,null,null,null,{"$f":"_xlfn.IFS(G183=Lists!$A$2, Lists!$D$2, G183=Lists!$A$3, Lists!$D$3, G183=Lists!$A$4, Lists!$D$4, G183=Lists!$A$5, Lists!$D$5,G183=Lists!$A$6, Lists!$D$6, G183=Lists!$A$7, Lists!$D$7, G183=Lists!$A$8, Lists!$D$8, G183=Lists!$A$9, Lists!$D$9, G183=Lists!$A$10, Lists!$D$10, TRUE, \"\")","v":""}]
[166,null,null,null,null,null,null,{"$f":"_xlfn.IFS(G184=Lists!$A$2, Lists!$D$2, G184=Lists!$A$3, Lists!$D$3, G184=Lists!$A$4, Lists!$D$4, G184=Lists!$A$5, Lists!$D$5,G184=Lists!$A$6, Lists!$D$6, G184=Lists!$A$7, Lists!$D$7, G184=Lists!$A$8, Lists!$D$8, G184=Lists!$A$9, Lists!$D$9, G184=Lists!$A$10, Lists!$D$10, TRUE, \"\")","v":""}]
[167,null,null,null,null,null,null,{"$f":"_xlfn.IFS(G185=Lists!$A$2, Lists!$D$2, G185=Lists!$A$3, Lists!$D$3, G185=Lists!$A$4, Lists!$D$4, G185=Lists!$A$5, Lists!$D$5,G185=Lists!$A$6, Lists!$D$6, G185=Lists!$A$7, Lists!$D$7, G185=Lists!$A$8, Lists!$D$8, G185=Lists!$A$9, Lists!$D$9, G185=Lists!$A$10, Lists!$D$10, TRUE, \"\")","v":""}]
[168,null,null,null,null,null,null,{"$f":"_xlfn.IFS(G186=Lists!$A$2, Lists!$D$2, G186=Lists!$A$3, Lists!$D$3, G186=Lists!$A$4, Lists!$D$4, G186=Lists!$A$5, Lists!$D$5,G186=Lists!$A$6, Lists!$D$6, G186=Lists!$A$7, Lists!$D$7, G186=Lists!$A$8, Lists!$D$8, G186=Lists!$A$9, Lists!$D$9, G186=Lists!$A$10, Lists!$D$10, TRUE, \"\")","v":""}]
[169,null,null,null,null,null,null,{"$f":"_xlfn.IFS(G187=Lists!$A$2, Lists!$D$2, G187=Lists!$A$3, Lists!$D$3, G187=Lists!$A$4, Lists!$D$4, G187=Lists!$A$5, Lists!$D$5,G187=Lists!$A$6, Lists!$D$6, G187=Lists!$A$7, Lists!$D$7, G187=Lists!$A$8, Lists!$D$8, G187=Lists!$A$9, Lists!$D$9, G187=Lists!$A$10, Lists!$D$10, TRUE, \"\")","v":""}]
[170,null,null,null,null,null,null,{"$f":"_xlfn.IFS(G188=Lists!$A$2, Lists!$D$2, G188=Lists!$A$3, Lists!$D$3, G188=Lists!$A$4, Lists!$D$4, G188=Lists!$A$5, Lists!$D$5,G188=Lists!$A$6, Lists!$D$6, G188=Lists!$A$7, Lists!$D$7, G188=Lists!$A$8, Lists!$D$8, G188=Lists!$A$9, Lists!$D$9, G188=Lists!$A$10, Lists!$D$10, TRUE, \"\")","v":""}]
[171,null,null,null,null,null,null,{"$f":"_xlfn.IFS(G189=Lists!$A$2, Lists!$D$2, G189=Lists!$A$3, Lists!$D$3, G189=Lists!$A$4, Lists!$D$4, G189=Lists!$A$5, Lists!$D$5,G189=Lists!$A$6, Lists!$D$6, G189=Lists!$A$7, Lists!$D$7, G189=Lists!$A$8, Lists!$D$8, G189=Lists!$A$9, Lists!$D$9, G189=Lists!$A$10, Lists!$D$10, TRUE, \"\")","v":""}]
[172,null,null,null,null,null,null,{"$f":"_xlfn.IFS(G190=Lists!$A$2, Lists!$D$2, G190=Lists!$A$3, Lists!$D$3, G190=Lists!$A$4, Lists!$D$4, G190=Lists!$A$5, Lists!$D$5,G190=Lists!$A$6, Lists!$D$6, G190=Lists!$A$7, Lists!$D$7, G190=Lists!$A$8, Lists!$D$8, G190=Lists!$A$9, Lists!$D$9, G190=Lists!$A$10, Lists!$D$10, TRUE, \"\")","v":""}]
[173,null,null,null,null,null,null,{"$f":"_xlfn.IFS(G191=Lists!$A$2, Lists!$D$2, G191=Lists!$A$3, Lists!$D$3, G191=Lists!$A$4, Lists!$D$4, G191=Lists!$A$5, Lists!$D$5,G191=Lists!$A$6, Lists!$D$6, G191=Lists!$A$7, Lists!$D$7, G191=Lists!$A$8, Lists!$D$8, G191=Lists!$A$9, Lists!$D$9, G191=Lists!$A$10, Lists!$D$10, TRUE, \"\")","v":""}]
[174,null,null,null,null,null,null,{"$f":"_xlfn.IFS(G192=Lists!$A$2, Lists!$D$2, G192=Lists!$A$3, Lists!$D$3, G192=Lists!$A$4, Lists!$D$4, G192=Lists!$A$5, Lists!$D$5,G192=Lists!$A$6, Lists!$D$6, G192=Lists!$A$7, Lists!$D$7, G192=Lists!$A$8, Lists!$D$8, G192=Lists!$A$9, Lists!$D$9, G192=Lists!$A$10, Lists!$D$10, TRUE, \"\")","v":""}]
[175,null,null,null,null,null,null,{"$f":"_xlfn.IFS(G193=Lists!$A$2, Lists!$D$2, G193=Lists!$A$3, Lists!$D$3, G193=Lists!$A$4, Lists!$D$4, G193=Lists!$A$5, Lists!$D$5,G193=Lists!$A$6, Lists!$D$6, G193=Lists!$A$7, Lists!$D$7, G193=Lists!$A$8, Lists!$D$8, G193=Lists!$A$9, Lists!$D$9, G193=Lists!$A$10, Lists!$D$10, TRUE, \"\")","v":""}]
[176,null,null,null,null,null,null,{"$f":"_xlfn.IFS(G194=Lists!$A$2, Lists!$D$2, G194=Lists!$A$3, Lists!$D$3, G194=Lists!$A$4, Lists!$D$4, G194=Lists!$A$5, Lists!$D$5,G194=Lists!$A$6, Lists!$D$6, G194=Lists!$A$7, Lists!$D$7, G194=Lists!$A$8, Lists!$D$8, G194=Lists!$A$9, Lists!$D$9, G194=Lists!$A$10, Lists!$D$10, TRUE, \"\")","v":""}]
[177,null,null,null,null,null,null,{"$f":"_xlfn.IFS(G195=Lists!$A$2, Lists!$D$2, G195=Lists!$A$3, Lists!$D$3, G195=Lists!$A$4, Lists!$D$4, G195=Lists!$A$5, Lists!$D$5,G195=Lists!$A$6, Lists!$D$6, G195=Lists!$A$7, Lists!$D$7, G195=Lists!$A$8, Lists!$D$8, G195=Lists!$A$9, Lists!$D$9, G195=Lists!$A$10, Lists!$D$10, TRUE, \"\")","v":""}]
[178,null,null,null,null,null,null,{"$f":"_xlfn.IFS(G196=Lists!$A$2, Lists!$D$2, G196=Lists!$A$3, Lists!$D$3, G196=Lists!$A$4, Lists!$D$4, G196=Lists!$A$5, Lists!$D$5,G196=Lists!$A$6, Lists!$D$6, G196=Lists!$A$7, Lists!$D$7, G196=Lists!$A$8, Lists!$D$8, G196=Lists!$A$9, Lists!$D$9, G196=Lists!$A$10, Lists!$D$10, TRUE, \"\")","v":""}]
[179,null,null,null,null,null,null,{"$f":"_xlfn.IFS(G197=Lists!$A$2, Lists!$D$2, G197=Lists!$A$3, Lists!$D$3, G197=Lists!$A$4, Lists!$D$4, G197=Lists!$A$5, Lists!$D$5,G197=Lists!$A$6, Lists!$D$6, G197=Lists!$A$7, Lists!$D$7, G197=Lists!$A$8, Lists!$D$8, G197=Lists!$A$9, Lists!$D$9, G197=Lists!$A$10, Lists!$D$10, TRUE, \"\")","v":""}]
[180,null,null,null,null,null,null,{"$f":"_xlfn.IFS(G198=Lists!$A$2, Lists!$D$2, G198=Lists!$A$3, Lists!$D$3, G198=Lists!$A$4, Lists!$D$4, G198=Lists!$A$5, Lists!$D$5,G198=Lists!$A$6, Lists!$D$6, G198=Lists!$A$7, Lists!$D$7, G198=Lists!$A$8, Lists!$D$8, G198=Lists!$A$9, Lists!$D$9, G198=Lists!$A$10, Lists!$D$10, TRUE, \"\")","v":""}]
[181,null,null,null,null,null,null,{"$f":"_xlfn.IFS(G199=Lists!$A$2, Lists!$D$2, G199=Lists!$A$3, Lists!$D$3, G199=Lists!$A$4, Lists!$D$4, G199=Lists!$A$5, Lists!$D$5,G199=Lists!$A$6, Lists!$D$6, G199=Lists!$A$7, Lists!$D$7, G199=Lists!$A$8, Lists!$D$8, G199=Lists!$A$9, Lists!$D$9, G199=Lists!$A$10, Lists!$D$10, TRUE, \"\")","v":""}]
[182,null,null,null,null,null,null,{"$f":"_xlfn.IFS(G200=Lists!$A$2, Lists!$D$2, G200=Lists!$A$3, Lists!$D$3, G200=Lists!$A$4, Lists!$D$4, G200=Lists!$A$5, Lists!$D$5,G200=Lists!$A$6, Lists!$D$6, G200=Lists!$A$7, Lists!$D$7, G200=Lists!$A$8, Lists!$D$8, G200=Lists!$A$9, Lists!$D$9, G200=Lists!$A$10, Lists!$D$10, TRUE, \"\")","v":""}]
[183,null,null,null,null,null,null,{"$f":"_xlfn.IFS(G201=Lists!$A$2, Lists!$D$2, G201=Lists!$A$3, Lists!$D$3, G201=Lists!$A$4, Lists!$D$4, G201=Lists!$A$5, Lists!$D$5,G201=Lists!$A$6, Lists!$D$6, G201=Lists!$A$7, Lists!$D$7, G201=Lists!$A$8, Lists!$D$8, G201=Lists!$A$9, Lists!$D$9, G201=Lists!$A$10, Lists!$D$10, TRUE, \"\")","v":""}]
[184,null,null,null,null,null,null,{"$f":"_xlfn.IFS(G202=Lists!$A$2, Lists!$D$2, G202=Lists!$A$3, Lists!$D$3, G202=Lists!$A$4, Lists!$D$4, G202=Lists!$A$5, Lists!$D$5,G202=Lists!$A$6, Lists!$D$6, G202=Lists!$A$7, Lists!$D$7, G202=Lists!$A$8, Lists!$D$8, G202=Lists!$A$9, Lists!$D$9, G202=Lists!$A$10, Lists!$D$10, TRUE, \"\")","v":""}]
[185,null,null,null,null,null,null,{"$f":"_xlfn.IFS(G203=Lists!$A$2, Lists!$D$2, G203=Lists!$A$3, Lists!$D$3, G203=Lists!$A$4, Lists!$D$4, G203=Lists!$A$5, Lists!$D$5,G203=Lists!$A$6, Lists!$D$6, G203=Lists!$A$7, Lists!$D$7, G203=Lists!$A$8, Lists!$D$8, G203=Lists!$A$9, Lists!$D$9, G203=Lists!$A$10, Lists!$D$10, TRUE, \"\")","v":""}]
[186,null,null,null,null,null,null,{"$f":"_xlfn.IFS(G204=Lists!$A$2, Lists!$D$2, G204=Lists!$A$3, Lists!$D$3, G204=Lists!$A$4, Lists!$D$4, G204=Lists!$A$5, Lists!$D$5,G204=Lists!$A$6, Lists!$D$6, G204=Lists!$A$7, Lists!$D$7, G204=Lists!$A$8, Lists!$D$8, G204=Lists!$A$9, Lists!$D$9, G204=Lists!$A$10, Lists!$D$10, TRUE, \"\")","v":""}]
[187,null,null,null,null,null,null,{"$f":"_xlfn.IFS(G205=Lists!$A$2, Lists!$D$2, G205=Lists!$A$3, Lists!$D$3, G205=Lists!$A$4, Lists!$D$4, G205=Lists!$A$5, Lists!$D$5,G205=Lists!$A$6, Lists!$D$6, G205=Lists!$A$7, Lists!$D$7, G205=Lists!$A$8, Lists!$D$8, G205=Lists!$A$9, Lists!$D$9, G205=Lists!$A$10, Lists!$D$10, TRUE, \"\")","v":""}]
[188,null,null,null,null,null,null,{"$f":"_xlfn.IFS(G206=Lists!$A$2, Lists!$D$2, G206=Lists!$A$3, Lists!$D$3, G206=Lists!$A$4, Lists!$D$4, G206=Lists!$A$5, Lists!$D$5,G206=Lists!$A$6, Lists!$D$6, G206=Lists!$A$7, Lists!$D$7, G206=Lists!$A$8, Lists!$D$8, G206=Lists!$A$9, Lists!$D$9, G206=Lists!$A$10, Lists!$D$10, TRUE, \"\")","v":""}]
[189,null,null,null,null,null,null,{"$f":"_xlfn.IFS(G207=Lists!$A$2, Lists!$D$2, G207=Lists!$A$3, Lists!$D$3, G207=Lists!$A$4, Lists!$D$4, G207=Lists!$A$5, Lists!$D$5,G207=Lists!$A$6, Lists!$D$6, G207=Lists!$A$7, Lists!$D$7, G207=Lists!$A$8, Lists!$D$8, G207=Lists!$A$9, Lists!$D$9, G207=Lists!$A$10, Lists!$D$10, TRUE, \"\")","v":""}]
[190,null,null,null,null,null,null,{"$f":"_xlfn.IFS(G208=Lists!$A$2, Lists!$D$2, G208=Lists!$A$3, Lists!$D$3, G208=Lists!$A$4, Lists!$D$4, G208=Lists!$A$5, Lists!$D$5,G208=Lists!$A$6, Lists!$D$6, G208=Lists!$A$7, Lists!$D$7, G208=Lists!$A$8, Lists!$D$8, G208=Lists!$A$9, Lists!$D$9, G208=Lists!$A$10, Lists!$D$10, TRUE, \"\")","v":""}]
[191,null,null,null,null,null,null,{"$f":"_xlfn.IFS(G209=Lists!$A$2, Lists!$D$2, G209=Lists!$A$3, Lists!$D$3, G209=Lists!$A$4, Lists!$D$4, G209=Lists!$A$5, Lists!$D$5,G209=Lists!$A$6, Lists!$D$6, G209=Lists!$A$7, Lists!$D$7, G209=Lists!$A$8, Lists!$D$8, G209=Lists!$A$9, Lists!$D$9, G209=Lists!$A$10, Lists!$D$10, TRUE, \"\")","v":""}]
[192,null,null,null,null,null,null,{"$f":"_xlfn.IFS(G210=Lists!$A$2, Lists!$D$2, G210=Lists!$A$3, Lists!$D$3, G210=Lists!$A$4, Lists!$D$4, G210=Lists!$A$5, Lists!$D$5,G210=Lists!$A$6, Lists!$D$6, G210=Lists!$A$7, Lists!$D$7, G210=Lists!$A$8, Lists!$D$8, G210=Lists!$A$9, Lists!$D$9, G210=Lists!$A$10, Lists!$D$10, TRUE, \"\")","v":""}]
[193,null,null,null,null,null,null,{"$f":"_xlfn.IFS(G211=Lists!$A$2, Lists!$D$2, G211=Lists!$A$3, Lists!$D$3, G211=Lists!$A$4, Lists!$D$4, G211=Lists!$A$5, Lists!$D$5,G211=Lists!$A$6, Lists!$D$6, G211=Lists!$A$7, Lists!$D$7, G211=Lists!$A$8, Lists!$D$8, G211=Lists!$A$9, Lists!$D$9, G211=Lists!$A$10, Lists!$D$10, TRUE, \"\")","v":""}]
[194,null,null,null,null,null,null,{"$f":"_xlfn.IFS(G212=Lists!$A$2, Lists!$D$2, G212=Lists!$A$3, Lists!$D$3, G212=Lists!$A$4, Lists!$D$4, G212=Lists!$A$5, Lists!$D$5,G212=Lists!$A$6, Lists!$D$6, G212=Lists!$A$7, Lists!$D$7, G212=Lists!$A$8, Lists!$D$8, G212=Lists!$A$9, Lists!$D$9, G212=Lists!$A$10, Lists!$D$10, TRUE, \"\")","v":""}]
[195,null,null,null,null,null,null,{"$f":"_xlfn.IFS(G213=Lists!$A$2, Lists!$D$2, G213=Lists!$A$3, Lists!$D$3, G213=Lists!$A$4, Lists!$D$4, G213=Lists!$A$5, Lists!$D$5,G213=Lists!$A$6, Lists!$D$6, G213=Lists!$A$7, Lists!$D$7, G213=Lists!$A$8, Lists!$D$8, G213=Lists!$A$9, Lists!$D$9, G213=Lists!$A$10, Lists!$D$10, TRUE, \"\")","v":""}]
[196,null,null,null,null,null,null,{"$f":"_xlfn.IFS(G214=Lists!$A$2, Lists!$D$2, G214=Lists!$A$3, Lists!$D$3, G214=Lists!$A$4, Lists!$D$4, G214=Lists!$A$5, Lists!$D$5,G214=Lists!$A$6, Lists!$D$6, G214=Lists!$A$7, Lists!$D$7, G214=Lists!$A$8, Lists!$D$8, G214=Lists!$A$9, Lists!$D$9, G214=Lists!$A$10, Lists!$D$10, TRUE, \"\")","v":""}]
[197,null,null,null,null,null,null,{"$f":"_xlfn.IFS(G215=Lists!$A$2, Lists!$D$2, G215=Lists!$A$3, Lists!$D$3, G215=Lists!$A$4, Lists!$D$4, G215=Lists!$A$5, Lists!$D$5,G215=Lists!$A$6, Lists!$D$6, G215=Lists!$A$7, Lists!$D$7, G215=Lists!$A$8, Lists!$D$8, G215=Lists!$A$9, Lists!$D$9, G215=Lists!$A$10, Lists!$D$10, TRUE, \"\")","v":""}]
[198,null,null,null,null,null,null,{"$f":"_xlfn.IFS(G216=Lists!$A$2, Lists!$D$2, G216=Lists!$A$3, Lists!$D$3, G216=Lists!$A$4, Lists!$D$4, G216=Lists!$A$5, Lists!$D$5,G216=Lists!$A$6, Lists!$D$6, G216=Lists!$A$7, Lists!$D$7, G216=Lists!$A$8, Lists!$D$8, G216=Lists!$A$9, Lists!$D$9, G216=Lists!$A$10, Lists!$D$10, TRUE, \"\")","v":""}]
[199,null,null,null,null,null,null,{"$f":"_xlfn.IFS(G217=Lists!$A$2, Lists!$D$2, G217=Lists!$A$3, Lists!$D$3, G217=Lists!$A$4, Lists!$D$4, G217=Lists!$A$5, Lists!$D$5,G217=Lists!$A$6, Lists!$D$6, G217=Lists!$A$7, Lists!$D$7, G217=Lists!$A$8, Lists!$D$8, G217=Lists!$A$9, Lists!$D$9, G217=Lists!$A$10, Lists!$D$10, TRUE, \"\")","v":""}]
[200,null,null,null,null,null,null,{"$f":"_xlfn.IFS(G218=Lists!$A$2, Lists!$D$2, G218=Lists!$A$3, Lists!$D$3, G218=Lists!$A$4, Lists!$D$4, G218=Lists!$A$5, Lists!$D$5,G218=Lists!$A$6, Lists!$D$6, G218=Lists!$A$7, Lists!$D$7, G218=Lists!$A$8, Lists!$D$8, G218=Lists!$A$9, Lists!$D$9, G218=Lists!$A$10, Lists!$D$10, TRUE, \"\")","v":""}]
[201,null,null,null,null,null,null,{"$f":"_xlfn.IFS(G219=Lists!$A$2, Lists!$D$2, G219=Lists!$A$3, Lists!$D$3, G219=Lists!$A$4, Lists!$D$4, G219=Lists!$A$5, Lists!$D$5,G219=Lists!$A$6, Lists!$D$6, G219=Lists!$A$7, Lists!$D$7, G219=Lists!$A$8, Lists!$D$8, G219=Lists!$A$9, Lists!$D$9, G219=Lists!$A$10, Lists!$D$10, TRUE, \"\")","v":""}]
[202,null,null,null,null,null,null,{"$f":"_xlfn.IFS(G220=Lists!$A$2, Lists!$D$2, G220=Lists!$A$3, Lists!$D$3, G220=Lists!$A$4, Lists!$D$4, G220=Lists!$A$5, Lists!$D$5,G220=Lists!$A$6, Lists!$D$6, G220=Lists!$A$7, Lists!$D$7, G220=Lists!$A$8, Lists!$D$8, G220=Lists!$A$9, Lists!$D$9, G220=Lists!$A$10, Lists!$D$10, TRUE, \"\")","v":""}]
[203,null,null,null,null,null,null,{"$f":"_xlfn.IFS(G221=Lists!$A$2, Lists!$D$2, G221=Lists!$A$3, Lists!$D$3, G221=Lists!$A$4, Lists!$D$4, G221=Lists!$A$5, Lists!$D$5,G221=Lists!$A$6, Lists!$D$6, G221=Lists!$A$7, Lists!$D$7, G221=Lists!$A$8, Lists!$D$8, G221=Lists!$A$9, Lists!$D$9, G221=Lists!$A$10, Lists!$D$10, TRUE, \"\")","v":""}]
[204,null,null,null,null,null,null,{"$f":"_xlfn.IFS(G222=Lists!$A$2, Lists!$D$2, G222=Lists!$A$3, Lists!$D$3, G222=Lists!$A$4, Lists!$D$4, G222=Lists!$A$5, Lists!$D$5,G222=Lists!$A$6, Lists!$D$6, G222=Lists!$A$7, Lists!$D$7, G222=Lists!$A$8, Lists!$D$8, G222=Lists!$A$9, Lists!$D$9, G222=Lists!$A$10, Lists!$D$10, TRUE, \"\")","v":""}]
[205,null,null,null,null,null,null,{"$f":"_xlfn.IFS(G223=Lists!$A$2, Lists!$D$2, G223=Lists!$A$3, Lists!$D$3, G223=Lists!$A$4, Lists!$D$4, G223=Lists!$A$5, Lists!$D$5,G223=Lists!$A$6, Lists!$D$6, G223=Lists!$A$7, Lists!$D$7, G223=Lists!$A$8, Lists!$D$8, G223=Lists!$A$9, Lists!$D$9, G223=Lists!$A$10, Lists!$D$10, TRUE, \"\")","v":""}]
[206,null,null,null,null,null,null,{"$f":"_xlfn.IFS(G224=Lists!$A$2, Lists!$D$2, G224=Lists!$A$3, Lists!$D$3, G224=Lists!$A$4, Lists!$D$4, G224=Lists!$A$5, Lists!$D$5,G224=Lists!$A$6, Lists!$D$6, G224=Lists!$A$7, Lists!$D$7, G224=Lists!$A$8, Lists!$D$8, G224=Lists!$A$9, Lists!$D$9, G224=Lists!$A$10, Lists!$D$10, TRUE, \"\")","v":""}]
[207,null,null,null,null,null,null,{"$f":"_xlfn.IFS(G225=Lists!$A$2, Lists!$D$2, G225=Lists!$A$3, Lists!$D$3, G225=Lists!$A$4, Lists!$D$4, G225=Lists!$A$5, Lists!$D$5,G225=Lists!$A$6, Lists!$D$6, G225=Lists!$A$7, Lists!$D$7, G225=Lists!$A$8, Lists!$D$8, G225=Lists!$A$9, Lists!$D$9, G225=Lists!$A$10, Lists!$D$10, TRUE, \"\")","v":""}]
[208,null,null,null,null,null,null,{"$f":"_xlfn.IFS(G226=Lists!$A$2, Lists!$D$2, G226=Lists!$A$3, Lists!$D$3, G226=Lists!$A$4, Lists!$D$4, G226=Lists!$A$5, Lists!$D$5,G226=Lists!$A$6, Lists!$D$6, G226=Lists!$A$7, Lists!$D$7, G226=Lists!$A$8, Lists!$D$8, G226=Lists!$A$9, Lists!$D$9, G226=Lists!$A$10, Lists!$D$10, TRUE, \"\")","v":""}]
[209,null,null,null,null,null,null,{"$f":"_xlfn.IFS(G227=Lists!$A$2, Lists!$D$2, G227=Lists!$A$3, Lists!$D$3, G227=Lists!$A$4, Lists!$D$4, G227=Lists!$A$5, Lists!$D$5,G227=Lists!$A$6, Lists!$D$6, G227=Lists!$A$7, Lists!$D$7, G227=Lists!$A$8, Lists!$D$8, G227=Lists!$A$9, Lists!$D$9, G227=Lists!$A$10, Lists!$D$10, TRUE, \"\")","v":""}]
[210,null,null,null,null,null,null,{"$f":"_xlfn.IFS(G228=Lists!$A$2, Lists!$D$2, G228=Lists!$A$3, Lists!$D$3, G228=Lists!$A$4, Lists!$D$4, G228=Lists!$A$5, Lists!$D$5,G228=Lists!$A$6, Lists!$D$6, G228=Lists!$A$7, Lists!$D$7, G228=Lists!$A$8, Lists!$D$8, G228=Lists!$A$9, Lists!$D$9, G228=Lists!$A$10, Lists!$D$10, TRUE, \"\")","v":""}]
[211,null,null,null,null,null,null,{"$f":"_xlfn.IFS(G229=Lists!$A$2, Lists!$D$2, G229=Lists!$A$3, Lists!$D$3, G229=Lists!$A$4, Lists!$D$4, G229=Lists!$A$5, Lists!$D$5,G229=Lists!$A$6, Lists!$D$6, G229=Lists!$A$7, Lists!$D$7, G229=Lists!$A$8, Lists!$D$8, G229=Lists!$A$9, Lists!$D$9, G229=Lists!$A$10, Lists!$D$10, TRUE, \"\")","v":""}]
[212,null,null,null,null,null,null,{"$f":"_xlfn.IFS(G230=Lists!$A$2, Lists!$D$2, G230=Lists!$A$3, Lists!$D$3, G230=Lists!$A$4, Lists!$D$4, G230=Lists!$A$5, Lists!$D$5,G230=Lists!$A$6, Lists!$D$6, G230=Lists!$A$7, Lists!$D$7, G230=Lists!$A$8, Lists!$D$8, G230=Lists!$A$9, Lists!$D$9, G230=Lists!$A$10, Lists!$D$10, TRUE, \"\")","v":""}]
[213,null,null,null,null,null,null,{"$f":"_xlfn.IFS(G231=Lists!$A$2, Lists!$D$2, G231=Lists!$A$3, Lists!$D$3, G231=Lists!$A$4, Lists!$D$4, G231=Lists!$A$5, Lists!$D$5,G231=Lists!$A$6, Lists!$D$6, G231=Lists!$A$7, Lists!$D$7, G231=Lists!$A$8, Lists!$D$8, G231=Lists!$A$9, Lists!$D$9, G231=Lists!$A$10, Lists!$D$10, TRUE, \"\")","v":""}]
[214,null,null,null,null,null,null,{"$f":"_xlfn.IFS(G232=Lists!$A$2, Lists!$D$2, G232=Lists!$A$3, Lists!$D$3, G232=Lists!$A$4, Lists!$D$4, G232=Lists!$A$5, Lists!$D$5,G232=Lists!$A$6, Lists!$D$6, G232=Lists!$A$7, Lists!$D$7, G232=Lists!$A$8, Lists!$D$8, G232=Lists!$A$9, Lists!$D$9, G232=Lists!$A$10, Lists!$D$10, TRUE, \"\")","v":""}]
[215,null,null,null,null,null,null,{"$f":"_xlfn.IFS(G233=Lists!$A$2, Lists!$D$2, G233=Lists!$A$3, Lists!$D$3, G233=Lists!$A$4, Lists!$D$4, G233=Lists!$A$5, Lists!$D$5,G233=Lists!$A$6, Lists!$D$6, G233=Lists!$A$7, Lists!$D$7, G233=Lists!$A$8, Lists!$D$8, G233=Lists!$A$9, Lists!$D$9, G233=Lists!$A$10, Lists!$D$10, TRUE, \"\")","v":""}]
[216,null,null,null,null,null,null,{"$f":"_xlfn.IFS(G234=Lists!$A$2, Lists!$D$2, G234=Lists!$A$3, Lists!$D$3, G234=Lists!$A$4, Lists!$D$4, G234=Lists!$A$5, Lists!$D$5,G234=Lists!$A$6, Lists!$D$6, G234=Lists!$A$7, Lists!$D$7, G234=Lists!$A$8, Lists!$D$8, G234=Lists!$A$9, Lists!$D$9, G234=Lists!$A$10, Lists!$D$10, TRUE, \"\")","v":""}]
[217,null,null,null,null,null,null,{"$f":"_xlfn.IFS(G235=Lists!$A$2, Lists!$D$2, G235=Lists!$A$3, Lists!$D$3, G235=Lists!$A$4, Lists!$D$4, G235=Lists!$A$5, Lists!$D$5,G235=Lists!$A$6, Lists!$D$6, G235=Lists!$A$7, Lists!$D$7, G235=Lists!$A$8, Lists!$D$8, G235=Lists!$A$9, Lists!$D$9, G235=Lists!$A$10, Lists!$D$10, TRUE, \"\")","v":""}]
[218,null,null,null,null,null,null,{"$f":"_xlfn.IFS(G236=Lists!$A$2, Lists!$D$2, G236=Lists!$A$3, Lists!$D$3, G236=Lists!$A$4, Lists!$D$4, G236=Lists!$A$5, Lists!$D$5,G236=Lists!$A$6, Lists!$D$6, G236=Lists!$A$7, Lists!$D$7, G236=Lists!$A$8, Lists!$D$8, G236=Lists!$A$9, Lists!$D$9, G236=Lists!$A$10, Lists!$D$10, TRUE, \"\")","v":""}]
[219,null,null,null,null,null,null,{"$f":"_xlfn.IFS(G237=Lists!$A$2, Lists!$D$2, G237=Lists!$A$3, Lists!$D$3, G237=Lists!$A$4, Lists!$D$4, G237=Lists!$A$5, Lists!$D$5,G237=Lists!$A$6, Lists!$D$6, G237=Lists!$A$7, Lists!$D$7, G237=Lists!$A$8, Lists!$D$8, G237=Lists!$A$9, Lists!$D$9, G237=Lists!$A$10, Lists!$D$10, TRUE, \"\")","v":""}]
[220,null,null,null,null,null,null,{"$f":"_xlfn.IFS(G238=Lists!$A$2, Lists!$D$2, G238=Lists!$A$3, Lists!$D$3, G238=Lists!$A$4, Lists!$D$4, G238=Lists!$A$5, Lists!$D$5,G238=Lists!$A$6, Lists!$D$6, G238=Lists!$A$7, Lists!$D$7, G238=Lists!$A$8, Lists!$D$8, G238=Lists!$A$9, Lists!$D$9, G238=Lists!$A$10, Lists!$D$10, TRUE, \"\")","v":""}]
[221,null,null,null,null,null,null,{"$f":"_xlfn.IFS(G239=Lists!$A$2, Lists!$D$2, G239=Lists!$A$3, Lists!$D$3, G239=Lists!$A$4, Lists!$D$4, G239=Lists!$A$5, Lists!$D$5,G239=Lists!$A$6, Lists!$D$6, G239=Lists!$A$7, Lists!$D$7, G239=Lists!$A$8, Lists!$D$8, G239=Lists!$A$9, Lists!$D$9, G239=Lists!$A$10, Lists!$D$10, TRUE, \"\")","v":""}]
[222,null,null,null,null,null,null,{"$f":"_xlfn.IFS(G240=Lists!$A$2, Lists!$D$2, G240=Lists!$A$3, Lists!$D$3, G240=Lists!$A$4, Lists!$D$4, G240=Lists!$A$5, Lists!$D$5,G240=Lists!$A$6, Lists!$D$6, G240=Lists!$A$7, Lists!$D$7, G240=Lists!$A$8, Lists!$D$8, G240=Lists!$A$9, Lists!$D$9, G240=Lists!$A$10, Lists!$D$10, TRUE, \"\")","v":""}]
[223,null,null,null,null,null,null,{"$f":"_xlfn.IFS(G241=Lists!$A$2, Lists!$D$2, G241=Lists!$A$3, Lists!$D$3, G241=Lists!$A$4, Lists!$D$4, G241=Lists!$A$5, Lists!$D$5,G241=Lists!$A$6, Lists!$D$6, G241=Lists!$A$7, Lists!$D$7, G241=Lists!$A$8, Lists!$D$8, G241=Lists!$A$9, Lists!$D$9, G241=Lists!$A$10, Lists!$D$10, TRUE, \"\")","v":""}]
[224,null,null,null,null,null,null,{"$f":"_xlfn.IFS(G242=Lists!$A$2, Lists!$D$2, G242=Lists!$A$3, Lists!$D$3, G242=Lists!$A$4, Lists!$D$4, G242=Lists!$A$5, Lists!$D$5,G242=Lists!$A$6, Lists!$D$6, G242=Lists!$A$7, Lists!$D$7, G242=Lists!$A$8, Lists!$D$8, G242=Lists!$A$9, Lists!$D$9, G242=Lists!$A$10, Lists!$D$10, TRUE, \"\")","v":""}]
[225,null,null,null,null,null,null,{"$f":"_xlfn.IFS(G243=Lists!$A$2, Lists!$D$2, G243=Lists!$A$3, Lists!$D$3, G243=Lists!$A$4, Lists!$D$4, G243=Lists!$A$5, Lists!$D$5,G243=Lists!$A$6, Lists!$D$6, G243=Lists!$A$7, Lists!$D$7, G243=Lists!$A$8, Lists!$D$8, G243=Lists!$A$9, Lists!$D$9, G243=Lists!$A$10, Lists!$D$10, TRUE, \"\")","v":""}]
[226,null,null,null,null,null,null,{"$f":"_xlfn.IFS(G244=Lists!$A$2, Lists!$D$2, G244=Lists!$A$3, Lists!$D$3, G244=Lists!$A$4, Lists!$D$4, G244=Lists!$A$5, Lists!$D$5,G244=Lists!$A$6, Lists!$D$6, G244=Lists!$A$7, Lists!$D$7, G244=Lists!$A$8, Lists!$D$8, G244=Lists!$A$9, Lists!$D$9, G244=Lists!$A$10, Lists!$D$10, TRUE, \"\")","v":""}]
[227,null,null,null,null,null,null,{"$f":"_xlfn.IFS(G245=Lists!$A$2, Lists!$D$2, G245=Lists!$A$3, Lists!$D$3, G245=Lists!$A$4, Lists!$D$4, G245=Lists!$A$5, Lists!$D$5,G245=Lists!$A$6, Lists!$D$6, G245=Lists!$A$7, Lists!$D$7, G245=Lists!$A$8, Lists!$D$8, G245=Lists!$A$9, Lists!$D$9, G245=Lists!$A$10, Lists!$D$10, TRUE, \"\")","v":""}]
[228,null,null,null,null,null,null,{"$f":"_xlfn.IFS(G246=Lists!$A$2, Lists!$D$2, G246=Lists!$A$3, Lists!$D$3, G246=Lists!$A$4, Lists!$D$4, G246=Lists!$A$5, Lists!$D$5,G246=Lists!$A$6, Lists!$D$6, G246=Lists!$A$7, Lists!$D$7, G246=Lists!$A$8, Lists!$D$8, G246=Lists!$A$9, Lists!$D$9, G246=Lists!$A$10, Lists!$D$10, TRUE, \"\")","v":""}]
[229,null,null,null,null,null,null,{"$f":"_xlfn.IFS(G247=Lists!$A$2, Lists!$D$2, G247=Lists!$A$3, Lists!$D$3, G247=Lists!$A$4, Lists!$D$4, G247=Lists!$A$5, Lists!$D$5,G247=Lists!$A$6, Lists!$D$6, G247=Lists!$A$7, Lists!$D$7, G247=Lists!$A$8, Lists!$D$8, G247=Lists!$A$9, Lists!$D$9, G247=Lists!$A$10, Lists!$D$10, TRUE, \"\")","v":""}]
[230,null,null,null,null,null,null,{"$f":"_xlfn.IFS(G248=Lists!$A$2, Lists!$D$2, G248=Lists!$A$3, Lists!$D$3, G248=Lists!$A$4, Lists!$D$4, G248=Lists!$A$5, Lists!$D$5,G248=Lists!$A$6, Lists!$D$6, G248=Lists!$A$7, Lists!$D$7, G248=Lists!$A$8, Lists!$D$8, G248=Lists!$A$9, Lists!$D$9, G248=Lists!$A$10, Lists!$D$10, TRUE, \"\")","v":""}]
[231,null,null,null,null,null,null,{"$f":"_xlfn.IFS(G249=Lists!$A$2, Lists!$D$2, G249=Lists!$A$3, Lists!$D$3, G249=Lists!$A$4, Lists!$D$4, G249=Lists!$A$5, Lists!$D$5,G249=Lists!$A$6, Lists!$D$6, G249=Lists!$A$7, Lists!$D$7, G249=Lists!$A$8, Lists!$D$8, G249=Lists!$A$9, Lists!$D$9, G249=Lists!$A$10, Lists!$D$10, TRUE, \"\")","v":""}]
[232,null,null,null,null,null,null,{"$f":"_xlfn.IFS(G250=Lists!$A$2, Lists!$D$2, G250=Lists!$A$3, Lists!$D$3, G250=Lists!$A$4, Lists!$D$4, G250=Lists!$A$5, Lists!$D$5,G250=Lists!$A$6, Lists!$D$6, G250=Lists!$A$7, Lists!$D$7, G250=Lists!$A$8, Lists!$D$8, G250=Lists!$A$9, Lists!$D$9, G250=Lists!$A$10, Lists!$D$10, TRUE, \"\")","v":""}]
[233,null,null,null,null,null,null,{"$f":"_xlfn.IFS(G251=Lists!$A$2, Lists!$D$2, G251=Lists!$A$3, Lists!$D$3, G251=Lists!$A$4, Lists!$D$4, G251=Lists!$A$5, Lists!$D$5,G251=Lists!$A$6, Lists!$D$6, G251=Lists!$A$7, Lists!$D$7, G251=Lists!$A$8, Lists!$D$8, G251=Lists!$A$9, Lists!$D$9, G251=Lists!$A$10, Lists!$D$10, TRUE, \"\")","v":""}]
[234,null,null,null,null,null,null,{"$f":"_xlfn.IFS(G252=Lists!$A$2, Lists!$D$2, G252=Lists!$A$3, Lists!$D$3, G252=Lists!$A$4, Lists!$D$4, G252=Lists!$A$5, Lists!$D$5,G252=Lists!$A$6, Lists!$D$6, G252=Lists!$A$7, Lists!$D$7, G252=Lists!$A$8, Lists!$D$8, G252=Lists!$A$9, Lists!$D$9, G252=Lists!$A$10, Lists!$D$10, TRUE, \"\")","v":""}]
[235,null,null,null,null,null,null,{"$f":"_xlfn.IFS(G253=Lists!$A$2, Lists!$D$2, G253=Lists!$A$3, Lists!$D$3, G253=Lists!$A$4, Lists!$D$4, G253=Lists!$A$5, Lists!$D$5,G253=Lists!$A$6, Lists!$D$6, G253=Lists!$A$7, Lists!$D$7, G253=Lists!$A$8, Lists!$D$8, G253=Lists!$A$9, Lists!$D$9, G253=Lists!$A$10, Lists!$D$10, TRUE, \"\")","v":""}]
[236,null,null,null,null,null,null,{"$f":"_xlfn.IFS(G254=Lists!$A$2, Lists!$D$2, G254=Lists!$A$3, Lists!$D$3, G254=Lists!$A$4, Lists!$D$4, G254=Lists!$A$5, Lists!$D$5,G254=Lists!$A$6, Lists!$D$6, G254=Lists!$A$7, Lists!$D$7, G254=Lists!$A$8, Lists!$D$8, G254=Lists!$A$9, Lists!$D$9, G254=Lists!$A$10, Lists!$D$10, TRUE, \"\")","v":""}]
[237,null,null,null,null,null,null,{"$f":"_xlfn.IFS(G255=Lists!$A$2, Lists!$D$2, G255=Lists!$A$3, Lists!$D$3, G255=Lists!$A$4, Lists!$D$4, G255=Lists!$A$5, Lists!$D$5,G255=Lists!$A$6, Lists!$D$6, G255=Lists!$A$7, Lists!$D$7, G255=Lists!$A$8, Lists!$D$8, G255=Lists!$A$9, Lists!$D$9, G255=Lists!$A$10, Lists!$D$10, TRUE, \"\")","v":""}]
[238,null,null,null,null,null,null,{"$f":"_xlfn.IFS(G256=Lists!$A$2, Lists!$D$2, G256=Lists!$A$3, Lists!$D$3, G256=Lists!$A$4, Lists!$D$4, G256=Lists!$A$5, Lists!$D$5,G256=Lists!$A$6, Lists!$D$6, G256=Lists!$A$7, Lists!$D$7, G256=Lists!$A$8, Lists!$D$8, G256=Lists!$A$9, Lists!$D$9, G256=Lists!$A$10, Lists!$D$10, TRUE, \"\")","v":""}]
[239,null,null,null,null,null,null,{"$f":"_xlfn.IFS(G257=Lists!$A$2, Lists!$D$2, G257=Lists!$A$3, Lists!$D$3, G257=Lists!$A$4, Lists!$D$4, G257=Lists!$A$5, Lists!$D$5,G257=Lists!$A$6, Lists!$D$6, G257=Lists!$A$7, Lists!$D$7, G257=Lists!$A$8, Lists!$D$8, G257=Lists!$A$9, Lists!$D$9, G257=Lists!$A$10, Lists!$D$10, TRUE, \"\")","v":""}]
[240,null,null,null,null,null,null,{"$f":"_xlfn.IFS(G258=Lists!$A$2, Lists!$D$2, G258=Lists!$A$3, Lists!$D$3, G258=Lists!$A$4, Lists!$D$4, G258=Lists!$A$5, Lists!$D$5,G258=Lists!$A$6, Lists!$D$6, G258=Lists!$A$7, Lists!$D$7, G258=Lists!$A$8, Lists!$D$8, G258=Lists!$A$9, Lists!$D$9, G258=Lists!$A$10, Lists!$D$10, TRUE, \"\")","v":""}]
[241,null,null,null,null,null,null,{"$f":"_xlfn.IFS(G259=Lists!$A$2, Lists!$D$2, G259=Lists!$A$3, Lists!$D$3, G259=Lists!$A$4, Lists!$D$4, G259=Lists!$A$5, Lists!$D$5,G259=Lists!$A$6, Lists!$D$6, G259=Lists!$A$7, Lists!$D$7, G259=Lists!$A$8, Lists!$D$8, G259=Lists!$A$9, Lists!$D$9, G259=Lists!$A$10, Lists!$D$10, TRUE, \"\")","v":""}]
[242,null,null,null,null,null,null,{"$f":"_xlfn.IFS(G260=Lists!$A$2, Lists!$D$2, G260=Lists!$A$3, Lists!$D$3, G260=Lists!$A$4, Lists!$D$4, G260=Lists!$A$5, Lists!$D$5,G260=Lists!$A$6, Lists!$D$6, G260=Lists!$A$7, Lists!$D$7, G260=Lists!$A$8, Lists!$D$8, G260=Lists!$A$9, Lists!$D$9, G260=Lists!$A$10, Lists!$D$10, TRUE, \"\")","v":""}]
[243,null,null,null,null,null,null,{"$f":"_xlfn.IFS(G261=Lists!$A$2, Lists!$D$2, G261=Lists!$A$3, Lists!$D$3, G261=Lists!$A$4, Lists!$D$4, G261=Lists!$A$5, Lists!$D$5,G261=Lists!$A$6, Lists!$D$6, G261=Lists!$A$7, Lists!$D$7, G261=Lists!$A$8, Lists!$D$8, G261=Lists!$A$9, Lists!$D$9, G261=Lists!$A$10, Lists!$D$10, TRUE, \"\")","v":""}]
[244,null,null,null,null,null,null,{"$f":"_xlfn.IFS(G262=Lists!$A$2, Lists!$D$2, G262=Lists!$A$3, Lists!$D$3, G262=Lists!$A$4, Lists!$D$4, G262=Lists!$A$5, Lists!$D$5,G262=Lists!$A$6, Lists!$D$6, G262=Lists!$A$7, Lists!$D$7, G262=Lists!$A$8, Lists!$D$8, G262=Lists!$A$9, Lists!$D$9, G262=Lists!$A$10, Lists!$D$10, TRUE, \"\")","v":""}]
[245,null,null,null,null,null,null,{"$f":"_xlfn.IFS(G263=Lists!$A$2, Lists!$D$2, G263=Lists!$A$3, Lists!$D$3, G263=Lists!$A$4, Lists!$D$4, G263=Lists!$A$5, Lists!$D$5,G263=Lists!$A$6, Lists!$D$6, G263=Lists!$A$7, Lists!$D$7, G263=Lists!$A$8, Lists!$D$8, G263=Lists!$A$9, Lists!$D$9, G263=Lists!$A$10, Lists!$D$10, TRUE, \"\")","v":""}]
[246,null,null,null,null,null,null,{"$f":"_xlfn.IFS(G264=Lists!$A$2, Lists!$D$2, G264=Lists!$A$3, Lists!$D$3, G264=Lists!$A$4, Lists!$D$4, G264=Lists!$A$5, Lists!$D$5,G264=Lists!$A$6, Lists!$D$6, G264=Lists!$A$7, Lists!$D$7, G264=Lists!$A$8, Lists!$D$8, G264=Lists!$A$9, Lists!$D$9, G264=Lists!$A$10, Lists!$D$10, TRUE, \"\")","v":""}]
[247,null,null,null,null,null,null,{"$f":"_xlfn.IFS(G265=Lists!$A$2, Lists!$D$2, G265=Lists!$A$3, Lists!$D$3, G265=Lists!$A$4, Lists!$D$4, G265=Lists!$A$5, Lists!$D$5,G265=Lists!$A$6, Lists!$D$6, G265=Lists!$A$7, Lists!$D$7, G265=Lists!$A$8, Lists!$D$8, G265=Lists!$A$9, Lists!$D$9, G265=Lists!$A$10, Lists!$D$10, TRUE, \"\")","v":""}]
[248,null,null,null,null,null,null,{"$f":"_xlfn.IFS(G266=Lists!$A$2, Lists!$D$2, G266=Lists!$A$3, Lists!$D$3, G266=Lists!$A$4, Lists!$D$4, G266=Lists!$A$5, Lists!$D$5,G266=Lists!$A$6, Lists!$D$6, G266=Lists!$A$7, Lists!$D$7, G266=Lists!$A$8, Lists!$D$8, G266=Lists!$A$9, Lists!$D$9, G266=Lists!$A$10, Lists!$D$10, TRUE, \"\")","v":""}]
[249,null,null,null,null,null,null,{"$f":"_xlfn.IFS(G267=Lists!$A$2, Lists!$D$2, G267=Lists!$A$3, Lists!$D$3, G267=Lists!$A$4, Lists!$D$4, G267=Lists!$A$5, Lists!$D$5,G267=Lists!$A$6, Lists!$D$6, G267=Lists!$A$7, Lists!$D$7, G267=Lists!$A$8, Lists!$D$8, G267=Lists!$A$9, Lists!$D$9, G267=Lists!$A$10, Lists!$D$10, TRUE, \"\")","v":""}]
[250,null,null,null,null,null,null,{"$f":"_xlfn.IFS(G268=Lists!$A$2, Lists!$D$2, G268=Lists!$A$3, Lists!$D$3, G268=Lists!$A$4, Lists!$D$4, G268=Lists!$A$5, Lists!$D$5,G268=Lists!$A$6, Lists!$D$6, G268=Lists!$A$7, Lists!$D$7, G268=Lists!$A$8, Lists!$D$8, G268=Lists!$A$9, Lists!$D$9, G268=Lists!$A$10, Lists!$D$10, TRUE, \"\")","v":""}]
[251,null,null,null,null,null,null,{"$f":"_xlfn.IFS(G269=Lists!$A$2, Lists!$D$2, G269=Lists!$A$3, Lists!$D$3, G269=Lists!$A$4, Lists!$D$4, G269=Lists!$A$5, Lists!$D$5,G269=Lists!$A$6, Lists!$D$6, G269=Lists!$A$7, Lists!$D$7, G269=Lists!$A$8, Lists!$D$8, G269=Lists!$A$9, Lists!$D$9, G269=Lists!$A$10, Lists!$D$10, TRUE, \"\")","v":""}]
[252,null,null,null,null,null,null,{"$f":"_xlfn.IFS(G270=Lists!$A$2, Lists!$D$2, G270=Lists!$A$3, Lists!$D$3, G270=Lists!$A$4, Lists!$D$4, G270=Lists!$A$5, Lists!$D$5,G270=Lists!$A$6, Lists!$D$6, G270=Lists!$A$7, Lists!$D$7, G270=Lists!$A$8, Lists!$D$8, G270=Lists!$A$9, Lists!$D$9, G270=Lists!$A$10, Lists!$D$10, TRUE, \"\")","v":""}]
[253,null,null,null,null,null,null,{"$f":"_xlfn.IFS(G271=Lists!$A$2, Lists!$D$2, G271=Lists!$A$3, Lists!$D$3, G271=Lists!$A$4, Lists!$D$4, G271=Lists!$A$5, Lists!$D$5,G271=Lists!$A$6, Lists!$D$6, G271=Lists!$A$7, Lists!$D$7, G271=Lists!$A$8, Lists!$D$8, G271=Lists!$A$9, Lists!$D$9, G271=Lists!$A$10, Lists!$D$10, TRUE, \"\")","v":""}]
[254,null,null,null,null,null,null,{"$f":"_xlfn.IFS(G272=Lists!$A$2, Lists!$D$2, G272=Lists!$A$3, Lists!$D$3, G272=Lists!$A$4, Lists!$D$4, G272=Lists!$A$5, Lists!$D$5,G272=Lists!$A$6, Lists!$D$6, G272=Lists!$A$7, Lists!$D$7, G272=Lists!$A$8, Lists!$D$8, G272=Lists!$A$9, Lists!$D$9, G272=Lists!$A$10, Lists!$D$10, TRUE, \"\")","v":""}]
[255,null,null,null,null,null,null,{"$f":"_xlfn.IFS(G273=Lists!$A$2, Lists!$D$2, G273=Lists!$A$3, Lists!$D$3, G273=Lists!$A$4, Lists!$D$4, G273=Lists!$A$5, Lists!$D$5,G273=Lists!$A$6, Lists!$D$6, G273=Lists!$A$7, Lists!$D$7, G273=Lists!$A$8, Lists!$D$8, G273=Lists!$A$9, Lists!$D$9, G273=Lists!$A$10, Lists!$D$10, TRUE, \"\")","v":""}]
[256,null,null,null,null,null,null,{"$f":"_xlfn.IFS(G274=Lists!$A$2, Lists!$D$2, G274=Lists!$A$3, Lists!$D$3, G274=Lists!$A$4, Lists!$D$4, G274=Lists!$A$5, Lists!$D$5,G274=Lists!$A$6, Lists!$D$6, G274=Lists!$A$7, Lists!$D$7, G274=Lists!$A$8, Lists!$D$8, G274=Lists!$A$9, Lists!$D$9, G274=Lists!$A$10, Lists!$D$10, TRUE, \"\")","v":""}]
[257,null,null,null,null,null,null,{"$f":"_xlfn.IFS(G275=Lists!$A$2, Lists!$D$2, G275=Lists!$A$3, Lists!$D$3, G275=Lists!$A$4, Lists!$D$4, G275=Lists!$A$5, Lists!$D$5,G275=Lists!$A$6, Lists!$D$6, G275=Lists!$A$7, Lists!$D$7, G275=Lists!$A$8, Lists!$D$8, G275=Lists!$A$9, Lists!$D$9, G275=Lists!$A$10, Lists!$D$10, TRUE, \"\")","v":""}]
[258,null,null,null,null,null,null,{"$f":"_xlfn.IFS(G276=Lists!$A$2, Lists!$D$2, G276=Lists!$A$3, Lists!$D$3, G276=Lists!$A$4, Lists!$D$4, G276=Lists!$A$5, Lists!$D$5,G276=Lists!$A$6, Lists!$D$6, G276=Lists!$A$7, Lists!$D$7, G276=Lists!$A$8, Lists!$D$8, G276=Lists!$A$9, Lists!$D$9, G276=Lists!$A$10, Lists!$D$10, TRUE, \"\")","v":""}]
[259,null,null,null,null,null,null,{"$f":"_xlfn.IFS(G277=Lists!$A$2, Lists!$D$2, G277=Lists!$A$3, Lists!$D$3, G277=Lists!$A$4, Lists!$D$4, G277=Lists!$A$5, Lists!$D$5,G277=Lists!$A$6, Lists!$D$6, G277=Lists!$A$7, Lists!$D$7, G277=Lists!$A$8, Lists!$D$8, G277=Lists!$A$9, Lists!$D$9, G277=Lists!$A$10, Lists!$D$10, TRUE, \"\")","v":""}]
[260,null,null,null,null,null,null,{"$f":"_xlfn.IFS(G278=Lists!$A$2, Lists!$D$2, G278=Lists!$A$3, Lists!$D$3, G278=Lists!$A$4, Lists!$D$4, G278=Lists!$A$5, Lists!$D$5,G278=Lists!$A$6, Lists!$D$6, G278=Lists!$A$7, Lists!$D$7, G278=Lists!$A$8, Lists!$D$8, G278=Lists!$A$9, Lists!$D$9, G278=Lists!$A$10, Lists!$D$10, TRUE, \"\")","v":""}]
[261,null,null,null,null,null,null,{"$f":"_xlfn.IFS(G279=Lists!$A$2, Lists!$D$2, G279=Lists!$A$3, Lists!$D$3, G279=Lists!$A$4, Lists!$D$4, G279=Lists!$A$5, Lists!$D$5,G279=Lists!$A$6, Lists!$D$6, G279=Lists!$A$7, Lists!$D$7, G279=Lists!$A$8, Lists!$D$8, G279=Lists!$A$9, Lists!$D$9, G279=Lists!$A$10, Lists!$D$10, TRUE, \"\")","v":""}]
[262,null,null,null,null,null,null,{"$f":"_xlfn.IFS(G280=Lists!$A$2, Lists!$D$2, G280=Lists!$A$3, Lists!$D$3, G280=Lists!$A$4, Lists!$D$4, G280=Lists!$A$5, Lists!$D$5,G280=Lists!$A$6, Lists!$D$6, G280=Lists!$A$7, Lists!$D$7, G280=Lists!$A$8, Lists!$D$8, G280=Lists!$A$9, Lists!$D$9, G280=Lists!$A$10, Lists!$D$10, TRUE, \"\")","v":""}]
[263,null,null,null,null,null,null,{"$f":"_xlfn.IFS(G281=Lists!$A$2, Lists!$D$2, G281=Lists!$A$3, Lists!$D$3, G281=Lists!$A$4, Lists!$D$4, G281=Lists!$A$5, Lists!$D$5,G281=Lists!$A$6, Lists!$D$6, G281=Lists!$A$7, Lists!$D$7, G281=Lists!$A$8, Lists!$D$8, G281=Lists!$A$9, Lists!$D$9, G281=Lists!$A$10, Lists!$D$10, TRUE, \"\")","v":""}]
[264,null,null,null,null,null,null,{"$f":"_xlfn.IFS(G282=Lists!$A$2, Lists!$D$2, G282=Lists!$A$3, Lists!$D$3, G282=Lists!$A$4, Lists!$D$4, G282=Lists!$A$5, Lists!$D$5,G282=Lists!$A$6, Lists!$D$6, G282=Lists!$A$7, Lists!$D$7, G282=Lists!$A$8, Lists!$D$8, G282=Lists!$A$9, Lists!$D$9, G282=Lists!$A$10, Lists!$D$10, TRUE, \"\")","v":""}]
[265,null,null,null,null,null,null,{"$f":"_xlfn.IFS(G283=Lists!$A$2, Lists!$D$2, G283=Lists!$A$3, Lists!$D$3, G283=Lists!$A$4, Lists!$D$4, G283=Lists!$A$5, Lists!$D$5,G283=Lists!$A$6, Lists!$D$6, G283=Lists!$A$7, Lists!$D$7, G283=Lists!$A$8, Lists!$D$8, G283=Lists!$A$9, Lists!$D$9, G283=Lists!$A$10, Lists!$D$10, TRUE, \"\")","v":""}]
[266,null,null,null,null,null,null,{"$f":"_xlfn.IFS(G284=Lists!$A$2, Lists!$D$2, G284=Lists!$A$3, Lists!$D$3, G284=Lists!$A$4, Lists!$D$4, G284=Lists!$A$5, Lists!$D$5,G284=Lists!$A$6, Lists!$D$6, G284=Lists!$A$7, Lists!$D$7, G284=Lists!$A$8, Lists!$D$8, G284=Lists!$A$9, Lists!$D$9, G284=Lists!$A$10, Lists!$D$10, TRUE, \"\")","v":""}]
[267,null,null,null,null,null,null,{"$f":"_xlfn.IFS(G285=Lists!$A$2, Lists!$D$2, G285=Lists!$A$3, Lists!$D$3, G285=Lists!$A$4, Lists!$D$4, G285=Lists!$A$5, Lists!$D$5,G285=Lists!$A$6, Lists!$D$6, G285=Lists!$A$7, Lists!$D$7, G285=Lists!$A$8, Lists!$D$8, G285=Lists!$A$9, Lists!$D$9, G285=Lists!$A$10, Lists!$D$10, TRUE, \"\")","v":""}]
[268,null,null,null,null,null,null,{"$f":"_xlfn.IFS(G286=Lists!$A$2, Lists!$D$2, G286=Lists!$A$3, Lists!$D$3, G286=Lists!$A$4, Lists!$D$4, G286=Lists!$A$5, Lists!$D$5,G286=Lists!$A$6, Lists!$D$6, G286=Lists!$A$7, Lists!$D$7, G286=Lists!$A$8, Lists!$D$8, G286=Lists!$A$9, Lists!$D$9, G286=Lists!$A$10, Lists!$D$10, TRUE, \"\")","v":""}]
[269,null,null,null,null,null,null,{"$f":"_xlfn.IFS(G287=Lists!$A$2, Lists!$D$2, G287=Lists!$A$3, Lists!$D$3, G287=Lists!$A$4, Lists!$D$4, G287=Lists!$A$5, Lists!$D$5,G287=Lists!$A$6, Lists!$D$6, G287=Lists!$A$7, Lists!$D$7, G287=Lists!$A$8, Lists!$D$8, G287=Lists!$A$9, Lists!$D$9, G287=Lists!$A$10, Lists!$D$10, TRUE, \"\")","v":""}]
[270,null,null,null,null,null,null,{"$f":"_xlfn.IFS(G288=Lists!$A$2, Lists!$D$2, G288=Lists!$A$3, Lists!$D$3, G288=Lists!$A$4, Lists!$D$4, G288=Lists!$A$5, Lists!$D$5,G288=Lists!$A$6, Lists!$D$6, G288=Lists!$A$7, Lists!$D$7, G288=Lists!$A$8, Lists!$D$8, G288=Lists!$A$9, Lists!$D$9, G288=Lists!$A$10, Lists!$D$10, TRUE, \"\")","v":""}]
[271,null,null,null,null,null,null,{"$f":"_xlfn.IFS(G289=Lists!$A$2, Lists!$D$2, G289=Lists!$A$3, Lists!$D$3, G289=Lists!$A$4, Lists!$D$4, G289=Lists!$A$5, Lists!$D$5,G289=Lists!$A$6, Lists!$D$6, G289=Lists!$A$7, Lists!$D$7, G289=Lists!$A$8, Lists!$D$8, G289=Lists!$A$9, Lists!$D$9, G289=Lists!$A$10, Lists!$D$10, TRUE, \"\")","v":""}]
[272,null,null,null,null,null,null,{"$f":"_xlfn.IFS(G290=Lists!$A$2, Lists!$D$2, G290=Lists!$A$3, Lists!$D$3, G290=Lists!$A$4, Lists!$D$4, G290=Lists!$A$5, Lists!$D$5,G290=Lists!$A$6, Lists!$D$6, G290=Lists!$A$7, Lists!$D$7, G290=Lists!$A$8, Lists!$D$8, G290=Lists!$A$9, Lists!$D$9, G290=Lists!$A$10, Lists!$D$10, TRUE, \"\")","v":""}]
[273,null,null,null,null,null,null,{"$f":"_xlfn.IFS(G291=Lists!$A$2, Lists!$D$2, G291=Lists!$A$3, Lists!$D$3, G291=Lists!$A$4, Lists!$D$4, G291=Lists!$A$5, Lists!$D$5,G291=Lists!$A$6, Lists!$D$6, G291=Lists!$A$7, Lists!$D$7, G291=Lists!$A$8, Lists!$D$8, G291=Lists!$A$9, Lists!$D$9, G291=Lists!$A$10, Lists!$D$10, TRUE, \"\")","v":""}]
[274,null,null,null,null,null,null,{"$f":"_xlfn.IFS(G292=Lists!$A$2, Lists!$D$2, G292=Lists!$A$3, Lists!$D$3, G292=Lists!$A$4, Lists!$D$4, G292=Lists!$A$5, Lists!$D$5,G292=Lists!$A$6, Lists!$D$6, G292=Lists!$A$7, Lists!$D$7, G292=Lists!$A$8, Lists!$D$8, G292=Lists!$A$9, Lists!$D$9, G292=Lists!$A$10, Lists!$D$10, TRUE, \"\")","v":""}]
[275,null,null,null,null,null,null,{"$f":"_xlfn.IFS(G293=Lists!$A$2, Lists!$D$2, G293=Lists!$A$3, Lists!$D$3, G293=Lists!$A$4, Lists!$D$4, G293=Lists!$A$5, Lists!$D$5,G293=Lists!$A$6, Lists!$D$6, G293=Lists!$A$7, Lists!$D$7, G293=Lists!$A$8, Lists!$D$8, G293=Lists!$A$9, Lists!$D$9, G293=Lists!$A$10, Lists!$D$10, TRUE, \"\")","v":""}]
[276,null,null,null,null,null,null,{"$f":"_xlfn.IFS(G294=Lists!$A$2, Lists!$D$2, G294=Lists!$A$3, Lists!$D$3, G294=Lists!$A$4, Lists!$D$4, G294=Lists!$A$5, Lists!$D$5,G294=Lists!$A$6, Lists!$D$6, G294=Lists!$A$7, Lists!$D$7, G294=Lists!$A$8, Lists!$D$8, G294=Lists!$A$9, Lists!$D$9, G294=Lists!$A$10, Lists!$D$10, TRUE, \"\")","v":""}]
[277,null,null,null,null,null,null,{"$f":"_xlfn.IFS(G295=Lists!$A$2, Lists!$D$2, G295=Lists!$A$3, Lists!$D$3, G295=Lists!$A$4, Lists!$D$4, G295=Lists!$A$5, Lists!$D$5,G295=Lists!$A$6, Lists!$D$6, G295=Lists!$A$7, Lists!$D$7, G295=Lists!$A$8, Lists!$D$8, G295=Lists!$A$9, Lists!$D$9, G295=Lists!$A$10, Lists!$D$10, TRUE, \"\")","v":""}]
[278,null,null,null,null,null,null,{"$f":"_xlfn.IFS(G296=Lists!$A$2, Lists!$D$2, G296=Lists!$A$3, Lists!$D$3, G296=Lists!$A$4, Lists!$D$4, G296=Lists!$A$5, Lists!$D$5,G296=Lists!$A$6, Lists!$D$6, G296=Lists!$A$7, Lists!$D$7, G296=Lists!$A$8, Lists!$D$8, G296=Lists!$A$9, Lists!$D$9, G296=Lists!$A$10, Lists!$D$10, TRUE, \"\")","v":""}]
[279,null,null,null,null,null,null,{"$f":"_xlfn.IFS(G297=Lists!$A$2, Lists!$D$2, G297=Lists!$A$3, Lists!$D$3, G297=Lists!$A$4, Lists!$D$4, G297=Lists!$A$5, Lists!$D$5,G297=Lists!$A$6, Lists!$D$6, G297=Lists!$A$7, Lists!$D$7, G297=Lists!$A$8, Lists!$D$8, G297=Lists!$A$9, Lists!$D$9, G297=Lists!$A$10, Lists!$D$10, TRUE, \"\")","v":""}]
[280,null,null,null,null,null,null,{"$f":"_xlfn.IFS(G298=Lists!$A$2, Lists!$D$2, G298=Lists!$A$3, Lists!$D$3, G298=Lists!$A$4, Lists!$D$4, G298=Lists!$A$5, Lists!$D$5,G298=Lists!$A$6, Lists!$D$6, G298=Lists!$A$7, Lists!$D$7, G298=Lists!$A$8, Lists!$D$8, G298=Lists!$A$9, Lists!$D$9, G298=Lists!$A$10, Lists!$D$10, TRUE, \"\")","v":""}]
[281,null,null,null,null,null,null,{"$f":"_xlfn.IFS(G299=Lists!$A$2, Lists!$D$2, G299=Lists!$A$3, Lists!$D$3, G299=Lists!$A$4, Lists!$D$4, G299=Lists!$A$5, Lists!$D$5,G299=Lists!$A$6, Lists!$D$6, G299=Lists!$A$7, Lists!$D$7, G299=Lists!$A$8, Lists!$D$8, G299=Lists!$A$9, Lists!$D$9, G299=Lists!$A$10, Lists!$D$10, TRUE, \"\")","v":""}]
[282,null,null,null,null,null,null,{"$f":"_xlfn.IFS(G300=Lists!$A$2, Lists!$D$2, G300=Lists!$A$3, Lists!$D$3, G300=Lists!$A$4, Lists!$D$4, G300=Lists!$A$5, Lists!$D$5,G300=Lists!$A$6, Lists!$D$6, G300=Lists!$A$7, Lists!$D$7, G300=Lists!$A$8, Lists!$D$8, G300=Lists!$A$9, Lists!$D$9, G300=Lists!$A$10, Lists!$D$10, TRUE, \"\")","v":""}]
[283,null,null,null,null,null,null,{"$f":"_xlfn.IFS(G301=Lists!$A$2, Lists!$D$2, G301=Lists!$A$3, Lists!$D$3, G301=Lists!$A$4, Lists!$D$4, G301=Lists!$A$5, Lists!$D$5,G301=Lists!$A$6, Lists!$D$6, G301=Lists!$A$7, Lists!$D$7, G301=Lists!$A$8, Lists!$D$8, G301=Lists!$A$9, Lists!$D$9, G301=Lists!$A$10, Lists!$D$10, TRUE, \"\")","v":""}]
[284,null,null,null,null,null,null,{"$f":"_xlfn.IFS(G302=Lists!$A$2, Lists!$D$2, G302=Lists!$A$3, Lists!$D$3, G302=Lists!$A$4, Lists!$D$4, G302=Lists!$A$5, Lists!$D$5,G302=Lists!$A$6, Lists!$D$6, G302=Lists!$A$7, Lists!$D$7, G302=Lists!$A$8, Lists!$D$8, G302=Lists!$A$9, Lists!$D$9, G302=Lists!$A$10, Lists!$D$10, TRUE, \"\")","v":""}]
[285,null,null,null,null,null,null,{"$f":"_xlfn.IFS(G303=Lists!$A$2, Lists!$D$2, G303=Lists!$A$3, Lists!$D$3, G303=Lists!$A$4, Lists!$D$4, G303=Lists!$A$5, Lists!$D$5,G303=Lists!$A$6, Lists!$D$6, G303=Lists!$A$7, Lists!$D$7, G303=Lists!$A$8, Lists!$D$8, G303=Lists!$A$9, Lists!$D$9, G303=Lists!$A$10, Lists!$D$10, TRUE, \"\")","v":""}]
[286,null,null,null,null,null,null,{"$f":"_xlfn.IFS(G304=Lists!$A$2, Lists!$D$2, G304=Lists!$A$3, Lists!$D$3, G304=Lists!$A$4, Lists!$D$4, G304=Lists!$A$5, Lists!$D$5,G304=Lists!$A$6, Lists!$D$6, G304=Lists!$A$7, Lists!$D$7, G304=Lists!$A$8, Lists!$D$8, G304=Lists!$A$9, Lists!$D$9, G304=Lists!$A$10, Lists!$D$10, TRUE, \"\")","v":""}]
[287,null,null,null,null,null,null,{"$f":"_xlfn.IFS(G305=Lists!$A$2, Lists!$D$2, G305=Lists!$A$3, Lists!$D$3, G305=Lists!$A$4, Lists!$D$4, G305=Lists!$A$5, Lists!$D$5,G305=Lists!$A$6, Lists!$D$6, G305=Lists!$A$7, Lists!$D$7, G305=Lists!$A$8, Lists!$D$8, G305=Lists!$A$9, Lists!$D$9, G305=Lists!$A$10, Lists!$D$10, TRUE, \"\")","v":""}]
[288,null,null,null,null,null,null,{"$f":"_xlfn.IFS(G306=Lists!$A$2, Lists!$D$2, G306=Lists!$A$3, Lists!$D$3, G306=Lists!$A$4, Lists!$D$4, G306=Lists!$A$5, Lists!$D$5,G306=Lists!$A$6, Lists!$D$6, G306=Lists!$A$7, Lists!$D$7, G306=Lists!$A$8, Lists!$D$8, G306=Lists!$A$9, Lists!$D$9, G306=Lists!$A$10, Lists!$D$10, TRUE, \"\")","v":""}]
[289,null,null,null,null,null,null,{"$f":"_xlfn.IFS(G307=Lists!$A$2, Lists!$D$2, G307=Lists!$A$3, Lists!$D$3, G307=Lists!$A$4, Lists!$D$4, G307=Lists!$A$5, Lists!$D$5,G307=Lists!$A$6, Lists!$D$6, G307=Lists!$A$7, Lists!$D$7, G307=Lists!$A$8, Lists!$D$8, G307=Lists!$A$9, Lists!$D$9, G307=Lists!$A$10, Lists!$D$10, TRUE, \"\")","v":""}]
[290,null,null,null,null,null,null,{"$f":"_xlfn.IFS(G308=Lists!$A$2, Lists!$D$2, G308=Lists!$A$3, Lists!$D$3, G308=Lists!$A$4, Lists!$D$4, G308=Lists!$A$5, Lists!$D$5,G308=Lists!$A$6, Lists!$D$6, G308=Lists!$A$7, Lists!$D$7, G308=Lists!$A$8, Lists!$D$8, G308=Lists!$A$9, Lists!$D$9, G308=Lists!$A$10, Lists!$D$10, TRUE, \"\")","v":""}]
[291,null,null,null,null,null,null,{"$f":"_xlfn.IFS(G309=Lists!$A$2, Lists!$D$2, G309=Lists!$A$3, Lists!$D$3, G309=Lists!$A$4, Lists!$D$4, G309=Lists!$A$5, Lists!$D$5,G309=Lists!$A$6, Lists!$D$6, G309=Lists!$A$7, Lists!$D$7, G309=Lists!$A$8, Lists!$D$8, G309=Lists!$A$9, Lists!$D$9, G309=Lists!$A$10, Lists!$D$10, TRUE, \"\")","v":""}]
[292,null,null,null,null,null,null,{"$f":"_xlfn.IFS(G310=Lists!$A$2, Lists!$D$2, G310=Lists!$A$3, Lists!$D$3, G310=Lists!$A$4, Lists!$D$4, G310=Lists!$A$5, Lists!$D$5,G310=Lists!$A$6, Lists!$D$6, G310=Lists!$A$7, Lists!$D$7, G310=Lists!$A$8, Lists!$D$8, G310=Lists!$A$9, Lists!$D$9, G310=Lists!$A$10, Lists!$D$10, TRUE, \"\")","v":""}]
[293,null,null,null,null,null,null,{"$f":"_xlfn.IFS(G311=Lists!$A$2, Lists!$D$2, G311=Lists!$A$3, Lists!$D$3, G311=Lists!$A$4, Lists!$D$4, G311=Lists!$A$5, Lists!$D$5,G311=Lists!$A$6, Lists!$D$6, G311=Lists!$A$7, Lists!$D$7, G311=Lists!$A$8, Lists!$D$8, G311=Lists!$A$9, Lists!$D$9, G311=Lists!$A$10, Lists!$D$10, TRUE, \"\")","v":""}]
[294,null,null,null,null,null,null,{"$f":"_xlfn.IFS(G312=Lists!$A$2, Lists!$D$2, G312=Lists!$A$3, Lists!$D$3, G312=Lists!$A$4, Lists!$D$4, G312=Lists!$A$5, Lists!$D$5,G312=Lists!$A$6, Lists!$D$6, G312=Lists!$A$7, Lists!$D$7, G312=Lists!$A$8, Lists!$D$8, G312=Lists!$A$9, Lists!$D$9, G312=Lists!$A$10, Lists!$D$10, TRUE, \"\")","v":""}]
[295,null,null,null,null,null,null,{"$f":"_xlfn.IFS(G313=Lists!$A$2, Lists!$D$2, G313=Lists!$A$3, Lists!$D$3, G313=Lists!$A$4, Lists!$D$4, G313=Lists!$A$5, Lists!$D$5,G313=Lists!$A$6, Lists!$D$6, G313=Lists!$A$7, Lists!$D$7, G313=Lists!$A$8, Lists!$D$8, G313=Lists!$A$9, Lists!$D$9, G313=Lists!$A$10, Lists!$D$10, TRUE, \"\")","v":""}]
[296,null,null,null,null,null,null,{"$f":"_xlfn.IFS(G314=Lists!$A$2, Lists!$D$2, G314=Lists!$A$3, Lists!$D$3, G314=Lists!$A$4, Lists!$D$4, G314=Lists!$A$5, Lists!$D$5,G314=Lists!$A$6, Lists!$D$6, G314=Lists!$A$7, Lists!$D$7, G314=Lists!$A$8, Lists!$D$8, G314=Lists!$A$9, Lists!$D$9, G314=Lists!$A$10, Lists!$D$10, TRUE, \"\")","v":""}]
[297,null,null,null,null,null,null,{"$f":"_xlfn.IFS(G315=Lists!$A$2, Lists!$D$2, G315=Lists!$A$3, Lists!$D$3, G315=Lists!$A$4, Lists!$D$4, G315=Lists!$A$5, Lists!$D$5,G315=Lists!$A$6, Lists!$D$6, G315=Lists!$A$7, Lists!$D$7, G315=Lists!$A$8, Lists!$D$8, G315=Lists!$A$9, Lists!$D$9, G315=Lists!$A$10, Lists!$D$10, TRUE, \"\")","v":""}]
[298,null,null,null,null,null,null,{"$f":"_xlfn.IFS(G316=Lists!$A$2, Lists!$D$2, G316=Lists!$A$3, Lists!$D$3, G316=Lists!$A$4, Lists!$D$4, G316=Lists!$A$5, Lists!$D$5,G316=Lists!$A$6, Lists!$D$6, G316=Lists!$A$7, Lists!$D$7, G316=Lists!$A$8, Lists!$D$8, G316=Lists!$A$9, Lists!$D$9, G316=Lists!$A$10, Lists!$D$10, TRUE, \"\")","v":""}]
[299,null,null,null,null,null,null,{"$f":"_xlfn.IFS(G317=Lists!$A$2, Lists!$D$2, G317=Lists!$A$3, Lists!$D$3, G317=Lists!$A$4, Lists!$D$4, G317=Lists!$A$5, Lists!$D$5,G317=Lists!$A$6, Lists!$D$6, G317=Lists!$A$7, Lists!$D$7, G317=Lists!$A$8, Lists!$D$8, G317=Lists!$A$9, Lists!$D$9, G317=Lists!$A$10, Lists!$D$10, TRUE, \"\")","v":""}]
[300,null,null,null,null,null,null,{"$f":"_xlfn.IFS(G318=Lists!$A$2, Lists!$D$2, G318=Lists!$A$3, Lists!$D$3, G318=Lists!$A$4, Lists!$D$4, G318=Lists!$A$5, Lists!$D$5,G318=Lists!$A$6, Lists!$D$6, G318=Lists!$A$7, Lists!$D$7, G318=Lists!$A$8, Lists!$D$8, G318=Lists!$A$9, Lists!$D$9, G318=Lists!$A$10, Lists!$D$10, TRUE, \"\")","v":""}]
[301,null,null,null,null,null,null,{"$f":"_xlfn.IFS(G319=Lists!$A$2, Lists!$D$2, G319=Lists!$A$3, Lists!$D$3, G319=Lists!$A$4, Lists!$D$4, G319=Lists!$A$5, Lists!$D$5,G319=Lists!$A$6, Lists!$D$6, G319=Lists!$A$7, Lists!$D$7, G319=Lists!$A$8, Lists!$D$8, G319=Lists!$A$9, Lists!$D$9, G319=Lists!$A$10, Lists!$D$10, TRUE, \"\")","v":""}]
[302,null,null,null,null,null,null,{"$f":"_xlfn.IFS(G320=Lists!$A$2, Lists!$D$2, G320=Lists!$A$3, Lists!$D$3, G320=Lists!$A$4, Lists!$D$4, G320=Lists!$A$5, Lists!$D$5,G320=Lists!$A$6, Lists!$D$6, G320=Lists!$A$7, Lists!$D$7, G320=Lists!$A$8, Lists!$D$8, G320=Lists!$A$9, Lists!$D$9, G320=Lists!$A$10, Lists!$D$10, TRUE, \"\")","v":""}]
[303,null,null,null,null,null,null,{"$f":"_xlfn.IFS(G321=Lists!$A$2, Lists!$D$2, G321=Lists!$A$3, Lists!$D$3, G321=Lists!$A$4, Lists!$D$4, G321=Lists!$A$5, Lists!$D$5,G321=Lists!$A$6, Lists!$D$6, G321=Lists!$A$7, Lists!$D$7, G321=Lists!$A$8, Lists!$D$8, G321=Lists!$A$9, Lists!$D$9, G321=Lists!$A$10, Lists!$D$10, TRUE, \"\")","v":""}]
[304,null,null,null,null,null,null,{"$f":"_xlfn.IFS(G322=Lists!$A$2, Lists!$D$2, G322=Lists!$A$3, Lists!$D$3, G322=Lists!$A$4, Lists!$D$4, G322=Lists!$A$5, Lists!$D$5,G322=Lists!$A$6, Lists!$D$6, G322=Lists!$A$7, Lists!$D$7, G322=Lists!$A$8, Lists!$D$8, G322=Lists!$A$9, Lists!$D$9, G322=Lists!$A$10, Lists!$D$10, TRUE, \"\")","v":""}]
[305,null,null,null,null,null,null,{"$f":"_xlfn.IFS(G323=Lists!$A$2, Lists!$D$2, G323=Lists!$A$3, Lists!$D$3, G323=Lists!$A$4, Lists!$D$4, G323=Lists!$A$5, Lists!$D$5,G323=Lists!$A$6, Lists!$D$6, G323=Lists!$A$7, Lists!$D$7, G323=Lists!$A$8, Lists!$D$8, G323=Lists!$A$9, Lists!$D$9, G323=Lists!$A$10, Lists!$D$10, TRUE, \"\")","v":""}]
[306,null,null,null,null,null,null,{"$f":"_xlfn.IFS(G324=Lists!$A$2, Lists!$D$2, G324=Lists!$A$3, Lists!$D$3, G324=Lists!$A$4, Lists!$D$4, G324=Lists!$A$5, Lists!$D$5,G324=Lists!$A$6, Lists!$D$6, G324=Lists!$A$7, Lists!$D$7, G324=Lists!$A$8, Lists!$D$8, G324=Lists!$A$9, Lists!$D$9, G324=Lists!$A$10, Lists!$D$10, TRUE, \"\")","v":""}]
[307,null,null,null,null,null,null,{"$f":"_xlfn.IFS(G325=Lists!$A$2, Lists!$D$2, G325=Lists!$A$3, Lists!$D$3, G325=Lists!$A$4, Lists!$D$4, G325=Lists!$A$5, Lists!$D$5,G325=Lists!$A$6, Lists!$D$6, G325=Lists!$A$7, Lists!$D$7, G325=Lists!$A$8, Lists!$D$8, G325=Lists!$A$9, Lists!$D$9, G325=Lists!$A$10, Lists!$D$10, TRUE, \"\")","v":""}]
[308,null,null,null,null,null,null,{"$f":"_xlfn.IFS(G326=Lists!$A$2, Lists!$D$2, G326=Lists!$A$3, Lists!$D$3, G326=Lists!$A$4, Lists!$D$4, G326=Lists!$A$5, Lists!$D$5,G326=Lists!$A$6, Lists!$D$6, G326=Lists!$A$7, Lists!$D$7, G326=Lists!$A$8, Lists!$D$8, G326=Lists!$A$9, Lists!$D$9, G326=Lists!$A$10, Lists!$D$10, TRUE, \"\")","v":""}]
[309,null,null,null,null,null,null,{"$f":"_xlfn.IFS(G327=Lists!$A$2, Lists!$D$2, G327=Lists!$A$3, Lists!$D$3, G327=Lists!$A$4, Lists!$D$4, G327=Lists!$A$5, Lists!$D$5,G327=Lists!$A$6, Lists!$D$6, G327=Lists!$A$7, Lists!$D$7, G327=Lists!$A$8, Lists!$D$8, G327=Lists!$A$9, Lists!$D$9, G327=Lists!$A$10, Lists!$D$10, TRUE, \"\")","v":""}]
[310,null,null,null,null,null,null,{"$f":"_xlfn.IFS(G328=Lists!$A$2, Lists!$D$2, G328=Lists!$A$3, Lists!$D$3, G328=Lists!$A$4, Lists!$D$4, G328=Lists!$A$5, Lists!$D$5,G328=Lists!$A$6, Lists!$D$6, G328=Lists!$A$7, Lists!$D$7, G328=Lists!$A$8, Lists!$D$8, G328=Lists!$A$9, Lists!$D$9, G328=Lists!$A$10, Lists!$D$10, TRUE, \"\")","v":""}]
[311,null,null,null,null,null,null,{"$f":"_xlfn.IFS(G329=Lists!$A$2, Lists!$D$2, G329=Lists!$A$3, Lists!$D$3, G329=Lists!$A$4, Lists!$D$4, G329=Lists!$A$5, Lists!$D$5,G329=Lists!$A$6, Lists!$D$6, G329=Lists!$A$7, Lists!$D$7, G329=Lists!$A$8, Lists!$D$8, G329=Lists!$A$9, Lists!$D$9, G329=Lists!$A$10, Lists!$D$10, TRUE, \"\")","v":""}]
[312,null,null,null,null,null,null,{"$f":"_xlfn.IFS(G330=Lists!$A$2, Lists!$D$2, G330=Lists!$A$3, Lists!$D$3, G330=Lists!$A$4, Lists!$D$4, G330=Lists!$A$5, Lists!$D$5,G330=Lists!$A$6, Lists!$D$6, G330=Lists!$A$7, Lists!$D$7, G330=Lists!$A$8, Lists!$D$8, G330=Lists!$A$9, Lists!$D$9, G330=Lists!$A$10, Lists!$D$10, TRUE, \"\")","v":""}]
[313,null,null,null,null,null,null,{"$f":"_xlfn.IFS(G331=Lists!$A$2, Lists!$D$2, G331=Lists!$A$3, Lists!$D$3, G331=Lists!$A$4, Lists!$D$4, G331=Lists!$A$5, Lists!$D$5,G331=Lists!$A$6, Lists!$D$6, G331=Lists!$A$7, Lists!$D$7, G331=Lists!$A$8, Lists!$D$8, G331=Lists!$A$9, Lists!$D$9, G331=Lists!$A$10, Lists!$D$10, TRUE, \"\")","v":""}]
[314,null,null,null,null,null,null,{"$f":"_xlfn.IFS(G332=Lists!$A$2, Lists!$D$2, G332=Lists!$A$3, Lists!$D$3, G332=Lists!$A$4, Lists!$D$4, G332=Lists!$A$5, Lists!$D$5,G332=Lists!$A$6, Lists!$D$6, G332=Lists!$A$7, Lists!$D$7, G332=Lists!$A$8, Lists!$D$8, G332=Lists!$A$9, Lists!$D$9, G332=Lists!$A$10, Lists!$D$10, TRUE, \"\")","v":""}]
[315,null,null,null,null,null,null,{"$f":"_xlfn.IFS(G333=Lists!$A$2, Lists!$D$2, G333=Lists!$A$3, Lists!$D$3, G333=Lists!$A$4, Lists!$D$4, G333=Lists!$A$5, Lists!$D$5,G333=Lists!$A$6, Lists!$D$6, G333=Lists!$A$7, Lists!$D$7, G333=Lists!$A$8, Lists!$D$8, G333=Lists!$A$9, Lists!$D$9, G333=Lists!$A$10, Lists!$D$10, TRUE, \"\")","v":""}]
[316,null,null,null,null,null,null,{"$f":"_xlfn.IFS(G334=Lists!$A$2, Lists!$D$2, G334=Lists!$A$3, Lists!$D$3, G334=Lists!$A$4, Lists!$D$4, G334=Lists!$A$5, Lists!$D$5,G334=Lists!$A$6, Lists!$D$6, G334=Lists!$A$7, Lists!$D$7, G334=Lists!$A$8, Lists!$D$8, G334=Lists!$A$9, Lists!$D$9, G334=Lists!$A$10, Lists!$D$10, TRUE, \"\")","v":""}]
[317,null,null,null,null,null,null,{"$f":"_xlfn.IFS(G335=Lists!$A$2, Lists!$D$2, G335=Lists!$A$3, Lists!$D$3, G335=Lists!$A$4, Lists!$D$4, G335=Lists!$A$5, Lists!$D$5,G335=Lists!$A$6, Lists!$D$6, G335=Lists!$A$7, Lists!$D$7, G335=Lists!$A$8, Lists!$D$8, G335=Lists!$A$9, Lists!$D$9, G335=Lists!$A$10, Lists!$D$10, TRUE, \"\")","v":""}]
[318,null,null,null,null,null,null,{"$f":"_xlfn.IFS(G336=Lists!$A$2, Lists!$D$2, G336=Lists!$A$3, Lists!$D$3, G336=Lists!$A$4, Lists!$D$4, G336=Lists!$A$5, Lists!$D$5,G336=Lists!$A$6, Lists!$D$6, G336=Lists!$A$7, Lists!$D$7, G336=Lists!$A$8, Lists!$D$8, G336=Lists!$A$9, Lists!$D$9, G336=Lists!$A$10, Lists!$D$10, TRUE, \"\")","v":""}]
[319,null,null,null,null,null,null,{"$f":"_xlfn.IFS(G337=Lists!$A$2, Lists!$D$2, G337=Lists!$A$3, Lists!$D$3, G337=Lists!$A$4, Lists!$D$4, G337=Lists!$A$5, Lists!$D$5,G337=Lists!$A$6, Lists!$D$6, G337=Lists!$A$7, Lists!$D$7, G337=Lists!$A$8, Lists!$D$8, G337=Lists!$A$9, Lists!$D$9, G337=Lists!$A$10, Lists!$D$10, TRUE, \"\")","v":""}]
[320,null,null,null,null,null,null,{"$f":"_xlfn.IFS(G338=Lists!$A$2, Lists!$D$2, G338=Lists!$A$3, Lists!$D$3, G338=Lists!$A$4, Lists!$D$4, G338=Lists!$A$5, Lists!$D$5,G338=Lists!$A$6, Lists!$D$6, G338=Lists!$A$7, Lists!$D$7, G338=Lists!$A$8, Lists!$D$8, G338=Lists!$A$9, Lists!$D$9, G338=Lists!$A$10, Lists!$D$10, TRUE, \"\")","v":""}]
[321,null,null,null,null,null,null,{"$f":"_xlfn.IFS(G339=Lists!$A$2, Lists!$D$2, G339=Lists!$A$3, Lists!$D$3, G339=Lists!$A$4, Lists!$D$4, G339=Lists!$A$5, Lists!$D$5,G339=Lists!$A$6, Lists!$D$6, G339=Lists!$A$7, Lists!$D$7, G339=Lists!$A$8, Lists!$D$8, G339=Lists!$A$9, Lists!$D$9, G339=Lists!$A$10, Lists!$D$10, TRUE, \"\")","v":""}]
[322,null,null,null,null,null,null,{"$f":"_xlfn.IFS(G340=Lists!$A$2, Lists!$D$2, G340=Lists!$A$3, Lists!$D$3, G340=Lists!$A$4, Lists!$D$4, G340=Lists!$A$5, Lists!$D$5,G340=Lists!$A$6, Lists!$D$6, G340=Lists!$A$7, Lists!$D$7, G340=Lists!$A$8, Lists!$D$8, G340=Lists!$A$9, Lists!$D$9, G340=Lists!$A$10, Lists!$D$10, TRUE, \"\")","v":""}]
[323,null,null,null,null,null,null,{"$f":"_xlfn.IFS(G341=Lists!$A$2, Lists!$D$2, G341=Lists!$A$3, Lists!$D$3, G341=Lists!$A$4, Lists!$D$4, G341=Lists!$A$5, Lists!$D$5,G341=Lists!$A$6, Lists!$D$6, G341=Lists!$A$7, Lists!$D$7, G341=Lists!$A$8, Lists!$D$8, G341=Lists!$A$9, Lists!$D$9, G341=Lists!$A$10, Lists!$D$10, TRUE, \"\")","v":""}]
[324,null,null,null,null,null,null,{"$f":"_xlfn.IFS(G342=Lists!$A$2, Lists!$D$2, G342=Lists!$A$3, Lists!$D$3, G342=Lists!$A$4, Lists!$D$4, G342=Lists!$A$5, Lists!$D$5,G342=Lists!$A$6, Lists!$D$6, G342=Lists!$A$7, Lists!$D$7, G342=Lists!$A$8, Lists!$D$8, G342=Lists!$A$9, Lists!$D$9, G342=Lists!$A$10, Lists!$D$10, TRUE, \"\")","v":""}]
[325,null,null,null,null,null,null,{"$f":"_xlfn.IFS(G343=Lists!$A$2, Lists!$D$2, G343=Lists!$A$3, Lists!$D$3, G343=Lists!$A$4, Lists!$D$4, G343=Lists!$A$5, Lists!$D$5,G343=Lists!$A$6, Lists!$D$6, G343=Lists!$A$7, Lists!$D$7, G343=Lists!$A$8, Lists!$D$8, G343=Lists!$A$9, Lists!$D$9, G343=Lists!$A$10, Lists!$D$10, TRUE, \"\")","v":""}]
[326,null,null,null,null,null,null,{"$f":"_xlfn.IFS(G344=Lists!$A$2, Lists!$D$2, G344=Lists!$A$3, Lists!$D$3, G344=Lists!$A$4, Lists!$D$4, G344=Lists!$A$5, Lists!$D$5,G344=Lists!$A$6, Lists!$D$6, G344=Lists!$A$7, Lists!$D$7, G344=Lists!$A$8, Lists!$D$8, G344=Lists!$A$9, Lists!$D$9, G344=Lists!$A$10, Lists!$D$10, TRUE, \"\")","v":""}]
[327,null,null,null,null,null,null,{"$f":"_xlfn.IFS(G345=Lists!$A$2, Lists!$D$2, G345=Lists!$A$3, Lists!$D$3, G345=Lists!$A$4, Lists!$D$4, G345=Lists!$A$5, Lists!$D$5,G345=Lists!$A$6, Lists!$D$6, G345=Lists!$A$7, Lists!$D$7, G345=Lists!$A$8, Lists!$D$8, G345=Lists!$A$9, Lists!$D$9, G345=Lists!$A$10, Lists!$D$10, TRUE, \"\")","v":""}]
[328,null,null,null,null,null,null,{"$f":"_xlfn.IFS(G346=Lists!$A$2, Lists!$D$2, G346=Lists!$A$3, Lists!$D$3, G346=Lists!$A$4, Lists!$D$4, G346=Lists!$A$5, Lists!$D$5,G346=Lists!$A$6, Lists!$D$6, G346=Lists!$A$7, Lists!$D$7, G346=Lists!$A$8, Lists!$D$8, G346=Lists!$A$9, Lists!$D$9, G346=Lists!$A$10, Lists!$D$10, TRUE, \"\")","v":""}]
[329,null,null,null,null,null,null,{"$f":"_xlfn.IFS(G347=Lists!$A$2, Lists!$D$2, G347=Lists!$A$3, Lists!$D$3, G347=Lists!$A$4, Lists!$D$4, G347=Lists!$A$5, Lists!$D$5,G347=Lists!$A$6, Lists!$D$6, G347=Lists!$A$7, Lists!$D$7, G347=Lists!$A$8, Lists!$D$8, G347=Lists!$A$9, Lists!$D$9, G347=Lists!$A$10, Lists!$D$10, TRUE, \"\")","v":""}]
[330,null,null,null,null,null,null,{"$f":"_xlfn.IFS(G348=Lists!$A$2, Lists!$D$2, G348=Lists!$A$3, Lists!$D$3, G348=Lists!$A$4, Lists!$D$4, G348=Lists!$A$5, Lists!$D$5,G348=Lists!$A$6, Lists!$D$6, G348=Lists!$A$7, Lists!$D$7, G348=Lists!$A$8, Lists!$D$8, G348=Lists!$A$9, Lists!$D$9, G348=Lists!$A$10, Lists!$D$10, TRUE, \"\")","v":""}]
[331,null,null,null,null,null,null,{"$f":"_xlfn.IFS(G349=Lists!$A$2, Lists!$D$2, G349=Lists!$A$3, Lists!$D$3, G349=Lists!$A$4, Lists!$D$4, G349=Lists!$A$5, Lists!$D$5,G349=Lists!$A$6, Lists!$D$6, G349=Lists!$A$7, Lists!$D$7, G349=Lists!$A$8, Lists!$D$8, G349=Lists!$A$9, Lists!$D$9, G349=Lists!$A$10, Lists!$D$10, TRUE, \"\")","v":""}]
[332,null,null,null,null,null,null,{"$f":"_xlfn.IFS(G350=Lists!$A$2, Lists!$D$2, G350=Lists!$A$3, Lists!$D$3, G350=Lists!$A$4, Lists!$D$4, G350=Lists!$A$5, Lists!$D$5,G350=Lists!$A$6, Lists!$D$6, G350=Lists!$A$7, Lists!$D$7, G350=Lists!$A$8, Lists!$D$8, G350=Lists!$A$9, Lists!$D$9, G350=Lists!$A$10, Lists!$D$10, TRUE, \"\")","v":""}]
[333,null,null,null,null,null,null,{"$f":"_xlfn.IFS(G351=Lists!$A$2, Lists!$D$2, G351=Lists!$A$3, Lists!$D$3, G351=Lists!$A$4, Lists!$D$4, G351=Lists!$A$5, Lists!$D$5,G351=Lists!$A$6, Lists!$D$6, G351=Lists!$A$7, Lists!$D$7, G351=Lists!$A$8, Lists!$D$8, G351=Lists!$A$9, Lists!$D$9, G351=Lists!$A$10, Lists!$D$10, TRUE, \"\")","v":""}]
[334,null,null,null,null,null,null,{"$f":"_xlfn.IFS(G352=Lists!$A$2, Lists!$D$2, G352=Lists!$A$3, Lists!$D$3, G352=Lists!$A$4, Lists!$D$4, G352=Lists!$A$5, Lists!$D$5,G352=Lists!$A$6, Lists!$D$6, G352=Lists!$A$7, Lists!$D$7, G352=Lists!$A$8, Lists!$D$8, G352=Lists!$A$9, Lists!$D$9, G352=Lists!$A$10, Lists!$D$10, TRUE, \"\")","v":""}]
[335,null,null,null,null,null,null,{"$f":"_xlfn.IFS(G353=Lists!$A$2, Lists!$D$2, G353=Lists!$A$3, Lists!$D$3, G353=Lists!$A$4, Lists!$D$4, G353=Lists!$A$5, Lists!$D$5,G353=Lists!$A$6, Lists!$D$6, G353=Lists!$A$7, Lists!$D$7, G353=Lists!$A$8, Lists!$D$8, G353=Lists!$A$9, Lists!$D$9, G353=Lists!$A$10, Lists!$D$10, TRUE, \"\")","v":""}]
[336,null,null,null,null,null,null,{"$f":"_xlfn.IFS(G354=Lists!$A$2, Lists!$D$2, G354=Lists!$A$3, Lists!$D$3, G354=Lists!$A$4, Lists!$D$4, G354=Lists!$A$5, Lists!$D$5,G354=Lists!$A$6, Lists!$D$6, G354=Lists!$A$7, Lists!$D$7, G354=Lists!$A$8, Lists!$D$8, G354=Lists!$A$9, Lists!$D$9, G354=Lists!$A$10, Lists!$D$10, TRUE, \"\")","v":""}]
[337,null,null,null,null,null,null,{"$f":"_xlfn.IFS(G355=Lists!$A$2, Lists!$D$2, G355=Lists!$A$3, Lists!$D$3, G355=Lists!$A$4, Lists!$D$4, G355=Lists!$A$5, Lists!$D$5,G355=Lists!$A$6, Lists!$D$6, G355=Lists!$A$7, Lists!$D$7, G355=Lists!$A$8, Lists!$D$8, G355=Lists!$A$9, Lists!$D$9, G355=Lists!$A$10, Lists!$D$10, TRUE, \"\")","v":""}]
[338,null,null,null,null,null,null,{"$f":"_xlfn.IFS(G356=Lists!$A$2, Lists!$D$2, G356=Lists!$A$3, Lists!$D$3, G356=Lists!$A$4, Lists!$D$4, G356=Lists!$A$5, Lists!$D$5,G356=Lists!$A$6, Lists!$D$6, G356=Lists!$A$7, Lists!$D$7, G356=Lists!$A$8, Lists!$D$8, G356=Lists!$A$9, Lists!$D$9, G356=Lists!$A$10, Lists!$D$10, TRUE, \"\")","v":""}]
[339,null,null,null,null,null,null,{"$f":"_xlfn.IFS(G357=Lists!$A$2, Lists!$D$2, G357=Lists!$A$3, Lists!$D$3, G357=Lists!$A$4, Lists!$D$4, G357=Lists!$A$5, Lists!$D$5,G357=Lists!$A$6, Lists!$D$6, G357=Lists!$A$7, Lists!$D$7, G357=Lists!$A$8, Lists!$D$8, G357=Lists!$A$9, Lists!$D$9, G357=Lists!$A$10, Lists!$D$10, TRUE, \"\")","v":""}]
[340,null,null,null,null,null,null,{"$f":"_xlfn.IFS(G358=Lists!$A$2, Lists!$D$2, G358=Lists!$A$3, Lists!$D$3, G358=Lists!$A$4, Lists!$D$4, G358=Lists!$A$5, Lists!$D$5,G358=Lists!$A$6, Lists!$D$6, G358=Lists!$A$7, Lists!$D$7, G358=Lists!$A$8, Lists!$D$8, G358=Lists!$A$9, Lists!$D$9, G358=Lists!$A$10, Lists!$D$10, TRUE, \"\")","v":""}]
[341,null,null,null,null,null,null,{"$f":"_xlfn.IFS(G359=Lists!$A$2, Lists!$D$2, G359=Lists!$A$3, Lists!$D$3, G359=Lists!$A$4, Lists!$D$4, G359=Lists!$A$5, Lists!$D$5,G359=Lists!$A$6, Lists!$D$6, G359=Lists!$A$7, Lists!$D$7, G359=Lists!$A$8, Lists!$D$8, G359=Lists!$A$9, Lists!$D$9, G359=Lists!$A$10, Lists!$D$10, TRUE, \"\")","v":""}]
[342,null,null,null,null,null,null,{"$f":"_xlfn.IFS(G360=Lists!$A$2, Lists!$D$2, G360=Lists!$A$3, Lists!$D$3, G360=Lists!$A$4, Lists!$D$4, G360=Lists!$A$5, Lists!$D$5,G360=Lists!$A$6, Lists!$D$6, G360=Lists!$A$7, Lists!$D$7, G360=Lists!$A$8, Lists!$D$8, G360=Lists!$A$9, Lists!$D$9, G360=Lists!$A$10, Lists!$D$10, TRUE, \"\")","v":""}]
[343,null,null,null,null,null,null,{"$f":"_xlfn.IFS(G361=Lists!$A$2, Lists!$D$2, G361=Lists!$A$3, Lists!$D$3, G361=Lists!$A$4, Lists!$D$4, G361=Lists!$A$5, Lists!$D$5,G361=Lists!$A$6, Lists!$D$6, G361=Lists!$A$7, Lists!$D$7, G361=Lists!$A$8, Lists!$D$8, G361=Lists!$A$9, Lists!$D$9, G361=Lists!$A$10, Lists!$D$10, TRUE, \"\")","v":""}]
[344,null,null,null,null,null,null,{"$f":"_xlfn.IFS(G362=Lists!$A$2, Lists!$D$2, G362=Lists!$A$3, Lists!$D$3, G362=Lists!$A$4, Lists!$D$4, G362=Lists!$A$5, Lists!$D$5,G362=Lists!$A$6, Lists!$D$6, G362=Lists!$A$7, Lists!$D$7, G362=Lists!$A$8, Lists!$D$8, G362=Lists!$A$9, Lists!$D$9, G362=Lists!$A$10, Lists!$D$10, TRUE, \"\")","v":""}]
[345,null,null,null,null,null,null,{"$f":"_xlfn.IFS(G363=Lists!$A$2, Lists!$D$2, G363=Lists!$A$3, Lists!$D$3, G363=Lists!$A$4, Lists!$D$4, G363=Lists!$A$5, Lists!$D$5,G363=Lists!$A$6, Lists!$D$6, G363=Lists!$A$7, Lists!$D$7, G363=Lists!$A$8, Lists!$D$8, G363=Lists!$A$9, Lists!$D$9, G363=Lists!$A$10, Lists!$D$10, TRUE, \"\")","v":""}]
[346,null,null,null,null,null,null,{"$f":"_xlfn.IFS(G364=Lists!$A$2, Lists!$D$2, G364=Lists!$A$3, Lists!$D$3, G364=Lists!$A$4, Lists!$D$4, G364=Lists!$A$5, Lists!$D$5,G364=Lists!$A$6, Lists!$D$6, G364=Lists!$A$7, Lists!$D$7, G364=Lists!$A$8, Lists!$D$8, G364=Lists!$A$9, Lists!$D$9, G364=Lists!$A$10, Lists!$D$10, TRUE, \"\")","v":""}]
[347,null,null,null,null,null,null,{"$f":"_xlfn.IFS(G365=Lists!$A$2, Lists!$D$2, G365=Lists!$A$3, Lists!$D$3, G365=Lists!$A$4, Lists!$D$4, G365=Lists!$A$5, Lists!$D$5,G365=Lists!$A$6, Lists!$D$6, G365=Lists!$A$7, Lists!$D$7, G365=Lists!$A$8, Lists!$D$8, G365=Lists!$A$9, Lists!$D$9, G365=Lists!$A$10, Lists!$D$10, TRUE, \"\")","v":""}]
[348,null,null,null,null,null,null,{"$f":"_xlfn.IFS(G366=Lists!$A$2, Lists!$D$2, G366=Lists!$A$3, Lists!$D$3, G366=Lists!$A$4, Lists!$D$4, G366=Lists!$A$5, Lists!$D$5,G366=Lists!$A$6, Lists!$D$6, G366=Lists!$A$7, Lists!$D$7, G366=Lists!$A$8, Lists!$D$8, G366=Lists!$A$9, Lists!$D$9, G366=Lists!$A$10, Lists!$D$10, TRUE, \"\")","v":""}]
[349,null,null,null,null,null,null,{"$f":"_xlfn.IFS(G367=Lists!$A$2, Lists!$D$2, G367=Lists!$A$3, Lists!$D$3, G367=Lists!$A$4, Lists!$D$4, G367=Lists!$A$5, Lists!$D$5,G367=Lists!$A$6, Lists!$D$6, G367=Lists!$A$7, Lists!$D$7, G367=Lists!$A$8, Lists!$D$8, G367=Lists!$A$9, Lists!$D$9, G367=Lists!$A$10, Lists!$D$10, TRUE, \"\")","v":""}]
[350,null,null,null,null,null,null,{"$f":"_xlfn.IFS(G368=Lists!$A$2, Lists!$D$2, G368=Lists!$A$3, Lists!$D$3, G368=Lists!$A$4, Lists!$D$4, G368=Lists!$A$5, Lists!$D$5,G368=Lists!$A$6, Lists!$D$6, G368=Lists!$A$7, Lists!$D$7, G368=Lists!$A$8, Lists!$D$8, G368=Lists!$A$9, Lists!$D$9, G368=Lists!$A$10, Lists!$D$10, TRUE, \"\")","v":""}]
[351,null,null,null,null,null,null,{"$f":"_xlfn.IFS(G369=Lists!$A$2, Lists!$D$2, G369=Lists!$A$3, Lists!$D$3, G369=Lists!$A$4, Lists!$D$4, G369=Lists!$A$5, Lists!$D$5,G369=Lists!$A$6, Lists!$D$6, G369=Lists!$A$7, Lists!$D$7, G369=Lists!$A$8, Lists!$D$8, G369=Lists!$A$9, Lists!$D$9, G369=Lists!$A$10, Lists!$D$10, TRUE, \"\")","v":""}]
[352,null,null,null,null,null,null,{"$f":"_xlfn.IFS(G370=Lists!$A$2, Lists!$D$2, G370=Lists!$A$3, Lists!$D$3, G370=Lists!$A$4, Lists!$D$4, G370=Lists!$A$5, Lists!$D$5,G370=Lists!$A$6, Lists!$D$6, G370=Lists!$A$7, Lists!$D$7, G370=Lists!$A$8, Lists!$D$8, G370=Lists!$A$9, Lists!$D$9, G370=Lists!$A$10, Lists!$D$10, TRUE, \"\")","v":""}]
[353,null,null,null,null,null,null,{"$f":"_xlfn.IFS(G371=Lists!$A$2, Lists!$D$2, G371=Lists!$A$3, Lists!$D$3, G371=Lists!$A$4, Lists!$D$4, G371=Lists!$A$5, Lists!$D$5,G371=Lists!$A$6, Lists!$D$6, G371=Lists!$A$7, Lists!$D$7, G371=Lists!$A$8, Lists!$D$8, G371=Lists!$A$9, Lists!$D$9, G371=Lists!$A$10, Lists!$D$10, TRUE, \"\")","v":""}]
[354,null,null,null,null,null,null,{"$f":"_xlfn.IFS(G372=Lists!$A$2, Lists!$D$2, G372=Lists!$A$3, Lists!$D$3, G372=Lists!$A$4, Lists!$D$4, G372=Lists!$A$5, Lists!$D$5,G372=Lists!$A$6, Lists!$D$6, G372=Lists!$A$7, Lists!$D$7, G372=Lists!$A$8, Lists!$D$8, G372=Lists!$A$9, Lists!$D$9, G372=Lists!$A$10, Lists!$D$10, TRUE, \"\")","v":""}]
[355,null,null,null,null,null,null,{"$f":"_xlfn.IFS(G373=Lists!$A$2, Lists!$D$2, G373=Lists!$A$3, Lists!$D$3, G373=Lists!$A$4, Lists!$D$4, G373=Lists!$A$5, Lists!$D$5,G373=Lists!$A$6, Lists!$D$6, G373=Lists!$A$7, Lists!$D$7, G373=Lists!$A$8, Lists!$D$8, G373=Lists!$A$9, Lists!$D$9, G373=Lists!$A$10, Lists!$D$10, TRUE, \"\")","v":""}]
[356,null,null,null,null,null,null,{"$f":"_xlfn.IFS(G374=Lists!$A$2, Lists!$D$2, G374=Lists!$A$3, Lists!$D$3, G374=Lists!$A$4, Lists!$D$4, G374=Lists!$A$5, Lists!$D$5,G374=Lists!$A$6, Lists!$D$6, G374=Lists!$A$7, Lists!$D$7, G374=Lists!$A$8, Lists!$D$8, G374=Lists!$A$9, Lists!$D$9, G374=Lists!$A$10, Lists!$D$10, TRUE, \"\")","v":""}]
[357,null,null,null,null,null,null,{"$f":"_xlfn.IFS(G375=Lists!$A$2, Lists!$D$2, G375=Lists!$A$3, Lists!$D$3, G375=Lists!$A$4, Lists!$D$4, G375=Lists!$A$5, Lists!$D$5,G375=Lists!$A$6, Lists!$D$6, G375=Lists!$A$7, Lists!$D$7, G375=Lists!$A$8, Lists!$D$8, G375=Lists!$A$9, Lists!$D$9, G375=Lists!$A$10, Lists!$D$10, TRUE, \"\")","v":""}]
[358,null,null,null,null,null,null,{"$f":"_xlfn.IFS(G376=Lists!$A$2, Lists!$D$2, G376=Lists!$A$3, Lists!$D$3, G376=Lists!$A$4, Lists!$D$4, G376=Lists!$A$5, Lists!$D$5,G376=Lists!$A$6, Lists!$D$6, G376=Lists!$A$7, Lists!$D$7, G376=Lists!$A$8, Lists!$D$8, G376=Lists!$A$9, Lists!$D$9, G376=Lists!$A$10, Lists!$D$10, TRUE, \"\")","v":""}]
[359,null,null,null,null,null,null,{"$f":"_xlfn.IFS(G377=Lists!$A$2, Lists!$D$2, G377=Lists!$A$3, Lists!$D$3, G377=Lists!$A$4, Lists!$D$4, G377=Lists!$A$5, Lists!$D$5,G377=Lists!$A$6, Lists!$D$6, G377=Lists!$A$7, Lists!$D$7, G377=Lists!$A$8, Lists!$D$8, G377=Lists!$A$9, Lists!$D$9, G377=Lists!$A$10, Lists!$D$10, TRUE, \"\")","v":""}]
[360,null,null,null,null,null,null,{"$f":"_xlfn.IFS(G378=Lists!$A$2, Lists!$D$2, G378=Lists!$A$3, Lists!$D$3, G378=Lists!$A$4, Lists!$D$4, G378=Lists!$A$5, Lists!$D$5,G378=Lists!$A$6, Lists!$D$6, G378=Lists!$A$7, Lists!$D$7, G378=Lists!$A$8, Lists!$D$8, G378=Lists!$A$9, Lists!$D$9, G378=Lists!$A$10, Lists!$D$10, TRUE, \"\")","v":""}]
[361,null,null,null,null,null,null,{"$f":"_xlfn.IFS(G379=Lists!$A$2, Lists!$D$2, G379=Lists!$A$3, Lists!$D$3, G379=Lists!$A$4, Lists!$D$4, G379=Lists!$A$5, Lists!$D$5,G379=Lists!$A$6, Lists!$D$6, G379=Lists!$A$7, Lists!$D$7, G379=Lists!$A$8, Lists!$D$8, G379=Lists!$A$9, Lists!$D$9, G379=Lists!$A$10, Lists!$D$10, TRUE, \"\")","v":""}]
[362,null,null,null,null,null,null,{"$f":"_xlfn.IFS(G380=Lists!$A$2, Lists!$D$2, G380=Lists!$A$3, Lists!$D$3, G380=Lists!$A$4, Lists!$D$4, G380=Lists!$A$5, Lists!$D$5,G380=Lists!$A$6, Lists!$D$6, G380=Lists!$A$7, Lists!$D$7, G380=Lists!$A$8, Lists!$D$8, G380=Lists!$A$9, Lists!$D$9, G380=Lists!$A$10, Lists!$D$10, TRUE, \"\")","v":""}]
[363,null,null,null,null,null,null,{"$f":"_xlfn.IFS(G381=Lists!$A$2, Lists!$D$2, G381=Lists!$A$3, Lists!$D$3, G381=Lists!$A$4, Lists!$D$4, G381=Lists!$A$5, Lists!$D$5,G381=Lists!$A$6, Lists!$D$6, G381=Lists!$A$7, Lists!$D$7, G381=Lists!$A$8, Lists!$D$8, G381=Lists!$A$9, Lists!$D$9, G381=Lists!$A$10, Lists!$D$10, TRUE, \"\")","v":""}]
[364,null,null,null,null,null,null,{"$f":"_xlfn.IFS(G382=Lists!$A$2, Lists!$D$2, G382=Lists!$A$3, Lists!$D$3, G382=Lists!$A$4, Lists!$D$4, G382=Lists!$A$5, Lists!$D$5,G382=Lists!$A$6, Lists!$D$6, G382=Lists!$A$7, Lists!$D$7, G382=Lists!$A$8, Lists!$D$8, G382=Lists!$A$9, Lists!$D$9, G382=Lists!$A$10, Lists!$D$10, TRUE, \"\")","v":""}]
[365,null,null,null,null,null,null,{"$f":"_xlfn.IFS(G383=Lists!$A$2, Lists!$D$2, G383=Lists!$A$3, Lists!$D$3, G383=Lists!$A$4, Lists!$D$4, G383=Lists!$A$5, Lists!$D$5,G383=Lists!$A$6, Lists!$D$6, G383=Lists!$A$7, Lists!$D$7, G383=Lists!$A$8, Lists!$D$8, G383=Lists!$A$9, Lists!$D$9, G383=Lists!$A$10, Lists!$D$10, TRUE, \"\")","v":""}]
[366,null,null,null,null,null,null,{"$f":"_xlfn.IFS(G384=Lists!$A$2, Lists!$D$2, G384=Lists!$A$3, Lists!$D$3, G384=Lists!$A$4, Lists!$D$4, G384=Lists!$A$5, Lists!$D$5,G384=Lists!$A$6, Lists!$D$6, G384=Lists!$A$7, Lists!$D$7, G384=Lists!$A$8, Lists!$D$8, G384=Lists!$A$9, Lists!$D$9, G384=Lists!$A$10, Lists!$D$10, TRUE, \"\")","v":""}]
[367,null,null,null,null,null,null,{"$f":"_xlfn.IFS(G385=Lists!$A$2, Lists!$D$2, G385=Lists!$A$3, Lists!$D$3, G385=Lists!$A$4, Lists!$D$4, G385=Lists!$A$5, Lists!$D$5,G385=Lists!$A$6, Lists!$D$6, G385=Lists!$A$7, Lists!$D$7, G385=Lists!$A$8, Lists!$D$8, G385=Lists!$A$9, Lists!$D$9, G385=Lists!$A$10, Lists!$D$10, TRUE, \"\")","v":""}]
[368,null,null,null,null,null,null,{"$f":"_xlfn.IFS(G386=Lists!$A$2, Lists!$D$2, G386=Lists!$A$3, Lists!$D$3, G386=Lists!$A$4, Lists!$D$4, G386=Lists!$A$5, Lists!$D$5,G386=Lists!$A$6, Lists!$D$6, G386=Lists!$A$7, Lists!$D$7, G386=Lists!$A$8, Lists!$D$8, G386=Lists!$A$9, Lists!$D$9, G386=Lists!$A$10, Lists!$D$10, TRUE, \"\")","v":""}]
[369,null,null,null,null,null,null,{"$f":"_xlfn.IFS(G387=Lists!$A$2, Lists!$D$2, G387=Lists!$A$3, Lists!$D$3, G387=Lists!$A$4, Lists!$D$4, G387=Lists!$A$5, Lists!$D$5,G387=Lists!$A$6, Lists!$D$6, G387=Lists!$A$7, Lists!$D$7, G387=Lists!$A$8, Lists!$D$8, G387=Lists!$A$9, Lists!$D$9, G387=Lists!$A$10, Lists!$D$10, TRUE, \"\")","v":""}]
[370,null,null,null,null,null,null,{"$f":"_xlfn.IFS(G388=Lists!$A$2, Lists!$D$2, G388=Lists!$A$3, Lists!$D$3, G388=Lists!$A$4, Lists!$D$4, G388=Lists!$A$5, Lists!$D$5,G388=Lists!$A$6, Lists!$D$6, G388=Lists!$A$7, Lists!$D$7, G388=Lists!$A$8, Lists!$D$8, G388=Lists!$A$9, Lists!$D$9, G388=Lists!$A$10, Lists!$D$10, TRUE, \"\")","v":""}]
[371,null,null,null,null,null,null,{"$f":"_xlfn.IFS(G389=Lists!$A$2, Lists!$D$2, G389=Lists!$A$3, Lists!$D$3, G389=Lists!$A$4, Lists!$D$4, G389=Lists!$A$5, Lists!$D$5,G389=Lists!$A$6, Lists!$D$6, G389=Lists!$A$7, Lists!$D$7, G389=Lists!$A$8, Lists!$D$8, G389=Lists!$A$9, Lists!$D$9, G389=Lists!$A$10, Lists!$D$10, TRUE, \"\")","v":""}]
[372,null,null,null,null,null,null,{"$f":"_xlfn.IFS(G390=Lists!$A$2, Lists!$D$2, G390=Lists!$A$3, Lists!$D$3, G390=Lists!$A$4, Lists!$D$4, G390=Lists!$A$5, Lists!$D$5,G390=Lists!$A$6, Lists!$D$6, G390=Lists!$A$7, Lists!$D$7, G390=Lists!$A$8, Lists!$D$8, G390=Lists!$A$9, Lists!$D$9, G390=Lists!$A$10, Lists!$D$10, TRUE, \"\")","v":""}]
[373,null,null,null,null,null,null,{"$f":"_xlfn.IFS(G391=Lists!$A$2, Lists!$D$2, G391=Lists!$A$3, Lists!$D$3, G391=Lists!$A$4, Lists!$D$4, G391=Lists!$A$5, Lists!$D$5,G391=Lists!$A$6, Lists!$D$6, G391=Lists!$A$7, Lists!$D$7, G391=Lists!$A$8, Lists!$D$8, G391=Lists!$A$9, Lists!$D$9, G391=Lists!$A$10, Lists!$D$10, TRUE, \"\")","v":""}]
[374,null,null,null,null,null,null,{"$f":"_xlfn.IFS(G392=Lists!$A$2, Lists!$D$2, G392=Lists!$A$3, Lists!$D$3, G392=Lists!$A$4, Lists!$D$4, G392=Lists!$A$5, Lists!$D$5,G392=Lists!$A$6, Lists!$D$6, G392=Lists!$A$7, Lists!$D$7, G392=Lists!$A$8, Lists!$D$8, G392=Lists!$A$9, Lists!$D$9, G392=Lists!$A$10, Lists!$D$10, TRUE, \"\")","v":""}]
[375,null,null,null,null,null,null,{"$f":"_xlfn.IFS(G393=Lists!$A$2, Lists!$D$2, G393=Lists!$A$3, Lists!$D$3, G393=Lists!$A$4, Lists!$D$4, G393=Lists!$A$5, Lists!$D$5,G393=Lists!$A$6, Lists!$D$6, G393=Lists!$A$7, Lists!$D$7, G393=Lists!$A$8, Lists!$D$8, G393=Lists!$A$9, Lists!$D$9, G393=Lists!$A$10, Lists!$D$10, TRUE, \"\")","v":""}]
[376,null,null,null,null,null,null,{"$f":"_xlfn.IFS(G394=Lists!$A$2, Lists!$D$2, G394=Lists!$A$3, Lists!$D$3, G394=Lists!$A$4, Lists!$D$4, G394=Lists!$A$5, Lists!$D$5,G394=Lists!$A$6, Lists!$D$6, G394=Lists!$A$7, Lists!$D$7, G394=Lists!$A$8, Lists!$D$8, G394=Lists!$A$9, Lists!$D$9, G394=Lists!$A$10, Lists!$D$10, TRUE, \"\")","v":""}]
[377,null,null,null,null,null,null,{"$f":"_xlfn.IFS(G395=Lists!$A$2, Lists!$D$2, G395=Lists!$A$3, Lists!$D$3, G395=Lists!$A$4, Lists!$D$4, G395=Lists!$A$5, Lists!$D$5,G395=Lists!$A$6, Lists!$D$6, G395=Lists!$A$7, Lists!$D$7, G395=Lists!$A$8, Lists!$D$8, G395=Lists!$A$9, Lists!$D$9, G395=Lists!$A$10, Lists!$D$10, TRUE, \"\")","v":""}]
[378,null,null,null,null,null,null,{"$f":"_xlfn.IFS(G396=Lists!$A$2, Lists!$D$2, G396=Lists!$A$3, Lists!$D$3, G396=Lists!$A$4, Lists!$D$4, G396=Lists!$A$5, Lists!$D$5,G396=Lists!$A$6, Lists!$D$6, G396=Lists!$A$7, Lists!$D$7, G396=Lists!$A$8, Lists!$D$8, G396=Lists!$A$9, Lists!$D$9, G396=Lists!$A$10, Lists!$D$10, TRUE, \"\")","v":""}]
[379,null,null,null,null,null,null,{"$f":"_xlfn.IFS(G397=Lists!$A$2, Lists!$D$2, G397=Lists!$A$3, Lists!$D$3, G397=Lists!$A$4, Lists!$D$4, G397=Lists!$A$5, Lists!$D$5,G397=Lists!$A$6, Lists!$D$6, G397=Lists!$A$7, Lists!$D$7, G397=Lists!$A$8, Lists!$D$8, G397=Lists!$A$9, Lists!$D$9, G397=Lists!$A$10, Lists!$D$10, TRUE, \"\")","v":""}]
[380,null,null,null,null,null,null,{"$f":"_xlfn.IFS(G398=Lists!$A$2, Lists!$D$2, G398=Lists!$A$3, Lists!$D$3, G398=Lists!$A$4, Lists!$D$4, G398=Lists!$A$5, Lists!$D$5,G398=Lists!$A$6, Lists!$D$6, G398=Lists!$A$7, Lists!$D$7, G398=Lists!$A$8, Lists!$D$8, G398=Lists!$A$9, Lists!$D$9, G398=Lists!$A$10, Lists!$D$10, TRUE, \"\")","v":""}]
[381,null,null,null,null,null,null,{"$f":"_xlfn.IFS(G399=Lists!$A$2, Lists!$D$2, G399=Lists!$A$3, Lists!$D$3, G399=Lists!$A$4, Lists!$D$4, G399=Lists!$A$5, Lists!$D$5,G399=Lists!$A$6, Lists!$D$6, G399=Lists!$A$7, Lists!$D$7, G399=Lists!$A$8, Lists!$D$8, G399=Lists!$A$9, Lists!$D$9, G399=Lists!$A$10, Lists!$D$10, TRUE, \"\")","v":""}]
[382,null,null,null,null,null,null,{"$f":"_xlfn.IFS(G400=Lists!$A$2, Lists!$D$2, G400=Lists!$A$3, Lists!$D$3, G400=Lists!$A$4, Lists!$D$4, G400=Lists!$A$5, Lists!$D$5,G400=Lists!$A$6, Lists!$D$6, G400=Lists!$A$7, Lists!$D$7, G400=Lists!$A$8, Lists!$D$8, G400=Lists!$A$9, Lists!$D$9, G400=Lists!$A$10, Lists!$D$10, TRUE, \"\")","v":""}]
[383,null,null,null,null,null,null,{"$f":"_xlfn.IFS(G401=Lists!$A$2, Lists!$D$2, G401=Lists!$A$3, Lists!$D$3, G401=Lists!$A$4, Lists!$D$4, G401=Lists!$A$5, Lists!$D$5,G401=Lists!$A$6, Lists!$D$6, G401=Lists!$A$7, Lists!$D$7, G401=Lists!$A$8, Lists!$D$8, G401=Lists!$A$9, Lists!$D$9, G401=Lists!$A$10, Lists!$D$10, TRUE, \"\")","v":""}]
[384,null,null,null,null,null,null,{"$f":"_xlfn.IFS(G402=Lists!$A$2, Lists!$D$2, G402=Lists!$A$3, Lists!$D$3, G402=Lists!$A$4, Lists!$D$4, G402=Lists!$A$5, Lists!$D$5,G402=Lists!$A$6, Lists!$D$6, G402=Lists!$A$7, Lists!$D$7, G402=Lists!$A$8, Lists!$D$8, G402=Lists!$A$9, Lists!$D$9, G402=Lists!$A$10, Lists!$D$10, TRUE, \"\")","v":""}]
[385,null,null,null,null,null,null,{"$f":"_xlfn.IFS(G403=Lists!$A$2, Lists!$D$2, G403=Lists!$A$3, Lists!$D$3, G403=Lists!$A$4, Lists!$D$4, G403=Lists!$A$5, Lists!$D$5,G403=Lists!$A$6, Lists!$D$6, G403=Lists!$A$7, Lists!$D$7, G403=Lists!$A$8, Lists!$D$8, G403=Lists!$A$9, Lists!$D$9, G403=Lists!$A$10, Lists!$D$10, TRUE, \"\")","v":""}]
[386,null,null,null,null,null,null,{"$f":"_xlfn.IFS(G404=Lists!$A$2, Lists!$D$2, G404=Lists!$A$3, Lists!$D$3, G404=Lists!$A$4, Lists!$D$4, G404=Lists!$A$5, Lists!$D$5,G404=Lists!$A$6, Lists!$D$6, G404=Lists!$A$7, Lists!$D$7, G404=Lists!$A$8, Lists!$D$8, G404=Lists!$A$9, Lists!$D$9, G404=Lists!$A$10, Lists!$D$10, TRUE, \"\")","v":""}]
[387,null,null,null,null,null,null,{"$f":"_xlfn.IFS(G405=Lists!$A$2, Lists!$D$2, G405=Lists!$A$3, Lists!$D$3, G405=Lists!$A$4, Lists!$D$4, G405=Lists!$A$5, Lists!$D$5,G405=Lists!$A$6, Lists!$D$6, G405=Lists!$A$7, Lists!$D$7, G405=Lists!$A$8, Lists!$D$8, G405=Lists!$A$9, Lists!$D$9, G405=Lists!$A$10, Lists!$D$10, TRUE, \"\")","v":""}]
[388,null,null,null,null,null,null,{"$f":"_xlfn.IFS(G406=Lists!$A$2, Lists!$D$2, G406=Lists!$A$3, Lists!$D$3, G406=Lists!$A$4, Lists!$D$4, G406=Lists!$A$5, Lists!$D$5,G406=Lists!$A$6, Lists!$D$6, G406=Lists!$A$7, Lists!$D$7, G406=Lists!$A$8, Lists!$D$8, G406=Lists!$A$9, Lists!$D$9, G406=Lists!$A$10, Lists!$D$10, TRUE, \"\")","v":""}]
[389,null,null,null,null,null,null,{"$f":"_xlfn.IFS(G407=Lists!$A$2, Lists!$D$2, G407=Lists!$A$3, Lists!$D$3, G407=Lists!$A$4, Lists!$D$4, G407=Lists!$A$5, Lists!$D$5,G407=Lists!$A$6, Lists!$D$6, G407=Lists!$A$7, Lists!$D$7, G407=Lists!$A$8, Lists!$D$8, G407=Lists!$A$9, Lists!$D$9, G407=Lists!$A$10, Lists!$D$10, TRUE, \"\")","v":""}]
[390,null,null,null,null,null,null,{"$f":"_xlfn.IFS(G408=Lists!$A$2, Lists!$D$2, G408=Lists!$A$3, Lists!$D$3, G408=Lists!$A$4, Lists!$D$4, G408=Lists!$A$5, Lists!$D$5,G408=Lists!$A$6, Lists!$D$6, G408=Lists!$A$7, Lists!$D$7, G408=Lists!$A$8, Lists!$D$8, G408=Lists!$A$9, Lists!$D$9, G408=Lists!$A$10, Lists!$D$10, TRUE, \"\")","v":""}]
[391,null,null,null,null,null,null,{"$f":"_xlfn.IFS(G409=Lists!$A$2, Lists!$D$2, G409=Lists!$A$3, Lists!$D$3, G409=Lists!$A$4, Lists!$D$4, G409=Lists!$A$5, Lists!$D$5,G409=Lists!$A$6, Lists!$D$6, G409=Lists!$A$7, Lists!$D$7, G409=Lists!$A$8, Lists!$D$8, G409=Lists!$A$9, Lists!$D$9, G409=Lists!$A$10, Lists!$D$10, TRUE, \"\")","v":""}]
[392,null,null,null,null,null,null,{"$f":"_xlfn.IFS(G410=Lists!$A$2, Lists!$D$2, G410=Lists!$A$3, Lists!$D$3, G410=Lists!$A$4, Lists!$D$4, G410=Lists!$A$5, Lists!$D$5,G410=Lists!$A$6, Lists!$D$6, G410=Lists!$A$7, Lists!$D$7, G410=Lists!$A$8, Lists!$D$8, G410=Lists!$A$9, Lists!$D$9, G410=Lists!$A$10, Lists!$D$10, TRUE, \"\")","v":""}]
[393,null,null,null,null,null,null,{"$f":"_xlfn.IFS(G411=Lists!$A$2, Lists!$D$2, G411=Lists!$A$3, Lists!$D$3, G411=Lists!$A$4, Lists!$D$4, G411=Lists!$A$5, Lists!$D$5,G411=Lists!$A$6, Lists!$D$6, G411=Lists!$A$7, Lists!$D$7, G411=Lists!$A$8, Lists!$D$8, G411=Lists!$A$9, Lists!$D$9, G411=Lists!$A$10, Lists!$D$10, TRUE, \"\")","v":""}]
[394,null,null,null,null,null,null,{"$f":"_xlfn.IFS(G412=Lists!$A$2, Lists!$D$2, G412=Lists!$A$3, Lists!$D$3, G412=Lists!$A$4, Lists!$D$4, G412=Lists!$A$5, Lists!$D$5,G412=Lists!$A$6, Lists!$D$6, G412=Lists!$A$7, Lists!$D$7, G412=Lists!$A$8, Lists!$D$8, G412=Lists!$A$9, Lists!$D$9, G412=Lists!$A$10, Lists!$D$10, TRUE, \"\")","v":""}]
[395,null,null,null,null,null,null,{"$f":"_xlfn.IFS(G413=Lists!$A$2, Lists!$D$2, G413=Lists!$A$3, Lists!$D$3, G413=Lists!$A$4, Lists!$D$4, G413=Lists!$A$5, Lists!$D$5,G413=Lists!$A$6, Lists!$D$6, G413=Lists!$A$7, Lists!$D$7, G413=Lists!$A$8, Lists!$D$8, G413=Lists!$A$9, Lists!$D$9, G413=Lists!$A$10, Lists!$D$10, TRUE, \"\")","v":""}]
[396,null,null,null,null,null,null,{"$f":"_xlfn.IFS(G414=Lists!$A$2, Lists!$D$2, G414=Lists!$A$3, Lists!$D$3, G414=Lists!$A$4, Lists!$D$4, G414=Lists!$A$5, Lists!$D$5,G414=Lists!$A$6, Lists!$D$6, G414=Lists!$A$7, Lists!$D$7, G414=Lists!$A$8, Lists!$D$8, G414=Lists!$A$9, Lists!$D$9, G414=Lists!$A$10, Lists!$D$10, TRUE, \"\")","v":""}]
[397,null,null,null,null,null,null,{"$f":"_xlfn.IFS(G415=Lists!$A$2, Lists!$D$2, G415=Lists!$A$3, Lists!$D$3, G415=Lists!$A$4, Lists!$D$4, G415=Lists!$A$5, Lists!$D$5,G415=Lists!$A$6, Lists!$D$6, G415=Lists!$A$7, Lists!$D$7, G415=Lists!$A$8, Lists!$D$8, G415=Lists!$A$9, Lists!$D$9, G415=Lists!$A$10, Lists!$D$10, TRUE, \"\")","v":""}]
[398,null,null,null,null,null,null,{"$f":"_xlfn.IFS(G416=Lists!$A$2, Lists!$D$2, G416=Lists!$A$3, Lists!$D$3, G416=Lists!$A$4, Lists!$D$4, G416=Lists!$A$5, Lists!$D$5,G416=Lists!$A$6, Lists!$D$6, G416=Lists!$A$7, Lists!$D$7, G416=Lists!$A$8, Lists!$D$8, G416=Lists!$A$9, Lists!$D$9, G416=Lists!$A$10, Lists!$D$10, TRUE, \"\")","v":""}]
[399,null,null,null,null,null,null,{"$f":"_xlfn.IFS(G417=Lists!$A$2, Lists!$D$2, G417=Lists!$A$3, Lists!$D$3, G417=Lists!$A$4, Lists!$D$4, G417=Lists!$A$5, Lists!$D$5,G417=Lists!$A$6, Lists!$D$6, G417=Lists!$A$7, Lists!$D$7, G417=Lists!$A$8, Lists!$D$8, G417=Lists!$A$9, Lists!$D$9, G417=Lists!$A$10, Lists!$D$10, TRUE, \"\")","v":""}]
[400,null,null,null,null,null,null,{"$f":"_xlfn.IFS(G418=Lists!$A$2, Lists!$D$2, G418=Lists!$A$3, Lists!$D$3, G418=Lists!$A$4, Lists!$D$4, G418=Lists!$A$5, Lists!$D$5,G418=Lists!$A$6, Lists!$D$6, G418=Lists!$A$7, Lists!$D$7, G418=Lists!$A$8, Lists!$D$8, G418=Lists!$A$9, Lists!$D$9, G418=Lists!$A$10, Lists!$D$10, TRUE, \"\")","v":""}]
[401,null,null,null,null,null,null,{"$f":"_xlfn.IFS(G419=Lists!$A$2, Lists!$D$2, G419=Lists!$A$3, Lists!$D$3, G419=Lists!$A$4, Lists!$D$4, G419=Lists!$A$5, Lists!$D$5,G419=Lists!$A$6, Lists!$D$6, G419=Lists!$A$7, Lists!$D$7, G419=Lists!$A$8, Lists!$D$8, G419=Lists!$A$9, Lists!$D$9, G419=Lists!$A$10, Lists!$D$10, TRUE, \"\")","v":""}]
[402,null,null,null,null,null,null,{"$f":"_xlfn.IFS(G420=Lists!$A$2, Lists!$D$2, G420=Lists!$A$3, Lists!$D$3, G420=Lists!$A$4, Lists!$D$4, G420=Lists!$A$5, Lists!$D$5,G420=Lists!$A$6, Lists!$D$6, G420=Lists!$A$7, Lists!$D$7, G420=Lists!$A$8, Lists!$D$8, G420=Lists!$A$9, Lists!$D$9, G420=Lists!$A$10, Lists!$D$10, TRUE, \"\")","v":""}]
[403,null,null,null,null,null,null,{"$f":"_xlfn.IFS(G421=Lists!$A$2, Lists!$D$2, G421=Lists!$A$3, Lists!$D$3, G421=Lists!$A$4, Lists!$D$4, G421=Lists!$A$5, Lists!$D$5,G421=Lists!$A$6, Lists!$D$6, G421=Lists!$A$7, Lists!$D$7, G421=Lists!$A$8, Lists!$D$8, G421=Lists!$A$9, Lists!$D$9, G421=Lists!$A$10, Lists!$D$10, TRUE, \"\")","v":""}]
[404,null,null,null,null,null,null,{"$f":"_xlfn.IFS(G422=Lists!$A$2, Lists!$D$2, G422=Lists!$A$3, Lists!$D$3, G422=Lists!$A$4, Lists!$D$4, G422=Lists!$A$5, Lists!$D$5,G422=Lists!$A$6, Lists!$D$6, G422=Lists!$A$7, Lists!$D$7, G422=Lists!$A$8, Lists!$D$8, G422=Lists!$A$9, Lists!$D$9, G422=Lists!$A$10, Lists!$D$10, TRUE, \"\")","v":""}]
[405,null,null,null,null,null,null,{"$f":"_xlfn.IFS(G423=Lists!$A$2, Lists!$D$2, G423=Lists!$A$3, Lists!$D$3, G423=Lists!$A$4, Lists!$D$4, G423=Lists!$A$5, Lists!$D$5,G423=Lists!$A$6, Lists!$D$6, G423=Lists!$A$7, Lists!$D$7, G423=Lists!$A$8, Lists!$D$8, G423=Lists!$A$9, Lists!$D$9, G423=Lists!$A$10, Lists!$D$10, TRUE, \"\")","v":""}]
[406,null,null,null,null,null,null,{"$f":"_xlfn.IFS(G424=Lists!$A$2, Lists!$D$2, G424=Lists!$A$3, Lists!$D$3, G424=Lists!$A$4, Lists!$D$4, G424=Lists!$A$5, Lists!$D$5,G424=Lists!$A$6, Lists!$D$6, G424=Lists!$A$7, Lists!$D$7, G424=Lists!$A$8, Lists!$D$8, G424=Lists!$A$9, Lists!$D$9, G424=Lists!$A$10, Lists!$D$10, TRUE, \"\")","v":""}]
[407,null,null,null,null,null,null,{"$f":"_xlfn.IFS(G425=Lists!$A$2, Lists!$D$2, G425=Lists!$A$3, Lists!$D$3, G425=Lists!$A$4, Lists!$D$4, G425=Lists!$A$5, Lists!$D$5,G425=Lists!$A$6, Lists!$D$6, G425=Lists!$A$7, Lists!$D$7, G425=Lists!$A$8, Lists!$D$8, G425=Lists!$A$9, Lists!$D$9, G425=Lists!$A$10, Lists!$D$10, TRUE, \"\")","v":""}]
[408,null,null,null,null,null,null,{"$f":"_xlfn.IFS(G426=Lists!$A$2, Lists!$D$2, G426=Lists!$A$3, Lists!$D$3, G426=Lists!$A$4, Lists!$D$4, G426=Lists!$A$5, Lists!$D$5,G426=Lists!$A$6, Lists!$D$6, G426=Lists!$A$7, Lists!$D$7, G426=Lists!$A$8, Lists!$D$8, G426=Lists!$A$9, Lists!$D$9, G426=Lists!$A$10, Lists!$D$10, TRUE, \"\")","v":""}]
[409,null,null,null,null,null,null,{"$f":"_xlfn.IFS(G427=Lists!$A$2, Lists!$D$2, G427=Lists!$A$3, Lists!$D$3, G427=Lists!$A$4, Lists!$D$4, G427=Lists!$A$5, Lists!$D$5,G427=Lists!$A$6, Lists!$D$6, G427=Lists!$A$7, Lists!$D$7, G427=Lists!$A$8, Lists!$D$8, G427=Lists!$A$9, Lists!$D$9, G427=Lists!$A$10, Lists!$D$10, TRUE, \"\")","v":""}]
[410,null,null,null,null,null,null,{"$f":"_xlfn.IFS(G428=Lists!$A$2, Lists!$D$2, G428=Lists!$A$3, Lists!$D$3, G428=Lists!$A$4, Lists!$D$4, G428=Lists!$A$5, Lists!$D$5,G428=Lists!$A$6, Lists!$D$6, G428=Lists!$A$7, Lists!$D$7, G428=Lists!$A$8, Lists!$D$8, G428=Lists!$A$9, Lists!$D$9, G428=Lists!$A$10, Lists!$D$10, TRUE, \"\")","v":""}]
[411,null,null,null,null,null,null,{"$f":"_xlfn.IFS(G429=Lists!$A$2, Lists!$D$2, G429=Lists!$A$3, Lists!$D$3, G429=Lists!$A$4, Lists!$D$4, G429=Lists!$A$5, Lists!$D$5,G429=Lists!$A$6, Lists!$D$6, G429=Lists!$A$7, Lists!$D$7, G429=Lists!$A$8, Lists!$D$8, G429=Lists!$A$9, Lists!$D$9, G429=Lists!$A$10, Lists!$D$10, TRUE, \"\")","v":""}]
[412,null,null,null,null,null,null,{"$f":"_xlfn.IFS(G430=Lists!$A$2, Lists!$D$2, G430=Lists!$A$3, Lists!$D$3, G430=Lists!$A$4, Lists!$D$4, G430=Lists!$A$5, Lists!$D$5,G430=Lists!$A$6, Lists!$D$6, G430=Lists!$A$7, Lists!$D$7, G430=Lists!$A$8, Lists!$D$8, G430=Lists!$A$9, Lists!$D$9, G430=Lists!$A$10, Lists!$D$10, TRUE, \"\")","v":""}]
[413,null,null,null,null,null,null,{"$f":"_xlfn.IFS(G431=Lists!$A$2, Lists!$D$2, G431=Lists!$A$3, Lists!$D$3, G431=Lists!$A$4, Lists!$D$4, G431=Lists!$A$5, Lists!$D$5,G431=Lists!$A$6, Lists!$D$6, G431=Lists!$A$7, Lists!$D$7, G431=Lists!$A$8, Lists!$D$8, G431=Lists!$A$9, Lists!$D$9, G431=Lists!$A$10, Lists!$D$10, TRUE, \"\")","v":""}]
[414,null,null,null,null,null,null,{"$f":"_xlfn.IFS(G432=Lists!$A$2, Lists!$D$2, G432=Lists!$A$3, Lists!$D$3, G432=Lists!$A$4, Lists!$D$4, G432=Lists!$A$5, Lists!$D$5,G432=Lists!$A$6, Lists!$D$6, G432=Lists!$A$7, Lists!$D$7, G432=Lists!$A$8, Lists!$D$8, G432=Lists!$A$9, Lists!$D$9, G432=Lists!$A$10, Lists!$D$10, TRUE, \"\")","v":""}]
[415,null,null,null,null,null,null,{"$f":"_xlfn.IFS(G433=Lists!$A$2, Lists!$D$2, G433=Lists!$A$3, Lists!$D$3, G433=Lists!$A$4, Lists!$D$4, G433=Lists!$A$5, Lists!$D$5,G433=Lists!$A$6, Lists!$D$6, G433=Lists!$A$7, Lists!$D$7, G433=Lists!$A$8, Lists!$D$8, G433=Lists!$A$9, Lists!$D$9, G433=Lists!$A$10, Lists!$D$10, TRUE, \"\")","v":""}]
[416,null,null,null,null,null,null,{"$f":"_xlfn.IFS(G434=Lists!$A$2, Lists!$D$2, G434=Lists!$A$3, Lists!$D$3, G434=Lists!$A$4, Lists!$D$4, G434=Lists!$A$5, Lists!$D$5,G434=Lists!$A$6, Lists!$D$6, G434=Lists!$A$7, Lists!$D$7, G434=Lists!$A$8, Lists!$D$8, G434=Lists!$A$9, Lists!$D$9, G434=Lists!$A$10, Lists!$D$10, TRUE, \"\")","v":""}]
[417,null,null,null,null,null,null,{"$f":"_xlfn.IFS(G435=Lists!$A$2, Lists!$D$2, G435=Lists!$A$3, Lists!$D$3, G435=Lists!$A$4, Lists!$D$4, G435=Lists!$A$5, Lists!$D$5,G435=Lists!$A$6, Lists!$D$6, G435=Lists!$A$7, Lists!$D$7, G435=Lists!$A$8, Lists!$D$8, G435=Lists!$A$9, Lists!$D$9, G435=Lists!$A$10, Lists!$D$10, TRUE, \"\")","v":""}]
[418,null,null,null,null,null,null,{"$f":"_xlfn.IFS(G436=Lists!$A$2, Lists!$D$2, G436=Lists!$A$3, Lists!$D$3, G436=Lists!$A$4, Lists!$D$4, G436=Lists!$A$5, Lists!$D$5,G436=Lists!$A$6, Lists!$D$6, G436=Lists!$A$7, Lists!$D$7, G436=Lists!$A$8, Lists!$D$8, G436=Lists!$A$9, Lists!$D$9, G436=Lists!$A$10, Lists!$D$10, TRUE, \"\")","v":""}]
[419,null,null,null,null,null,null,{"$f":"_xlfn.IFS(G437=Lists!$A$2, Lists!$D$2, G437=Lists!$A$3, Lists!$D$3, G437=Lists!$A$4, Lists!$D$4, G437=Lists!$A$5, Lists!$D$5,G437=Lists!$A$6, Lists!$D$6, G437=Lists!$A$7, Lists!$D$7, G437=Lists!$A$8, Lists!$D$8, G437=Lists!$A$9, Lists!$D$9, G437=Lists!$A$10, Lists!$D$10, TRUE, \"\")","v":""}]
[420,null,null,null,null,null,null,{"$f":"_xlfn.IFS(G438=Lists!$A$2, Lists!$D$2, G438=Lists!$A$3, Lists!$D$3, G438=Lists!$A$4, Lists!$D$4, G438=Lists!$A$5, Lists!$D$5,G438=Lists!$A$6, Lists!$D$6, G438=Lists!$A$7, Lists!$D$7, G438=Lists!$A$8, Lists!$D$8, G438=Lists!$A$9, Lists!$D$9, G438=Lists!$A$10, Lists!$D$10, TRUE, \"\")","v":""}]
[421,null,null,null,null,null,null,{"$f":"_xlfn.IFS(G439=Lists!$A$2, Lists!$D$2, G439=Lists!$A$3, Lists!$D$3, G439=Lists!$A$4, Lists!$D$4, G439=Lists!$A$5, Lists!$D$5,G439=Lists!$A$6, Lists!$D$6, G439=Lists!$A$7, Lists!$D$7, G439=Lists!$A$8, Lists!$D$8, G439=Lists!$A$9, Lists!$D$9, G439=Lists!$A$10, Lists!$D$10, TRUE, \"\")","v":""}]
[422,null,null,null,null,null,null,{"$f":"_xlfn.IFS(G440=Lists!$A$2, Lists!$D$2, G440=Lists!$A$3, Lists!$D$3, G440=Lists!$A$4, Lists!$D$4, G440=Lists!$A$5, Lists!$D$5,G440=Lists!$A$6, Lists!$D$6, G440=Lists!$A$7, Lists!$D$7, G440=Lists!$A$8, Lists!$D$8, G440=Lists!$A$9, Lists!$D$9, G440=Lists!$A$10, Lists!$D$10, TRUE, \"\")","v":""}]
[423,null,null,null,null,null,null,{"$f":"_xlfn.IFS(G441=Lists!$A$2, Lists!$D$2, G441=Lists!$A$3, Lists!$D$3, G441=Lists!$A$4, Lists!$D$4, G441=Lists!$A$5, Lists!$D$5,G441=Lists!$A$6, Lists!$D$6, G441=Lists!$A$7, Lists!$D$7, G441=Lists!$A$8, Lists!$D$8, G441=Lists!$A$9, Lists!$D$9, G441=Lists!$A$10, Lists!$D$10, TRUE, \"\")","v":""}]
[424,null,null,null,null,null,null,{"$f":"_xlfn.IFS(G442=Lists!$A$2, Lists!$D$2, G442=Lists!$A$3, Lists!$D$3, G442=Lists!$A$4, Lists!$D$4, G442=Lists!$A$5, Lists!$D$5,G442=Lists!$A$6, Lists!$D$6, G442=Lists!$A$7, Lists!$D$7, G442=Lists!$A$8, Lists!$D$8, G442=Lists!$A$9, Lists!$D$9, G442=Lists!$A$10, Lists!$D$10, TRUE, \"\")","v":""}]
[425,null,null,null,null,null,null,{"$f":"_xlfn.IFS(G443=Lists!$A$2, Lists!$D$2, G443=Lists!$A$3, Lists!$D$3, G443=Lists!$A$4, Lists!$D$4, G443=Lists!$A$5, Lists!$D$5,G443=Lists!$A$6, Lists!$D$6, G443=Lists!$A$7, Lists!$D$7, G443=Lists!$A$8, Lists!$D$8, G443=Lists!$A$9, Lists!$D$9, G443=Lists!$A$10, Lists!$D$10, TRUE, \"\")","v":""}]
[426,null,null,null,null,null,null,{"$f":"_xlfn.IFS(G444=Lists!$A$2, Lists!$D$2, G444=Lists!$A$3, Lists!$D$3, G444=Lists!$A$4, Lists!$D$4, G444=Lists!$A$5, Lists!$D$5,G444=Lists!$A$6, Lists!$D$6, G444=Lists!$A$7, Lists!$D$7, G444=Lists!$A$8, Lists!$D$8, G444=Lists!$A$9, Lists!$D$9, G444=Lists!$A$10, Lists!$D$10, TRUE, \"\")","v":""}]
[427,null,null,null,null,null,null,{"$f":"_xlfn.IFS(G445=Lists!$A$2, Lists!$D$2, G445=Lists!$A$3, Lists!$D$3, G445=Lists!$A$4, Lists!$D$4, G445=Lists!$A$5, Lists!$D$5,G445=Lists!$A$6, Lists!$D$6, G445=Lists!$A$7, Lists!$D$7, G445=Lists!$A$8, Lists!$D$8, G445=Lists!$A$9, Lists!$D$9, G445=Lists!$A$10, Lists!$D$10, TRUE, \"\")","v":""}]
[428,null,null,null,null,null,null,{"$f":"_xlfn.IFS(G446=Lists!$A$2, Lists!$D$2, G446=Lists!$A$3, Lists!$D$3, G446=Lists!$A$4, Lists!$D$4, G446=Lists!$A$5, Lists!$D$5,G446=Lists!$A$6, Lists!$D$6, G446=Lists!$A$7, Lists!$D$7, G446=Lists!$A$8, Lists!$D$8, G446=Lists!$A$9, Lists!$D$9, G446=Lists!$A$10, Lists!$D$10, TRUE, \"\")","v":""}]
[429,null,null,null,null,null,null,{"$f":"_xlfn.IFS(G447=Lists!$A$2, Lists!$D$2, G447=Lists!$A$3, Lists!$D$3, G447=Lists!$A$4, Lists!$D$4, G447=Lists!$A$5, Lists!$D$5,G447=Lists!$A$6, Lists!$D$6, G447=Lists!$A$7, Lists!$D$7, G447=Lists!$A$8, Lists!$D$8, G447=Lists!$A$9, Lists!$D$9, G447=Lists!$A$10, Lists!$D$10, TRUE, \"\")","v":""}]
[430,null,null,null,null,null,null,{"$f":"_xlfn.IFS(G448=Lists!$A$2, Lists!$D$2, G448=Lists!$A$3, Lists!$D$3, G448=Lists!$A$4, Lists!$D$4, G448=Lists!$A$5, Lists!$D$5,G448=Lists!$A$6, Lists!$D$6, G448=Lists!$A$7, Lists!$D$7, G448=Lists!$A$8, Lists!$D$8, G448=Lists!$A$9, Lists!$D$9, G448=Lists!$A$10, Lists!$D$10, TRUE, \"\")","v":""}]
[431,null,null,null,null,null,null,{"$f":"_xlfn.IFS(G449=Lists!$A$2, Lists!$D$2, G449=Lists!$A$3, Lists!$D$3, G449=Lists!$A$4, Lists!$D$4, G449=Lists!$A$5, Lists!$D$5,G449=Lists!$A$6, Lists!$D$6, G449=Lists!$A$7, Lists!$D$7, G449=Lists!$A$8, Lists!$D$8, G449=Lists!$A$9, Lists!$D$9, G449=Lists!$A$10, Lists!$D$10, TRUE, \"\")","v":""}]
[432,null,null,null,null,null,null,{"$f":"_xlfn.IFS(G450=Lists!$A$2, Lists!$D$2, G450=Lists!$A$3, Lists!$D$3, G450=Lists!$A$4, Lists!$D$4, G450=Lists!$A$5, Lists!$D$5,G450=Lists!$A$6, Lists!$D$6, G450=Lists!$A$7, Lists!$D$7, G450=Lists!$A$8, Lists!$D$8, G450=Lists!$A$9, Lists!$D$9, G450=Lists!$A$10, Lists!$D$10, TRUE, \"\")","v":""}]
[433,null,null,null,null,null,null,{"$f":"_xlfn.IFS(G451=Lists!$A$2, Lists!$D$2, G451=Lists!$A$3, Lists!$D$3, G451=Lists!$A$4, Lists!$D$4, G451=Lists!$A$5, Lists!$D$5,G451=Lists!$A$6, Lists!$D$6, G451=Lists!$A$7, Lists!$D$7, G451=Lists!$A$8, Lists!$D$8, G451=Lists!$A$9, Lists!$D$9, G451=Lists!$A$10, Lists!$D$10, TRUE, \"\")","v":""}]
[434,null,null,null,null,null,null,{"$f":"_xlfn.IFS(G452=Lists!$A$2, Lists!$D$2, G452=Lists!$A$3, Lists!$D$3, G452=Lists!$A$4, Lists!$D$4, G452=Lists!$A$5, Lists!$D$5,G452=Lists!$A$6, Lists!$D$6, G452=Lists!$A$7, Lists!$D$7, G452=Lists!$A$8, Lists!$D$8, G452=Lists!$A$9, Lists!$D$9, G452=Lists!$A$10, Lists!$D$10, TRUE, \"\")","v":""}]
[435,null,null,null,null,null,null,{"$f":"_xlfn.IFS(G453=Lists!$A$2, Lists!$D$2, G453=Lists!$A$3, Lists!$D$3, G453=Lists!$A$4, Lists!$D$4, G453=Lists!$A$5, Lists!$D$5,G453=Lists!$A$6, Lists!$D$6, G453=Lists!$A$7, Lists!$D$7, G453=Lists!$A$8, Lists!$D$8, G453=Lists!$A$9, Lists!$D$9, G453=Lists!$A$10, Lists!$D$10, TRUE, \"\")","v":""}]
[436,null,null,null,null,null,null,{"$f":"_xlfn.IFS(G454=Lists!$A$2, Lists!$D$2, G454=Lists!$A$3, Lists!$D$3, G454=Lists!$A$4, Lists!$D$4, G454=Lists!$A$5, Lists!$D$5,G454=Lists!$A$6, Lists!$D$6, G454=Lists!$A$7, Lists!$D$7, G454=Lists!$A$8, Lists!$D$8, G454=Lists!$A$9, Lists!$D$9, G454=Lists!$A$10, Lists!$D$10, TRUE, \"\")","v":""}]
[437,null,null,null,null,null,null,{"$f":"_xlfn.IFS(G455=Lists!$A$2, Lists!$D$2, G455=Lists!$A$3, Lists!$D$3, G455=Lists!$A$4, Lists!$D$4, G455=Lists!$A$5, Lists!$D$5,G455=Lists!$A$6, Lists!$D$6, G455=Lists!$A$7, Lists!$D$7, G455=Lists!$A$8, Lists!$D$8, G455=Lists!$A$9, Lists!$D$9, G455=Lists!$A$10, Lists!$D$10, TRUE, \"\")","v":""}]
[438,null,null,null,null,null,null,{"$f":"_xlfn.IFS(G456=Lists!$A$2, Lists!$D$2, G456=Lists!$A$3, Lists!$D$3, G456=Lists!$A$4, Lists!$D$4, G456=Lists!$A$5, Lists!$D$5,G456=Lists!$A$6, Lists!$D$6, G456=Lists!$A$7, Lists!$D$7, G456=Lists!$A$8, Lists!$D$8, G456=Lists!$A$9, Lists!$D$9, G456=Lists!$A$10, Lists!$D$10, TRUE, \"\")","v":""}]
[439,null,null,null,null,null,null,{"$f":"_xlfn.IFS(G457=Lists!$A$2, Lists!$D$2, G457=Lists!$A$3, Lists!$D$3, G457=Lists!$A$4, Lists!$D$4, G457=Lists!$A$5, Lists!$D$5,G457=Lists!$A$6, Lists!$D$6, G457=Lists!$A$7, Lists!$D$7, G457=Lists!$A$8, Lists!$D$8, G457=Lists!$A$9, Lists!$D$9, G457=Lists!$A$10, Lists!$D$10, TRUE, \"\")","v":""}]
[440,null,null,null,null,null,null,{"$f":"_xlfn.IFS(G458=Lists!$A$2, Lists!$D$2, G458=Lists!$A$3, Lists!$D$3, G458=Lists!$A$4, Lists!$D$4, G458=Lists!$A$5, Lists!$D$5,G458=Lists!$A$6, Lists!$D$6, G458=Lists!$A$7, Lists!$D$7, G458=Lists!$A$8, Lists!$D$8, G458=Lists!$A$9, Lists!$D$9, G458=Lists!$A$10, Lists!$D$10, TRUE, \"\")","v":""}]
[441,null,null,null,null,null,null,{"$f":"_xlfn.IFS(G459=Lists!$A$2, Lists!$D$2, G459=Lists!$A$3, Lists!$D$3, G459=Lists!$A$4, Lists!$D$4, G459=Lists!$A$5, Lists!$D$5,G459=Lists!$A$6, Lists!$D$6, G459=Lists!$A$7, Lists!$D$7, G459=Lists!$A$8, Lists!$D$8, G459=Lists!$A$9, Lists!$D$9, G459=Lists!$A$10, Lists!$D$10, TRUE, \"\")","v":""}]
[442,null,null,null,null,null,null,{"$f":"_xlfn.IFS(G460=Lists!$A$2, Lists!$D$2, G460=Lists!$A$3, Lists!$D$3, G460=Lists!$A$4, Lists!$D$4, G460=Lists!$A$5, Lists!$D$5,G460=Lists!$A$6, Lists!$D$6, G460=Lists!$A$7, Lists!$D$7, G460=Lists!$A$8, Lists!$D$8, G460=Lists!$A$9, Lists!$D$9, G460=Lists!$A$10, Lists!$D$10, TRUE, \"\")","v":""}]
[443,null,null,null,null,null,null,{"$f":"_xlfn.IFS(G461=Lists!$A$2, Lists!$D$2, G461=Lists!$A$3, Lists!$D$3, G461=Lists!$A$4, Lists!$D$4, G461=Lists!$A$5, Lists!$D$5,G461=Lists!$A$6, Lists!$D$6, G461=Lists!$A$7, Lists!$D$7, G461=Lists!$A$8, Lists!$D$8, G461=Lists!$A$9, Lists!$D$9, G461=Lists!$A$10, Lists!$D$10, TRUE, \"\")","v":""}]
[444,null,null,null,null,null,null,{"$f":"_xlfn.IFS(G462=Lists!$A$2, Lists!$D$2, G462=Lists!$A$3, Lists!$D$3, G462=Lists!$A$4, Lists!$D$4, G462=Lists!$A$5, Lists!$D$5,G462=Lists!$A$6, Lists!$D$6, G462=Lists!$A$7, Lists!$D$7, G462=Lists!$A$8, Lists!$D$8, G462=Lists!$A$9, Lists!$D$9, G462=Lists!$A$10, Lists!$D$10, TRUE, \"\")","v":""}]
[445,null,null,null,null,null,null,{"$f":"_xlfn.IFS(G463=Lists!$A$2, Lists!$D$2, G463=Lists!$A$3, Lists!$D$3, G463=Lists!$A$4, Lists!$D$4, G463=Lists!$A$5, Lists!$D$5,G463=Lists!$A$6, Lists!$D$6, G463=Lists!$A$7, Lists!$D$7, G463=Lists!$A$8, Lists!$D$8, G463=Lists!$A$9, Lists!$D$9, G463=Lists!$A$10, Lists!$D$10, TRUE, \"\")","v":""}]
[446,null,null,null,null,null,null,{"$f":"_xlfn.IFS(G464=Lists!$A$2, Lists!$D$2, G464=Lists!$A$3, Lists!$D$3, G464=Lists!$A$4, Lists!$D$4, G464=Lists!$A$5, Lists!$D$5,G464=Lists!$A$6, Lists!$D$6, G464=Lists!$A$7, Lists!$D$7, G464=Lists!$A$8, Lists!$D$8, G464=Lists!$A$9, Lists!$D$9, G464=Lists!$A$10, Lists!$D$10, TRUE, \"\")","v":""}]
[447,null,null,null,null,null,null,{"$f":"_xlfn.IFS(G465=Lists!$A$2, Lists!$D$2, G465=Lists!$A$3, Lists!$D$3, G465=Lists!$A$4, Lists!$D$4, G465=Lists!$A$5, Lists!$D$5,G465=Lists!$A$6, Lists!$D$6, G465=Lists!$A$7, Lists!$D$7, G465=Lists!$A$8, Lists!$D$8, G465=Lists!$A$9, Lists!$D$9, G465=Lists!$A$10, Lists!$D$10, TRUE, \"\")","v":""}]
[448,null,null,null,null,null,null,{"$f":"_xlfn.IFS(G466=Lists!$A$2, Lists!$D$2, G466=Lists!$A$3, Lists!$D$3, G466=Lists!$A$4, Lists!$D$4, G466=Lists!$A$5, Lists!$D$5,G466=Lists!$A$6, Lists!$D$6, G466=Lists!$A$7, Lists!$D$7, G466=Lists!$A$8, Lists!$D$8, G466=Lists!$A$9, Lists!$D$9, G466=Lists!$A$10, Lists!$D$10, TRUE, \"\")","v":""}]
[449,null,null,null,null,null,null,{"$f":"_xlfn.IFS(G467=Lists!$A$2, Lists!$D$2, G467=Lists!$A$3, Lists!$D$3, G467=Lists!$A$4, Lists!$D$4, G467=Lists!$A$5, Lists!$D$5,G467=Lists!$A$6, Lists!$D$6, G467=Lists!$A$7, Lists!$D$7, G467=Lists!$A$8, Lists!$D$8, G467=Lists!$A$9, Lists!$D$9, G467=Lists!$A$10, Lists!$D$10, TRUE, \"\")","v":""}]
[450,null,null,null,null,null,null,{"$f":"_xlfn.IFS(G468=Lists!$A$2, Lists!$D$2, G468=Lists!$A$3, Lists!$D$3, G468=Lists!$A$4, Lists!$D$4, G468=Lists!$A$5, Lists!$D$5,G468=Lists!$A$6, Lists!$D$6, G468=Lists!$A$7, Lists!$D$7, G468=Lists!$A$8, Lists!$D$8, G468=Lists!$A$9, Lists!$D$9, G468=Lists!$A$10, Lists!$D$10, TRUE, \"\")","v":""}]
[451,null,null,null,null,null,null,{"$f":"_xlfn.IFS(G469=Lists!$A$2, Lists!$D$2, G469=Lists!$A$3, Lists!$D$3, G469=Lists!$A$4, Lists!$D$4, G469=Lists!$A$5, Lists!$D$5,G469=Lists!$A$6, Lists!$D$6, G469=Lists!$A$7, Lists!$D$7, G469=Lists!$A$8, Lists!$D$8, G469=Lists!$A$9, Lists!$D$9, G469=Lists!$A$10, Lists!$D$10, TRUE, \"\")","v":""}]
[452,null,null,null,null,null,null,{"$f":"_xlfn.IFS(G470=Lists!$A$2, Lists!$D$2, G470=Lists!$A$3, Lists!$D$3, G470=Lists!$A$4, Lists!$D$4, G470=Lists!$A$5, Lists!$D$5,G470=Lists!$A$6, Lists!$D$6, G470=Lists!$A$7, Lists!$D$7, G470=Lists!$A$8, Lists!$D$8, G470=Lists!$A$9, Lists!$D$9, G470=Lists!$A$10, Lists!$D$10, TRUE, \"\")","v":""}]
[453,null,null,null,null,null,null,{"$f":"_xlfn.IFS(G471=Lists!$A$2, Lists!$D$2, G471=Lists!$A$3, Lists!$D$3, G471=Lists!$A$4, Lists!$D$4, G471=Lists!$A$5, Lists!$D$5,G471=Lists!$A$6, Lists!$D$6, G471=Lists!$A$7, Lists!$D$7, G471=Lists!$A$8, Lists!$D$8, G471=Lists!$A$9, Lists!$D$9, G471=Lists!$A$10, Lists!$D$10, TRUE, \"\")","v":""}]
[454,null,null,null,null,null,null,{"$f":"_xlfn.IFS(G472=Lists!$A$2, Lists!$D$2, G472=Lists!$A$3, Lists!$D$3, G472=Lists!$A$4, Lists!$D$4, G472=Lists!$A$5, Lists!$D$5,G472=Lists!$A$6, Lists!$D$6, G472=Lists!$A$7, Lists!$D$7, G472=Lists!$A$8, Lists!$D$8, G472=Lists!$A$9, Lists!$D$9, G472=Lists!$A$10, Lists!$D$10, TRUE, \"\")","v":""}]
[455,null,null,null,null,null,null,{"$f":"_xlfn.IFS(G473=Lists!$A$2, Lists!$D$2, G473=Lists!$A$3, Lists!$D$3, G473=Lists!$A$4, Lists!$D$4, G473=Lists!$A$5, Lists!$D$5,G473=Lists!$A$6, Lists!$D$6, G473=Lists!$A$7, Lists!$D$7, G473=Lists!$A$8, Lists!$D$8, G473=Lists!$A$9, Lists!$D$9, G473=Lists!$A$10, Lists!$D$10, TRUE, \"\")","v":""}]
[456,null,null,null,null,null,null,{"$f":"_xlfn.IFS(G474=Lists!$A$2, Lists!$D$2, G474=Lists!$A$3, Lists!$D$3, G474=Lists!$A$4, Lists!$D$4, G474=Lists!$A$5, Lists!$D$5,G474=Lists!$A$6, Lists!$D$6, G474=Lists!$A$7, Lists!$D$7, G474=Lists!$A$8, Lists!$D$8, G474=Lists!$A$9, Lists!$D$9, G474=Lists!$A$10, Lists!$D$10, TRUE, \"\")","v":""}]
[457,null,null,null,null,null,null,{"$f":"_xlfn.IFS(G475=Lists!$A$2, Lists!$D$2, G475=Lists!$A$3, Lists!$D$3, G475=Lists!$A$4, Lists!$D$4, G475=Lists!$A$5, Lists!$D$5,G475=Lists!$A$6, Lists!$D$6, G475=Lists!$A$7, Lists!$D$7, G475=Lists!$A$8, Lists!$D$8, G475=Lists!$A$9, Lists!$D$9, G475=Lists!$A$10, Lists!$D$10, TRUE, \"\")","v":""}]
[458,null,null,null,null,null,null,{"$f":"_xlfn.IFS(G476=Lists!$A$2, Lists!$D$2, G476=Lists!$A$3, Lists!$D$3, G476=Lists!$A$4, Lists!$D$4, G476=Lists!$A$5, Lists!$D$5,G476=Lists!$A$6, Lists!$D$6, G476=Lists!$A$7, Lists!$D$7, G476=Lists!$A$8, Lists!$D$8, G476=Lists!$A$9, Lists!$D$9, G476=Lists!$A$10, Lists!$D$10, TRUE, \"\")","v":""}]
[459,null,null,null,null,null,null,{"$f":"_xlfn.IFS(G477=Lists!$A$2, Lists!$D$2, G477=Lists!$A$3, Lists!$D$3, G477=Lists!$A$4, Lists!$D$4, G477=Lists!$A$5, Lists!$D$5,G477=Lists!$A$6, Lists!$D$6, G477=Lists!$A$7, Lists!$D$7, G477=Lists!$A$8, Lists!$D$8, G477=Lists!$A$9, Lists!$D$9, G477=Lists!$A$10, Lists!$D$10, TRUE, \"\")","v":""}]
[460,null,null,null,null,null,null,{"$f":"_xlfn.IFS(G478=Lists!$A$2, Lists!$D$2, G478=Lists!$A$3, Lists!$D$3, G478=Lists!$A$4, Lists!$D$4, G478=Lists!$A$5, Lists!$D$5,G478=Lists!$A$6, Lists!$D$6, G478=Lists!$A$7, Lists!$D$7, G478=Lists!$A$8, Lists!$D$8, G478=Lists!$A$9, Lists!$D$9, G478=Lists!$A$10, Lists!$D$10, TRUE, \"\")","v":""}]
[461,null,null,null,null,null,null,{"$f":"_xlfn.IFS(G479=Lists!$A$2, Lists!$D$2, G479=Lists!$A$3, Lists!$D$3, G479=Lists!$A$4, Lists!$D$4, G479=Lists!$A$5, Lists!$D$5,G479=Lists!$A$6, Lists!$D$6, G479=Lists!$A$7, Lists!$D$7, G479=Lists!$A$8, Lists!$D$8, G479=Lists!$A$9, Lists!$D$9, G479=Lists!$A$10, Lists!$D$10, TRUE, \"\")","v":""}]
[462,null,null,null,null,null,null,{"$f":"_xlfn.IFS(G480=Lists!$A$2, Lists!$D$2, G480=Lists!$A$3, Lists!$D$3, G480=Lists!$A$4, Lists!$D$4, G480=Lists!$A$5, Lists!$D$5,G480=Lists!$A$6, Lists!$D$6, G480=Lists!$A$7, Lists!$D$7, G480=Lists!$A$8, Lists!$D$8, G480=Lists!$A$9, Lists!$D$9, G480=Lists!$A$10, Lists!$D$10, TRUE, \"\")","v":""}]
[463,null,null,null,null,null,null,{"$f":"_xlfn.IFS(G481=Lists!$A$2, Lists!$D$2, G481=Lists!$A$3, Lists!$D$3, G481=Lists!$A$4, Lists!$D$4, G481=Lists!$A$5, Lists!$D$5,G481=Lists!$A$6, Lists!$D$6, G481=Lists!$A$7, Lists!$D$7, G481=Lists!$A$8, Lists!$D$8, G481=Lists!$A$9, Lists!$D$9, G481=Lists!$A$10, Lists!$D$10, TRUE, \"\")","v":""}]
[464,null,null,null,null,null,null,{"$f":"_xlfn.IFS(G482=Lists!$A$2, Lists!$D$2, G482=Lists!$A$3, Lists!$D$3, G482=Lists!$A$4, Lists!$D$4, G482=Lists!$A$5, Lists!$D$5,G482=Lists!$A$6, Lists!$D$6, G482=Lists!$A$7, Lists!$D$7, G482=Lists!$A$8, Lists!$D$8, G482=Lists!$A$9, Lists!$D$9, G482=Lists!$A$10, Lists!$D$10, TRUE, \"\")","v":""}]
[465,null,null,null,null,null,null,{"$f":"_xlfn.IFS(G483=Lists!$A$2, Lists!$D$2, G483=Lists!$A$3, Lists!$D$3, G483=Lists!$A$4, Lists!$D$4, G483=Lists!$A$5, Lists!$D$5,G483=Lists!$A$6, Lists!$D$6, G483=Lists!$A$7, Lists!$D$7, G483=Lists!$A$8, Lists!$D$8, G483=Lists!$A$9, Lists!$D$9, G483=Lists!$A$10, Lists!$D$10, TRUE, \"\")","v":""}]
[466,null,null,null,null,null,null,{"$f":"_xlfn.IFS(G484=Lists!$A$2, Lists!$D$2, G484=Lists!$A$3, Lists!$D$3, G484=Lists!$A$4, Lists!$D$4, G484=Lists!$A$5, Lists!$D$5,G484=Lists!$A$6, Lists!$D$6, G484=Lists!$A$7, Lists!$D$7, G484=Lists!$A$8, Lists!$D$8, G484=Lists!$A$9, Lists!$D$9, G484=Lists!$A$10, Lists!$D$10, TRUE, \"\")","v":""}]
[467,null,null,null,null,null,null,{"$f":"_xlfn.IFS(G485=Lists!$A$2, Lists!$D$2, G485=Lists!$A$3, Lists!$D$3, G485=Lists!$A$4, Lists!$D$4, G485=Lists!$A$5, Lists!$D$5,G485=Lists!$A$6, Lists!$D$6, G485=Lists!$A$7, Lists!$D$7, G485=Lists!$A$8, Lists!$D$8, G485=Lists!$A$9, Lists!$D$9, G485=Lists!$A$10, Lists!$D$10, TRUE, \"\")","v":""}]
[468,null,null,null,null,null,null,{"$f":"_xlfn.IFS(G486=Lists!$A$2, Lists!$D$2, G486=Lists!$A$3, Lists!$D$3, G486=Lists!$A$4, Lists!$D$4, G486=Lists!$A$5, Lists!$D$5,G486=Lists!$A$6, Lists!$D$6, G486=Lists!$A$7, Lists!$D$7, G486=Lists!$A$8, Lists!$D$8, G486=Lists!$A$9, Lists!$D$9, G486=Lists!$A$10, Lists!$D$10, TRUE, \"\")","v":""}]
[469,null,null,null,null,null,null,{"$f":"_xlfn.IFS(G487=Lists!$A$2, Lists!$D$2, G487=Lists!$A$3, Lists!$D$3, G487=Lists!$A$4, Lists!$D$4, G487=Lists!$A$5, Lists!$D$5,G487=Lists!$A$6, Lists!$D$6, G487=Lists!$A$7, Lists!$D$7, G487=Lists!$A$8, Lists!$D$8, G487=Lists!$A$9, Lists!$D$9, G487=Lists!$A$10, Lists!$D$10, TRUE, \"\")","v":""}]
[470,null,null,null,null,null,null,{"$f":"_xlfn.IFS(G488=Lists!$A$2, Lists!$D$2, G488=Lists!$A$3, Lists!$D$3, G488=Lists!$A$4, Lists!$D$4, G488=Lists!$A$5, Lists!$D$5,G488=Lists!$A$6, Lists!$D$6, G488=Lists!$A$7, Lists!$D$7, G488=Lists!$A$8, Lists!$D$8, G488=Lists!$A$9, Lists!$D$9, G488=Lists!$A$10, Lists!$D$10, TRUE, \"\")","v":""}]
[471,null,null,null,null,null,null,{"$f":"_xlfn.IFS(G489=Lists!$A$2, Lists!$D$2, G489=Lists!$A$3, Lists!$D$3, G489=Lists!$A$4, Lists!$D$4, G489=Lists!$A$5, Lists!$D$5,G489=Lists!$A$6, Lists!$D$6, G489=Lists!$A$7, Lists!$D$7, G489=Lists!$A$8, Lists!$D$8, G489=Lists!$A$9, Lists!$D$9, G489=Lists!$A$10, Lists!$D$10, TRUE, \"\")","v":""}]
[472,null,null,null,null,null,null,{"$f":"_xlfn.IFS(G490=Lists!$A$2, Lists!$D$2, G490=Lists!$A$3, Lists!$D$3, G490=Lists!$A$4, Lists!$D$4, G490=Lists!$A$5, Lists!$D$5,G490=Lists!$A$6, Lists!$D$6, G490=Lists!$A$7, Lists!$D$7, G490=Lists!$A$8, Lists!$D$8, G490=Lists!$A$9, Lists!$D$9, G490=Lists!$A$10, Lists!$D$10, TRUE, \"\")","v":""}]
[473,null,null,null,null,null,null,{"$f":"_xlfn.IFS(G491=Lists!$A$2, Lists!$D$2, G491=Lists!$A$3, Lists!$D$3, G491=Lists!$A$4, Lists!$D$4, G491=Lists!$A$5, Lists!$D$5,G491=Lists!$A$6, Lists!$D$6, G491=Lists!$A$7, Lists!$D$7, G491=Lists!$A$8, Lists!$D$8, G491=Lists!$A$9, Lists!$D$9, G491=Lists!$A$10, Lists!$D$10, TRUE, \"\")","v":""}]
[474,null,null,null,null,null,null,{"$f":"_xlfn.IFS(G492=Lists!$A$2, Lists!$D$2, G492=Lists!$A$3, Lists!$D$3, G492=Lists!$A$4, Lists!$D$4, G492=Lists!$A$5, Lists!$D$5,G492=Lists!$A$6, Lists!$D$6, G492=Lists!$A$7, Lists!$D$7, G492=Lists!$A$8, Lists!$D$8, G492=Lists!$A$9, Lists!$D$9, G492=Lists!$A$10, Lists!$D$10, TRUE, \"\")","v":""}]
[475,null,null,null,null,null,null,{"$f":"_xlfn.IFS(G493=Lists!$A$2, Lists!$D$2, G493=Lists!$A$3, Lists!$D$3, G493=Lists!$A$4, Lists!$D$4, G493=Lists!$A$5, Lists!$D$5,G493=Lists!$A$6, Lists!$D$6, G493=Lists!$A$7, Lists!$D$7, G493=Lists!$A$8, Lists!$D$8, G493=Lists!$A$9, Lists!$D$9, G493=Lists!$A$10, Lists!$D$10, TRUE, \"\")","v":""}]
[476,null,null,null,null,null,null,{"$f":"_xlfn.IFS(G494=Lists!$A$2, Lists!$D$2, G494=Lists!$A$3, Lists!$D$3, G494=Lists!$A$4, Lists!$D$4, G494=Lists!$A$5, Lists!$D$5,G494=Lists!$A$6, Lists!$D$6, G494=Lists!$A$7, Lists!$D$7, G494=Lists!$A$8, Lists!$D$8, G494=Lists!$A$9, Lists!$D$9, G494=Lists!$A$10, Lists!$D$10, TRUE, \"\")","v":""}]
[477,null,null,null,null,null,null,{"$f":"_xlfn.IFS(G495=Lists!$A$2, Lists!$D$2, G495=Lists!$A$3, Lists!$D$3, G495=Lists!$A$4, Lists!$D$4, G495=Lists!$A$5, Lists!$D$5,G495=Lists!$A$6, Lists!$D$6, G495=Lists!$A$7, Lists!$D$7, G495=Lists!$A$8, Lists!$D$8, G495=Lists!$A$9, Lists!$D$9, G495=Lists!$A$10, Lists!$D$10, TRUE, \"\")","v":""}]
[478,null,null,null,null,null,null,{"$f":"_xlfn.IFS(G496=Lists!$A$2, Lists!$D$2, G496=Lists!$A$3, Lists!$D$3, G496=Lists!$A$4, Lists!$D$4, G496=Lists!$A$5, Lists!$D$5,G496=Lists!$A$6, Lists!$D$6, G496=Lists!$A$7, Lists!$D$7, G496=Lists!$A$8, Lists!$D$8, G496=Lists!$A$9, Lists!$D$9, G496=Lists!$A$10, Lists!$D$10, TRUE, \"\")","v":""}]
[479,null,null,null,null,null,null,{"$f":"_xlfn.IFS(G497=Lists!$A$2, Lists!$D$2, G497=Lists!$A$3, Lists!$D$3, G497=Lists!$A$4, Lists!$D$4, G497=Lists!$A$5, Lists!$D$5,G497=Lists!$A$6, Lists!$D$6, G497=Lists!$A$7, Lists!$D$7, G497=Lists!$A$8, Lists!$D$8, G497=Lists!$A$9, Lists!$D$9, G497=Lists!$A$10, Lists!$D$10, TRUE, \"\")","v":""}]
[480,null,null,null,null,null,null,{"$f":"_xlfn.IFS(G498=Lists!$A$2, Lists!$D$2, G498=Lists!$A$3, Lists!$D$3, G498=Lists!$A$4, Lists!$D$4, G498=Lists!$A$5, Lists!$D$5,G498=Lists!$A$6, Lists!$D$6, G498=Lists!$A$7, Lists!$D$7, G498=Lists!$A$8, Lists!$D$8, G498=Lists!$A$9, Lists!$D$9, G498=Lists!$A$10, Lists!$D$10, TRUE, \"\")","v":""}]
[481,null,null,null,null,null,null,{"$f":"_xlfn.IFS(G499=Lists!$A$2, Lists!$D$2, G499=Lists!$A$3, Lists!$D$3, G499=Lists!$A$4, Lists!$D$4, G499=Lists!$A$5, Lists!$D$5,G499=Lists!$A$6, Lists!$D$6, G499=Lists!$A$7, Lists!$D$7, G499=Lists!$A$8, Lists!$D$8, G499=Lists!$A$9, Lists!$D$9, G499=Lists!$A$10, Lists!$D$10, TRUE, \"\")","v":""}]
[482,null,null,null,null,null,null,{"$f":"_xlfn.IFS(G500=Lists!$A$2, Lists!$D$2, G500=Lists!$A$3, Lists!$D$3, G500=Lists!$A$4, Lists!$D$4, G500=Lists!$A$5, Lists!$D$5,G500=Lists!$A$6, Lists!$D$6, G500=Lists!$A$7, Lists!$D$7, G500=Lists!$A$8, Lists!$D$8, G500=Lists!$A$9, Lists!$D$9, G500=Lists!$A$10, Lists!$D$10, TRUE, \"\")","v":""}]
[483,null,null,null,null,null,null,{"$f":"_xlfn.IFS(G501=Lists!$A$2, Lists!$D$2, G501=Lists!$A$3, Lists!$D$3, G501=Lists!$A$4, Lists!$D$4, G501=Lists!$A$5, Lists!$D$5,G501=Lists!$A$6, Lists!$D$6, G501=Lists!$A$7, Lists!$D$7, G501=Lists!$A$8, Lists!$D$8, G501=Lists!$A$9, Lists!$D$9, G501=Lists!$A$10, Lists!$D$10, TRUE, \"\")","v":""}]
[484,null,null,null,null,null,null,{"$f":"_xlfn.IFS(G502=Lists!$A$2, Lists!$D$2, G502=Lists!$A$3, Lists!$D$3, G502=Lists!$A$4, Lists!$D$4, G502=Lists!$A$5, Lists!$D$5,G502=Lists!$A$6, Lists!$D$6, G502=Lists!$A$7, Lists!$D$7, G502=Lists!$A$8, Lists!$D$8, G502=Lists!$A$9, Lists!$D$9, G502=Lists!$A$10, Lists!$D$10, TRUE, \"\")","v":""}]
[485,null,null,null,null,null,null,{"$f":"_xlfn.IFS(G503=Lists!$A$2, Lists!$D$2, G503=Lists!$A$3, Lists!$D$3, G503=Lists!$A$4, Lists!$D$4, G503=Lists!$A$5, Lists!$D$5,G503=Lists!$A$6, Lists!$D$6, G503=Lists!$A$7, Lists!$D$7, G503=Lists!$A$8, Lists!$D$8, G503=Lists!$A$9, Lists!$D$9, G503=Lists!$A$10, Lists!$D$10, TRUE, \"\")","v":""}]
[486,null,null,null,null,null,null,{"$f":"_xlfn.IFS(G504=Lists!$A$2, Lists!$D$2, G504=Lists!$A$3, Lists!$D$3, G504=Lists!$A$4, Lists!$D$4, G504=Lists!$A$5, Lists!$D$5,G504=Lists!$A$6, Lists!$D$6, G504=Lists!$A$7, Lists!$D$7, G504=Lists!$A$8, Lists!$D$8, G504=Lists!$A$9, Lists!$D$9, G504=Lists!$A$10, Lists!$D$10, TRUE, \"\")","v":""}]
[487,null,null,null,null,null,null,{"$f":"_xlfn.IFS(G505=Lists!$A$2, Lists!$D$2, G505=Lists!$A$3, Lists!$D$3, G505=Lists!$A$4, Lists!$D$4, G505=Lists!$A$5, Lists!$D$5,G505=Lists!$A$6, Lists!$D$6, G505=Lists!$A$7, Lists!$D$7, G505=Lists!$A$8, Lists!$D$8, G505=Lists!$A$9, Lists!$D$9, G505=Lists!$A$10, Lists!$D$10, TRUE, \"\")","v":""}]
[488,null,null,null,null,null,null,{"$f":"_xlfn.IFS(G506=Lists!$A$2, Lists!$D$2, G506=Lists!$A$3, Lists!$D$3, G506=Lists!$A$4, Lists!$D$4, G506=Lists!$A$5, Lists!$D$5,G506=Lists!$A$6, Lists!$D$6, G506=Lists!$A$7, Lists!$D$7, G506=Lists!$A$8, Lists!$D$8, G506=Lists!$A$9, Lists!$D$9, G506=Lists!$A$10, Lists!$D$10, TRUE, \"\")","v":""}]
[489,null,null,null,null,null,null,{"$f":"_xlfn.IFS(G507=Lists!$A$2, Lists!$D$2, G507=Lists!$A$3, Lists!$D$3, G507=Lists!$A$4, Lists!$D$4, G507=Lists!$A$5, Lists!$D$5,G507=Lists!$A$6, Lists!$D$6, G507=Lists!$A$7, Lists!$D$7, G507=Lists!$A$8, Lists!$D$8, G507=Lists!$A$9, Lists!$D$9, G507=Lists!$A$10, Lists!$D$10, TRUE, \"\")","v":""}]
[490,null,null,null,null,null,null,{"$f":"_xlfn.IFS(G508=Lists!$A$2, Lists!$D$2, G508=Lists!$A$3, Lists!$D$3, G508=Lists!$A$4, Lists!$D$4, G508=Lists!$A$5, Lists!$D$5,G508=Lists!$A$6, Lists!$D$6, G508=Lists!$A$7, Lists!$D$7, G508=Lists!$A$8, Lists!$D$8, G508=Lists!$A$9, Lists!$D$9, G508=Lists!$A$10, Lists!$D$10, TRUE, \"\")","v":""}]
[491,null,null,null,null,null,null,{"$f":"_xlfn.IFS(G509=Lists!$A$2, Lists!$D$2, G509=Lists!$A$3, Lists!$D$3, G509=Lists!$A$4, Lists!$D$4, G509=Lists!$A$5, Lists!$D$5,G509=Lists!$A$6, Lists!$D$6, G509=Lists!$A$7, Lists!$D$7, G509=Lists!$A$8, Lists!$D$8, G509=Lists!$A$9, Lists!$D$9, G509=Lists!$A$10, Lists!$D$10, TRUE, \"\")","v":""}]
[492,null,null,null,null,null,null,{"$f":"_xlfn.IFS(G510=Lists!$A$2, Lists!$D$2, G510=Lists!$A$3, Lists!$D$3, G510=Lists!$A$4, Lists!$D$4, G510=Lists!$A$5, Lists!$D$5,G510=Lists!$A$6, Lists!$D$6, G510=Lists!$A$7, Lists!$D$7, G510=Lists!$A$8, Lists!$D$8, G510=Lists!$A$9, Lists!$D$9, G510=Lists!$A$10, Lists!$D$10, TRUE, \"\")","v":""}]
[493,null,null,null,null,null,null,{"$f":"_xlfn.IFS(G511=Lists!$A$2, Lists!$D$2, G511=Lists!$A$3, Lists!$D$3, G511=Lists!$A$4, Lists!$D$4, G511=Lists!$A$5, Lists!$D$5,G511=Lists!$A$6, Lists!$D$6, G511=Lists!$A$7, Lists!$D$7, G511=Lists!$A$8, Lists!$D$8, G511=Lists!$A$9, Lists!$D$9, G511=Lists!$A$10, Lists!$D$10, TRUE, \"\")","v":""}]
[494,null,null,null,null,null,null,{"$f":"_xlfn.IFS(G512=Lists!$A$2, Lists!$D$2, G512=Lists!$A$3, Lists!$D$3, G512=Lists!$A$4, Lists!$D$4, G512=Lists!$A$5, Lists!$D$5,G512=Lists!$A$6, Lists!$D$6, G512=Lists!$A$7, Lists!$D$7, G512=Lists!$A$8, Lists!$D$8, G512=Lists!$A$9, Lists!$D$9, G512=Lists!$A$10, Lists!$D$10, TRUE, \"\")","v":""}]
[495,null,null,null,null,null,null,{"$f":"_xlfn.IFS(G513=Lists!$A$2, Lists!$D$2, G513=Lists!$A$3, Lists!$D$3, G513=Lists!$A$4, Lists!$D$4, G513=Lists!$A$5, Lists!$D$5,G513=Lists!$A$6, Lists!$D$6, G513=Lists!$A$7, Lists!$D$7, G513=Lists!$A$8, Lists!$D$8, G513=Lists!$A$9, Lists!$D$9, G513=Lists!$A$10, Lists!$D$10, TRUE, \"\")","v":""}]
[496,null,null,null,null,null,null,{"$f":"_xlfn.IFS(G514=Lists!$A$2, Lists!$D$2, G514=Lists!$A$3, Lists!$D$3, G514=Lists!$A$4, Lists!$D$4, G514=Lists!$A$5, Lists!$D$5,G514=Lists!$A$6, Lists!$D$6, G514=Lists!$A$7, Lists!$D$7, G514=Lists!$A$8, Lists!$D$8, G514=Lists!$A$9, Lists!$D$9, G514=Lists!$A$10, Lists!$D$10, TRUE, \"\")","v":""}]
[497,null,null,null,null,null,null,{"$f":"_xlfn.IFS(G515=Lists!$A$2, Lists!$D$2, G515=Lists!$A$3, Lists!$D$3, G515=Lists!$A$4, Lists!$D$4, G515=Lists!$A$5, Lists!$D$5,G515=Lists!$A$6, Lists!$D$6, G515=Lists!$A$7, Lists!$D$7, G515=Lists!$A$8, Lists!$D$8, G515=Lists!$A$9, Lists!$D$9, G515=Lists!$A$10, Lists!$D$10, TRUE, \"\")","v":""}]
[498,null,null,null,null,null,null,{"$f":"_xlfn.IFS(G516=Lists!$A$2, Lists!$D$2, G516=Lists!$A$3, Lists!$D$3, G516=Lists!$A$4, Lists!$D$4, G516=Lists!$A$5, Lists!$D$5,G516=Lists!$A$6, Lists!$D$6, G516=Lists!$A$7, Lists!$D$7, G516=Lists!$A$8, Lists!$D$8, G516=Lists!$A$9, Lists!$D$9, G516=Lists!$A$10, Lists!$D$10, TRUE, \"\")","v":""}]
[499,null,null,null,null,null,null,{"$f":"_xlfn.IFS(G517=Lists!$A$2, Lists!$D$2, G517=Lists!$A$3, Lists!$D$3, G517=Lists!$A$4, Lists!$D$4, G517=Lists!$A$5, Lists!$D$5,G517=Lists!$A$6, Lists!$D$6, G517=Lists!$A$7, Lists!$D$7, G517=Lists!$A$8, Lists!$D$8, G517=Lists!$A$9, Lists!$D$9, G517=Lists!$A$10, Lists!$D$10, TRUE, \"\")","v":""}]
[500,null,null,null,null,null,null,{"$f":"_xlfn.IFS(G518=Lists!$A$2, Lists!$D$2, G518=Lists!$A$3, Lists!$D$3, G518=Lists!$A$4, Lists!$D$4, G518=Lists!$A$5, Lists!$D$5,G518=Lists!$A$6, Lists!$D$6, G518=Lists!$A$7, Lists!$D$7, G518=Lists!$A$8, Lists!$D$8, G518=Lists!$A$9, Lists!$D$9, G518=Lists!$A$10, Lists!$D$10, TRUE, \"\")","v":""}]
[501,null,null,null,null,null,null,{"$f":"_xlfn.IFS(G519=Lists!$A$2, Lists!$D$2, G519=Lists!$A$3, Lists!$D$3, G519=Lists!$A$4, Lists!$D$4, G519=Lists!$A$5, Lists!$D$5,G519=Lists!$A$6, Lists!$D$6, G519=Lists!$A$7, Lists!$D$7, G519=Lists!$A$8, Lists!$D$8, G519=Lists!$A$9, Lists!$D$9, G519=Lists!$A$10, Lists!$D$10, TRUE, \"\")","v":""}]
[502,null,null,null,null,null,null,{"$f":"_xlfn.IFS(G520=Lists!$A$2, Lists!$D$2, G520=Lists!$A$3, Lists!$D$3, G520=Lists!$A$4, Lists!$D$4, G520=Lists!$A$5, Lists!$D$5,G520=Lists!$A$6, Lists!$D$6, G520=Lists!$A$7, Lists!$D$7, G520=Lists!$A$8, Lists!$D$8, G520=Lists!$A$9, Lists!$D$9, G520=Lists!$A$10, Lists!$D$10, TRUE, \"\")","v":""}]
[503,null,null,null,null,null,null,{"$f":"_xlfn.IFS(G521=Lists!$A$2, Lists!$D$2, G521=Lists!$A$3, Lists!$D$3, G521=Lists!$A$4, Lists!$D$4, G521=Lists!$A$5, Lists!$D$5,G521=Lists!$A$6, Lists!$D$6, G521=Lists!$A$7, Lists!$D$7, G521=Lists!$A$8, Lists!$D$8, G521=Lists!$A$9, Lists!$D$9, G521=Lists!$A$10, Lists!$D$10, TRUE, \"\")","v":""}]
[504,null,null,null,null,null,null,{"$f":"_xlfn.IFS(G522=Lists!$A$2, Lists!$D$2, G522=Lists!$A$3, Lists!$D$3, G522=Lists!$A$4, Lists!$D$4, G522=Lists!$A$5, Lists!$D$5,G522=Lists!$A$6, Lists!$D$6, G522=Lists!$A$7, Lists!$D$7, G522=Lists!$A$8, Lists!$D$8, G522=Lists!$A$9, Lists!$D$9, G522=Lists!$A$10, Lists!$D$10, TRUE, \"\")","v":""}]
[505,null,null,null,null,null,null,{"$f":"_xlfn.IFS(G523=Lists!$A$2, Lists!$D$2, G523=Lists!$A$3, Lists!$D$3, G523=Lists!$A$4, Lists!$D$4, G523=Lists!$A$5, Lists!$D$5,G523=Lists!$A$6, Lists!$D$6, G523=Lists!$A$7, Lists!$D$7, G523=Lists!$A$8, Lists!$D$8, G523=Lists!$A$9, Lists!$D$9, G523=Lists!$A$10, Lists!$D$10, TRUE, \"\")","v":""}]
[506,null,null,null,null,null,null,{"$f":"_xlfn.IFS(G524=Lists!$A$2, Lists!$D$2, G524=Lists!$A$3, Lists!$D$3, G524=Lists!$A$4, Lists!$D$4, G524=Lists!$A$5, Lists!$D$5,G524=Lists!$A$6, Lists!$D$6, G524=Lists!$A$7, Lists!$D$7, G524=Lists!$A$8, Lists!$D$8, G524=Lists!$A$9, Lists!$D$9, G524=Lists!$A$10, Lists!$D$10, TRUE, \"\")","v":""}]
[507,null,null,null,null,null,null,{"$f":"_xlfn.IFS(G525=Lists!$A$2, Lists!$D$2, G525=Lists!$A$3, Lists!$D$3, G525=Lists!$A$4, Lists!$D$4, G525=Lists!$A$5, Lists!$D$5,G525=Lists!$A$6, Lists!$D$6, G525=Lists!$A$7, Lists!$D$7, G525=Lists!$A$8, Lists!$D$8, G525=Lists!$A$9, Lists!$D$9, G525=Lists!$A$10, Lists!$D$10, TRUE, \"\")","v":""}]
[508,null,null,null,null,null,null,{"$f":"_xlfn.IFS(G526=Lists!$A$2, Lists!$D$2, G526=Lists!$A$3, Lists!$D$3, G526=Lists!$A$4, Lists!$D$4, G526=Lists!$A$5, Lists!$D$5,G526=Lists!$A$6, Lists!$D$6, G526=Lists!$A$7, Lists!$D$7, G526=Lists!$A$8, Lists!$D$8, G526=Lists!$A$9, Lists!$D$9, G526=Lists!$A$10, Lists!$D$10, TRUE, \"\")","v":""}]
[509,null,null,null,null,null,null,{"$f":"_xlfn.IFS(G527=Lists!$A$2, Lists!$D$2, G527=Lists!$A$3, Lists!$D$3, G527=Lists!$A$4, Lists!$D$4, G527=Lists!$A$5, Lists!$D$5,G527=Lists!$A$6, Lists!$D$6, G527=Lists!$A$7, Lists!$D$7, G527=Lists!$A$8, Lists!$D$8, G527=Lists!$A$9, Lists!$D$9, G527=Lists!$A$10, Lists!$D$10, TRUE, \"\")","v":""}]
[510,null,null,null,null,null,null,{"$f":"_xlfn.IFS(G528=Lists!$A$2, Lists!$D$2, G528=Lists!$A$3, Lists!$D$3, G528=Lists!$A$4, Lists!$D$4, G528=Lists!$A$5, Lists!$D$5,G528=Lists!$A$6, Lists!$D$6, G528=Lists!$A$7, Lists!$D$7, G528=Lists!$A$8, Lists!$D$8, G528=Lists!$A$9, Lists!$D$9, G528=Lists!$A$10, Lists!$D$10, TRUE, \"\")","v":""}]
[511,null,null,null,null,null,null,{"$f":"_xlfn.IFS(G529=Lists!$A$2, Lists!$D$2, G529=Lists!$A$3, Lists!$D$3, G529=Lists!$A$4, Lists!$D$4, G529=Lists!$A$5, Lists!$D$5,G529=Lists!$A$6, Lists!$D$6, G529=Lists!$A$7, Lists!$D$7, G529=Lists!$A$8, Lists!$D$8, G529=Lists!$A$9, Lists!$D$9, G529=Lists!$A$10, Lists!$D$10, TRUE, \"\")","v":""}]
[512,null,null,null,null,null,null,{"$f":"_xlfn.IFS(G530=Lists!$A$2, Lists!$D$2, G530=Lists!$A$3, Lists!$D$3, G530=Lists!$A$4, Lists!$D$4, G530=Lists!$A$5, Lists!$D$5,G530=Lists!$A$6, Lists!$D$6, G530=Lists!$A$7, Lists!$D$7, G530=Lists!$A$8, Lists!$D$8, G530=Lists!$A$9, Lists!$D$9, G530=Lists!$A$10, Lists!$D$10, TRUE, \"\")","v":""}]
[513,null,null,null,null,null,null,{"$f":"_xlfn.IFS(G531=Lists!$A$2, Lists!$D$2, G531=Lists!$A$3, Lists!$D$3, G531=Lists!$A$4, Lists!$D$4, G531=Lists!$A$5, Lists!$D$5,G531=Lists!$A$6, Lists!$D$6, G531=Lists!$A$7, Lists!$D$7, G531=Lists!$A$8, Lists!$D$8, G531=Lists!$A$9, Lists!$D$9, G531=Lists!$A$10, Lists!$D$10, TRUE, \"\")","v":""}]
[514,null,null,null,null,null,null,{"$f":"_xlfn.IFS(G532=Lists!$A$2, Lists!$D$2, G532=Lists!$A$3, Lists!$D$3, G532=Lists!$A$4, Lists!$D$4, G532=Lists!$A$5, Lists!$D$5,G532=Lists!$A$6, Lists!$D$6, G532=Lists!$A$7, Lists!$D$7, G532=Lists!$A$8, Lists!$D$8, G532=Lists!$A$9, Lists!$D$9, G532=Lists!$A$10, Lists!$D$10, TRUE, \"\")","v":""}]
[515,null,null,null,null,null,null,{"$f":"_xlfn.IFS(G533=Lists!$A$2, Lists!$D$2, G533=Lists!$A$3, Lists!$D$3, G533=Lists!$A$4, Lists!$D$4, G533=Lists!$A$5, Lists!$D$5,G533=Lists!$A$6, Lists!$D$6, G533=Lists!$A$7, Lists!$D$7, G533=Lists!$A$8, Lists!$D$8, G533=Lists!$A$9, Lists!$D$9, G533=Lists!$A$10, Lists!$D$10, TRUE, \"\")","v":""}]
[516,null,null,null,null,null,null,{"$f":"_xlfn.IFS(G534=Lists!$A$2, Lists!$D$2, G534=Lists!$A$3, Lists!$D$3, G534=Lists!$A$4, Lists!$D$4, G534=Lists!$A$5, Lists!$D$5,G534=Lists!$A$6, Lists!$D$6, G534=Lists!$A$7, Lists!$D$7, G534=Lists!$A$8, Lists!$D$8, G534=Lists!$A$9, Lists!$D$9, G534=Lists!$A$10, Lists!$D$10, TRUE, \"\")","v":""}]
[517,null,null,null,null,null,null,{"$f":"_xlfn.IFS(G535=Lists!$A$2, Lists!$D$2, G535=Lists!$A$3, Lists!$D$3, G535=Lists!$A$4, Lists!$D$4, G535=Lists!$A$5, Lists!$D$5,G535=Lists!$A$6, Lists!$D$6, G535=Lists!$A$7, Lists!$D$7, G535=Lists!$A$8, Lists!$D$8, G535=Lists!$A$9, Lists!$D$9, G535=Lists!$A$10, Lists!$D$10, TRUE, \"\")","v":""}]
[518,null,null,null,null,null,null,{"$f":"_xlfn.IFS(G536=Lists!$A$2, Lists!$D$2, G536=Lists!$A$3, Lists!$D$3, G536=Lists!$A$4, Lists!$D$4, G536=Lists!$A$5, Lists!$D$5,G536=Lists!$A$6, Lists!$D$6, G536=Lists!$A$7, Lists!$D$7, G536=Lists!$A$8, Lists!$D$8, G536=Lists!$A$9, Lists!$D$9, G536=Lists!$A$10, Lists!$D$10, TRUE, \"\")","v":""}]
[519,null,null,null,null,null,null,{"$f":"_xlfn.IFS(G537=Lists!$A$2, Lists!$D$2, G537=Lists!$A$3, Lists!$D$3, G537=Lists!$A$4, Lists!$D$4, G537=Lists!$A$5, Lists!$D$5,G537=Lists!$A$6, Lists!$D$6, G537=Lists!$A$7, Lists!$D$7, G537=Lists!$A$8, Lists!$D$8, G537=Lists!$A$9, Lists!$D$9, G537=Lists!$A$10, Lists!$D$10, TRUE, \"\")","v":""}]
[520,null,null,null,null,null,null,{"$f":"_xlfn.IFS(G538=Lists!$A$2, Lists!$D$2, G538=Lists!$A$3, Lists!$D$3, G538=Lists!$A$4, Lists!$D$4, G538=Lists!$A$5, Lists!$D$5,G538=Lists!$A$6, Lists!$D$6, G538=Lists!$A$7, Lists!$D$7, G538=Lists!$A$8, Lists!$D$8, G538=Lists!$A$9, Lists!$D$9, G538=Lists!$A$10, Lists!$D$10, TRUE, \"\")","v":""}]
[521,null,null,null,null,null,null,{"$f":"_xlfn.IFS(G539=Lists!$A$2, Lists!$D$2, G539=Lists!$A$3, Lists!$D$3, G539=Lists!$A$4, Lists!$D$4, G539=Lists!$A$5, Lists!$D$5,G539=Lists!$A$6, Lists!$D$6, G539=Lists!$A$7, Lists!$D$7, G539=Lists!$A$8, Lists!$D$8, G539=Lists!$A$9, Lists!$D$9, G539=Lists!$A$10, Lists!$D$10, TRUE, \"\")","v":""}]
[522,null,null,null,null,null,null,{"$f":"_xlfn.IFS(G540=Lists!$A$2, Lists!$D$2, G540=Lists!$A$3, Lists!$D$3, G540=Lists!$A$4, Lists!$D$4, G540=Lists!$A$5, Lists!$D$5,G540=Lists!$A$6, Lists!$D$6, G540=Lists!$A$7, Lists!$D$7, G540=Lists!$A$8, Lists!$D$8, G540=Lists!$A$9, Lists!$D$9, G540=Lists!$A$10, Lists!$D$10, TRUE, \"\")","v":""}]
[523,null,null,null,null,null,null,{"$f":"_xlfn.IFS(G541=Lists!$A$2, Lists!$D$2, G541=Lists!$A$3, Lists!$D$3, G541=Lists!$A$4, Lists!$D$4, G541=Lists!$A$5, Lists!$D$5,G541=Lists!$A$6, Lists!$D$6, G541=Lists!$A$7, Lists!$D$7, G541=Lists!$A$8, Lists!$D$8, G541=Lists!$A$9, Lists!$D$9, G541=Lists!$A$10, Lists!$D$10, TRUE, \"\")","v":""}]
[524,null,null,null,null,null,null,{"$f":"_xlfn.IFS(G542=Lists!$A$2, Lists!$D$2, G542=Lists!$A$3, Lists!$D$3, G542=Lists!$A$4, Lists!$D$4, G542=Lists!$A$5, Lists!$D$5,G542=Lists!$A$6, Lists!$D$6, G542=Lists!$A$7, Lists!$D$7, G542=Lists!$A$8, Lists!$D$8, G542=Lists!$A$9, Lists!$D$9, G542=Lists!$A$10, Lists!$D$10, TRUE, \"\")","v":""}]
[525,null,null,null,null,null,null,{"$f":"_xlfn.IFS(G543=Lists!$A$2, Lists!$D$2, G543=Lists!$A$3, Lists!$D$3, G543=Lists!$A$4, Lists!$D$4, G543=Lists!$A$5, Lists!$D$5,G543=Lists!$A$6, Lists!$D$6, G543=Lists!$A$7, Lists!$D$7, G543=Lists!$A$8, Lists!$D$8, G543=Lists!$A$9, Lists!$D$9, G543=Lists!$A$10, Lists!$D$10, TRUE, \"\")","v":""}]
[526,null,null,null,null,null,null,{"$f":"_xlfn.IFS(G544=Lists!$A$2, Lists!$D$2, G544=Lists!$A$3, Lists!$D$3, G544=Lists!$A$4, Lists!$D$4, G544=Lists!$A$5, Lists!$D$5,G544=Lists!$A$6, Lists!$D$6, G544=Lists!$A$7, Lists!$D$7, G544=Lists!$A$8, Lists!$D$8, G544=Lists!$A$9, Lists!$D$9, G544=Lists!$A$10, Lists!$D$10, TRUE, \"\")","v":""}]
[527,null,null,null,null,null,null,{"$f":"_xlfn.IFS(G545=Lists!$A$2, Lists!$D$2, G545=Lists!$A$3, Lists!$D$3, G545=Lists!$A$4, Lists!$D$4, G545=Lists!$A$5, Lists!$D$5,G545=Lists!$A$6, Lists!$D$6, G545=Lists!$A$7, Lists!$D$7, G545=Lists!$A$8, Lists!$D$8, G545=Lists!$A$9, Lists!$D$9, G545=Lists!$A$10, Lists!$D$10, TRUE, \"\")","v":""}]
[528,null,null,null,null,null,null,{"$f":"_xlfn.IFS(G546=Lists!$A$2, Lists!$D$2, G546=Lists!$A$3, Lists!$D$3, G546=Lists!$A$4, Lists!$D$4, G546=Lists!$A$5, Lists!$D$5,G546=Lists!$A$6, Lists!$D$6, G546=Lists!$A$7, Lists!$D$7, G546=Lists!$A$8, Lists!$D$8, G546=Lists!$A$9, Lists!$D$9, G546=Lists!$A$10, Lists!$D$10, TRUE, \"\")","v":""}]
[529,null,null,null,null,null,null,{"$f":"_xlfn.IFS(G547=Lists!$A$2, Lists!$D$2, G547=Lists!$A$3, Lists!$D$3, G547=Lists!$A$4, Lists!$D$4, G547=Lists!$A$5, Lists!$D$5,G547=Lists!$A$6, Lists!$D$6, G547=Lists!$A$7, Lists!$D$7, G547=Lists!$A$8, Lists!$D$8, G547=Lists!$A$9, Lists!$D$9, G547=Lists!$A$10, Lists!$D$10, TRUE, \"\")","v":""}]
[530,null,null,null,null,null,null,{"$f":"_xlfn.IFS(G548=Lists!$A$2, Lists!$D$2, G548=Lists!$A$3, Lists!$D$3, G548=Lists!$A$4, Lists!$D$4, G548=Lists!$A$5, Lists!$D$5,G548=Lists!$A$6, Lists!$D$6, G548=Lists!$A$7, Lists!$D$7, G548=Lists!$A$8, Lists!$D$8, G548=Lists!$A$9, Lists!$D$9, G548=Lists!$A$10, Lists!$D$10, TRUE, \"\")","v":""}]
[531,null,null,null,null,null,null,{"$f":"_xlfn.IFS(G549=Lists!$A$2, Lists!$D$2, G549=Lists!$A$3, Lists!$D$3, G549=Lists!$A$4, Lists!$D$4, G549=Lists!$A$5, Lists!$D$5,G549=Lists!$A$6, Lists!$D$6, G549=Lists!$A$7, Lists!$D$7, G549=Lists!$A$8, Lists!$D$8, G549=Lists!$A$9, Lists!$D$9, G549=Lists!$A$10, Lists!$D$10, TRUE, \"\")","v":""}]
[532,null,null,null,null,null,null,{"$f":"_xlfn.IFS(G550=Lists!$A$2, Lists!$D$2, G550=Lists!$A$3, Lists!$D$3, G550=Lists!$A$4, Lists!$D$4, G550=Lists!$A$5, Lists!$D$5,G550=Lists!$A$6, Lists!$D$6, G550=Lists!$A$7, Lists!$D$7, G550=Lists!$A$8, Lists!$D$8, G550=Lists!$A$9, Lists!$D$9, G550=Lists!$A$10, Lists!$D$10, TRUE, \"\")","v":""}]
[533,null,null,null,null,null,null,{"$f":"_xlfn.IFS(G551=Lists!$A$2, Lists!$D$2, G551=Lists!$A$3, Lists!$D$3, G551=Lists!$A$4, Lists!$D$4, G551=Lists!$A$5, Lists!$D$5,G551=Lists!$A$6, Lists!$D$6, G551=Lists!$A$7, Lists!$D$7, G551=Lists!$A$8, Lists!$D$8, G551=Lists!$A$9, Lists!$D$9, G551=Lists!$A$10, Lists!$D$10, TRUE, \"\")","v":""}]
[534,null,null,null,null,null,null,{"$f":"_xlfn.IFS(G552=Lists!$A$2, Lists!$D$2, G552=Lists!$A$3, Lists!$D$3, G552=Lists!$A$4, Lists!$D$4, G552=Lists!$A$5, Lists!$D$5,G552=Lists!$A$6, Lists!$D$6, G552=Lists!$A$7, Lists!$D$7, G552=Lists!$A$8, Lists!$D$8, G552=Lists!$A$9, Lists!$D$9, G552=Lists!$A$10, Lists!$D$10, TRUE, \"\")","v":""}]
[535,null,null,null,null,null,null,{"$f":"_xlfn.IFS(G553=Lists!$A$2, Lists!$D$2, G553=Lists!$A$3, Lists!$D$3, G553=Lists!$A$4, Lists!$D$4, G553=Lists!$A$5, Lists!$D$5,G553=Lists!$A$6, Lists!$D$6, G553=Lists!$A$7, Lists!$D$7, G553=Lists!$A$8, Lists!$D$8, G553=Lists!$A$9, Lists!$D$9, G553=Lists!$A$10, Lists!$D$10, TRUE, \"\")","v":""}]
[536,null,null,null,null,null,null,{"$f":"_xlfn.IFS(G554=Lists!$A$2, Lists!$D$2, G554=Lists!$A$3, Lists!$D$3, G554=Lists!$A$4, Lists!$D$4, G554=Lists!$A$5, Lists!$D$5,G554=Lists!$A$6, Lists!$D$6, G554=Lists!$A$7, Lists!$D$7, G554=Lists!$A$8, Lists!$D$8, G554=Lists!$A$9, Lists!$D$9, G554=Lists!$A$10, Lists!$D$10, TRUE, \"\")","v":""}]
[537,null,null,null,null,null,null,{"$f":"_xlfn.IFS(G555=Lists!$A$2, Lists!$D$2, G555=Lists!$A$3, Lists!$D$3, G555=Lists!$A$4, Lists!$D$4, G555=Lists!$A$5, Lists!$D$5,G555=Lists!$A$6, Lists!$D$6, G555=Lists!$A$7, Lists!$D$7, G555=Lists!$A$8, Lists!$D$8, G555=Lists!$A$9, Lists!$D$9, G555=Lists!$A$10, Lists!$D$10, TRUE, \"\")","v":""}]
[538,null,null,null,null,null,null,{"$f":"_xlfn.IFS(G556=Lists!$A$2, Lists!$D$2, G556=Lists!$A$3, Lists!$D$3, G556=Lists!$A$4, Lists!$D$4, G556=Lists!$A$5, Lists!$D$5,G556=Lists!$A$6, Lists!$D$6, G556=Lists!$A$7, Lists!$D$7, G556=Lists!$A$8, Lists!$D$8, G556=Lists!$A$9, Lists!$D$9, G556=Lists!$A$10, Lists!$D$10, TRUE, \"\")","v":""}]
[539,null,null,null,null,null,null,{"$f":"_xlfn.IFS(G557=Lists!$A$2, Lists!$D$2, G557=Lists!$A$3, Lists!$D$3, G557=Lists!$A$4, Lists!$D$4, G557=Lists!$A$5, Lists!$D$5,G557=Lists!$A$6, Lists!$D$6, G557=Lists!$A$7, Lists!$D$7, G557=Lists!$A$8, Lists!$D$8, G557=Lists!$A$9, Lists!$D$9, G557=Lists!$A$10, Lists!$D$10, TRUE, \"\")","v":""}]
[540,null,null,null,null,null,null,{"$f":"_xlfn.IFS(G558=Lists!$A$2, Lists!$D$2, G558=Lists!$A$3, Lists!$D$3, G558=Lists!$A$4, Lists!$D$4, G558=Lists!$A$5, Lists!$D$5,G558=Lists!$A$6, Lists!$D$6, G558=Lists!$A$7, Lists!$D$7, G558=Lists!$A$8, Lists!$D$8, G558=Lists!$A$9, Lists!$D$9, G558=Lists!$A$10, Lists!$D$10, TRUE, \"\")","v":""}]
[541,null,null,null,null,null,null,{"$f":"_xlfn.IFS(G559=Lists!$A$2, Lists!$D$2, G559=Lists!$A$3, Lists!$D$3, G559=Lists!$A$4, Lists!$D$4, G559=Lists!$A$5, Lists!$D$5,G559=Lists!$A$6, Lists!$D$6, G559=Lists!$A$7, Lists!$D$7, G559=Lists!$A$8, Lists!$D$8, G559=Lists!$A$9, Lists!$D$9, G559=Lists!$A$10, Lists!$D$10, TRUE, \"\")","v":""}]
[542,null,null,null,null,null,null,{"$f":"_xlfn.IFS(G560=Lists!$A$2, Lists!$D$2, G560=Lists!$A$3, Lists!$D$3, G560=Lists!$A$4, Lists!$D$4, G560=Lists!$A$5, Lists!$D$5,G560=Lists!$A$6, Lists!$D$6, G560=Lists!$A$7, Lists!$D$7, G560=Lists!$A$8, Lists!$D$8, G560=Lists!$A$9, Lists!$D$9, G560=Lists!$A$10, Lists!$D$10, TRUE, \"\")","v":""}]
[543,null,null,null,null,null,null,{"$f":"_xlfn.IFS(G561=Lists!$A$2, Lists!$D$2, G561=Lists!$A$3, Lists!$D$3, G561=Lists!$A$4, Lists!$D$4, G561=Lists!$A$5, Lists!$D$5,G561=Lists!$A$6, Lists!$D$6, G561=Lists!$A$7, Lists!$D$7, G561=Lists!$A$8, Lists!$D$8, G561=Lists!$A$9, Lists!$D$9, G561=Lists!$A$10, Lists!$D$10, TRUE, \"\")","v":""}]
[544,null,null,null,null,null,null,{"$f":"_xlfn.IFS(G562=Lists!$A$2, Lists!$D$2, G562=Lists!$A$3, Lists!$D$3, G562=Lists!$A$4, Lists!$D$4, G562=Lists!$A$5, Lists!$D$5,G562=Lists!$A$6, Lists!$D$6, G562=Lists!$A$7, Lists!$D$7, G562=Lists!$A$8, Lists!$D$8, G562=Lists!$A$9, Lists!$D$9, G562=Lists!$A$10, Lists!$D$10, TRUE, \"\")","v":""}]
[545,null,null,null,null,null,null,{"$f":"_xlfn.IFS(G563=Lists!$A$2, Lists!$D$2, G563=Lists!$A$3, Lists!$D$3, G563=Lists!$A$4, Lists!$D$4, G563=Lists!$A$5, Lists!$D$5,G563=Lists!$A$6, Lists!$D$6, G563=Lists!$A$7, Lists!$D$7, G563=Lists!$A$8, Lists!$D$8, G563=Lists!$A$9, Lists!$D$9, G563=Lists!$A$10, Lists!$D$10, TRUE, \"\")","v":""}]
[546,null,null,null,null,null,null,{"$f":"_xlfn.IFS(G564=Lists!$A$2, Lists!$D$2, G564=Lists!$A$3, Lists!$D$3, G564=Lists!$A$4, Lists!$D$4, G564=Lists!$A$5, Lists!$D$5,G564=Lists!$A$6, Lists!$D$6, G564=Lists!$A$7, Lists!$D$7, G564=Lists!$A$8, Lists!$D$8, G564=Lists!$A$9, Lists!$D$9, G564=Lists!$A$10, Lists!$D$10, TRUE, \"\")","v":""}]
[547,null,null,null,null,null,null,{"$f":"_xlfn.IFS(G565=Lists!$A$2, Lists!$D$2, G565=Lists!$A$3, Lists!$D$3, G565=Lists!$A$4, Lists!$D$4, G565=Lists!$A$5, Lists!$D$5,G565=Lists!$A$6, Lists!$D$6, G565=Lists!$A$7, Lists!$D$7, G565=Lists!$A$8, Lists!$D$8, G565=Lists!$A$9, Lists!$D$9, G565=Lists!$A$10, Lists!$D$10, TRUE, \"\")","v":""}]
[548,null,null,null,null,null,null,{"$f":"_xlfn.IFS(G566=Lists!$A$2, Lists!$D$2, G566=Lists!$A$3, Lists!$D$3, G566=Lists!$A$4, Lists!$D$4, G566=Lists!$A$5, Lists!$D$5,G566=Lists!$A$6, Lists!$D$6, G566=Lists!$A$7, Lists!$D$7, G566=Lists!$A$8, Lists!$D$8, G566=Lists!$A$9, Lists!$D$9, G566=Lists!$A$10, Lists!$D$10, TRUE, \"\")","v":""}]
[549,null,null,null,null,null,null,{"$f":"_xlfn.IFS(G567=Lists!$A$2, Lists!$D$2, G567=Lists!$A$3, Lists!$D$3, G567=Lists!$A$4, Lists!$D$4, G567=Lists!$A$5, Lists!$D$5,G567=Lists!$A$6, Lists!$D$6, G567=Lists!$A$7, Lists!$D$7, G567=Lists!$A$8, Lists!$D$8, G567=Lists!$A$9, Lists!$D$9, G567=Lists!$A$10, Lists!$D$10, TRUE, \"\")","v":""}]
[550,null,null,null,null,null,null,{"$f":"_xlfn.IFS(G568=Lists!$A$2, Lists!$D$2, G568=Lists!$A$3, Lists!$D$3, G568=Lists!$A$4, Lists!$D$4, G568=Lists!$A$5, Lists!$D$5,G568=Lists!$A$6, Lists!$D$6, G568=Lists!$A$7, Lists!$D$7, G568=Lists!$A$8, Lists!$D$8, G568=Lists!$A$9, Lists!$D$9, G568=Lists!$A$10, Lists!$D$10, TRUE, \"\")","v":""}]
[551,null,null,null,null,null,null,{"$f":"_xlfn.IFS(G569=Lists!$A$2, Lists!$D$2, G569=Lists!$A$3, Lists!$D$3, G569=Lists!$A$4, Lists!$D$4, G569=Lists!$A$5, Lists!$D$5,G569=Lists!$A$6, Lists!$D$6, G569=Lists!$A$7, Lists!$D$7, G569=Lists!$A$8, Lists!$D$8, G569=Lists!$A$9, Lists!$D$9, G569=Lists!$A$10, Lists!$D$10, TRUE, \"\")","v":""}]
[552,null,null,null,null,null,null,{"$f":"_xlfn.IFS(G570=Lists!$A$2, Lists!$D$2, G570=Lists!$A$3, Lists!$D$3, G570=Lists!$A$4, Lists!$D$4, G570=Lists!$A$5, Lists!$D$5,G570=Lists!$A$6, Lists!$D$6, G570=Lists!$A$7, Lists!$D$7, G570=Lists!$A$8, Lists!$D$8, G570=Lists!$A$9, Lists!$D$9, G570=Lists!$A$10, Lists!$D$10, TRUE, \"\")","v":""}]
[553,null,null,null,null,null,null,{"$f":"_xlfn.IFS(G571=Lists!$A$2, Lists!$D$2, G571=Lists!$A$3, Lists!$D$3, G571=Lists!$A$4, Lists!$D$4, G571=Lists!$A$5, Lists!$D$5,G571=Lists!$A$6, Lists!$D$6, G571=Lists!$A$7, Lists!$D$7, G571=Lists!$A$8, Lists!$D$8, G571=Lists!$A$9, Lists!$D$9, G571=Lists!$A$10, Lists!$D$10, TRUE, \"\")","v":""}]
[554,null,null,null,null,null,null,{"$f":"_xlfn.IFS(G572=Lists!$A$2, Lists!$D$2, G572=Lists!$A$3, Lists!$D$3, G572=Lists!$A$4, Lists!$D$4, G572=Lists!$A$5, Lists!$D$5,G572=Lists!$A$6, Lists!$D$6, G572=Lists!$A$7, Lists!$D$7, G572=Lists!$A$8, Lists!$D$8, G572=Lists!$A$9, Lists!$D$9, G572=Lists!$A$10, Lists!$D$10, TRUE, \"\")","v":""}]
[555,null,null,null,null,null,null,{"$f":"_xlfn.IFS(G573=Lists!$A$2, Lists!$D$2, G573=Lists!$A$3, Lists!$D$3, G573=Lists!$A$4, Lists!$D$4, G573=Lists!$A$5, Lists!$D$5,G573=Lists!$A$6, Lists!$D$6, G573=Lists!$A$7, Lists!$D$7, G573=Lists!$A$8, Lists!$D$8, G573=Lists!$A$9, Lists!$D$9, G573=Lists!$A$10, Lists!$D$10, TRUE, \"\")","v":""}]
[556,null,null,null,null,null,null,{"$f":"_xlfn.IFS(G574=Lists!$A$2, Lists!$D$2, G574=Lists!$A$3, Lists!$D$3, G574=Lists!$A$4, Lists!$D$4, G574=Lists!$A$5, Lists!$D$5,G574=Lists!$A$6, Lists!$D$6, G574=Lists!$A$7, Lists!$D$7, G574=Lists!$A$8, Lists!$D$8, G574=Lists!$A$9, Lists!$D$9, G574=Lists!$A$10, Lists!$D$10, TRUE, \"\")","v":""}]
[557,null,null,null,null,null,null,{"$f":"_xlfn.IFS(G575=Lists!$A$2, Lists!$D$2, G575=Lists!$A$3, Lists!$D$3, G575=Lists!$A$4, Lists!$D$4, G575=Lists!$A$5, Lists!$D$5,G575=Lists!$A$6, Lists!$D$6, G575=Lists!$A$7, Lists!$D$7, G575=Lists!$A$8, Lists!$D$8, G575=Lists!$A$9, Lists!$D$9, G575=Lists!$A$10, Lists!$D$10, TRUE, \"\")","v":""}]
[558,null,null,null,null,null,null,{"$f":"_xlfn.IFS(G576=Lists!$A$2, Lists!$D$2, G576=Lists!$A$3, Lists!$D$3, G576=Lists!$A$4, Lists!$D$4, G576=Lists!$A$5, Lists!$D$5,G576=Lists!$A$6, Lists!$D$6, G576=Lists!$A$7, Lists!$D$7, G576=Lists!$A$8, Lists!$D$8, G576=Lists!$A$9, Lists!$D$9, G576=Lists!$A$10, Lists!$D$10, TRUE, \"\")","v":""}]
[559,null,null,null,null,null,null,{"$f":"_xlfn.IFS(G577=Lists!$A$2, Lists!$D$2, G577=Lists!$A$3, Lists!$D$3, G577=Lists!$A$4, Lists!$D$4, G577=Lists!$A$5, Lists!$D$5,G577=Lists!$A$6, Lists!$D$6, G577=Lists!$A$7, Lists!$D$7, G577=Lists!$A$8, Lists!$D$8, G577=Lists!$A$9, Lists!$D$9, G577=Lists!$A$10, Lists!$D$10, TRUE, \"\")","v":""}]
[560,null,null,null,null,null,null,{"$f":"_xlfn.IFS(G578=Lists!$A$2, Lists!$D$2, G578=Lists!$A$3, Lists!$D$3, G578=Lists!$A$4, Lists!$D$4, G578=Lists!$A$5, Lists!$D$5,G578=Lists!$A$6, Lists!$D$6, G578=Lists!$A$7, Lists!$D$7, G578=Lists!$A$8, Lists!$D$8, G578=Lists!$A$9, Lists!$D$9, G578=Lists!$A$10, Lists!$D$10, TRUE, \"\")","v":""}]
[561,null,null,null,null,null,null,{"$f":"_xlfn.IFS(G579=Lists!$A$2, Lists!$D$2, G579=Lists!$A$3, Lists!$D$3, G579=Lists!$A$4, Lists!$D$4, G579=Lists!$A$5, Lists!$D$5,G579=Lists!$A$6, Lists!$D$6, G579=Lists!$A$7, Lists!$D$7, G579=Lists!$A$8, Lists!$D$8, G579=Lists!$A$9, Lists!$D$9, G579=Lists!$A$10, Lists!$D$10, TRUE, \"\")","v":""}]
[562,null,null,null,null,null,null,{"$f":"_xlfn.IFS(G580=Lists!$A$2, Lists!$D$2, G580=Lists!$A$3, Lists!$D$3, G580=Lists!$A$4, Lists!$D$4, G580=Lists!$A$5, Lists!$D$5,G580=Lists!$A$6, Lists!$D$6, G580=Lists!$A$7, Lists!$D$7, G580=Lists!$A$8, Lists!$D$8, G580=Lists!$A$9, Lists!$D$9, G580=Lists!$A$10, Lists!$D$10, TRUE, \"\")","v":""}]
[563,null,null,null,null,null,null,{"$f":"_xlfn.IFS(G581=Lists!$A$2, Lists!$D$2, G581=Lists!$A$3, Lists!$D$3, G581=Lists!$A$4, Lists!$D$4, G581=Lists!$A$5, Lists!$D$5,G581=Lists!$A$6, Lists!$D$6, G581=Lists!$A$7, Lists!$D$7, G581=Lists!$A$8, Lists!$D$8, G581=Lists!$A$9, Lists!$D$9, G581=Lists!$A$10, Lists!$D$10, TRUE, \"\")","v":""}]
[564,null,null,null,null,null,null,{"$f":"_xlfn.IFS(G582=Lists!$A$2, Lists!$D$2, G582=Lists!$A$3, Lists!$D$3, G582=Lists!$A$4, Lists!$D$4, G582=Lists!$A$5, Lists!$D$5,G582=Lists!$A$6, Lists!$D$6, G582=Lists!$A$7, Lists!$D$7, G582=Lists!$A$8, Lists!$D$8, G582=Lists!$A$9, Lists!$D$9, G582=Lists!$A$10, Lists!$D$10, TRUE, \"\")","v":""}]
[565,null,null,null,null,null,null,{"$f":"_xlfn.IFS(G583=Lists!$A$2, Lists!$D$2, G583=Lists!$A$3, Lists!$D$3, G583=Lists!$A$4, Lists!$D$4, G583=Lists!$A$5, Lists!$D$5,G583=Lists!$A$6, Lists!$D$6, G583=Lists!$A$7, Lists!$D$7, G583=Lists!$A$8, Lists!$D$8, G583=Lists!$A$9, Lists!$D$9, G583=Lists!$A$10, Lists!$D$10, TRUE, \"\")","v":""}]
[566,null,null,null,null,null,null,{"$f":"_xlfn.IFS(G584=Lists!$A$2, Lists!$D$2, G584=Lists!$A$3, Lists!$D$3, G584=Lists!$A$4, Lists!$D$4, G584=Lists!$A$5, Lists!$D$5,G584=Lists!$A$6, Lists!$D$6, G584=Lists!$A$7, Lists!$D$7, G584=Lists!$A$8, Lists!$D$8, G584=Lists!$A$9, Lists!$D$9, G584=Lists!$A$10, Lists!$D$10, TRUE, \"\")","v":""}]
[567,null,null,null,null,null,null,{"$f":"_xlfn.IFS(G585=Lists!$A$2, Lists!$D$2, G585=Lists!$A$3, Lists!$D$3, G585=Lists!$A$4, Lists!$D$4, G585=Lists!$A$5, Lists!$D$5,G585=Lists!$A$6, Lists!$D$6, G585=Lists!$A$7, Lists!$D$7, G585=Lists!$A$8, Lists!$D$8, G585=Lists!$A$9, Lists!$D$9, G585=Lists!$A$10, Lists!$D$10, TRUE, \"\")","v":""}]
[568,null,null,null,null,null,null,{"$f":"_xlfn.IFS(G586=Lists!$A$2, Lists!$D$2, G586=Lists!$A$3, Lists!$D$3, G586=Lists!$A$4, Lists!$D$4, G586=Lists!$A$5, Lists!$D$5,G586=Lists!$A$6, Lists!$D$6, G586=Lists!$A$7, Lists!$D$7, G586=Lists!$A$8, Lists!$D$8, G586=Lists!$A$9, Lists!$D$9, G586=Lists!$A$10, Lists!$D$10, TRUE, \"\")","v":""}]
[569,null,null,null,null,null,null,{"$f":"_xlfn.IFS(G587=Lists!$A$2, Lists!$D$2, G587=Lists!$A$3, Lists!$D$3, G587=Lists!$A$4, Lists!$D$4, G587=Lists!$A$5, Lists!$D$5,G587=Lists!$A$6, Lists!$D$6, G587=Lists!$A$7, Lists!$D$7, G587=Lists!$A$8, Lists!$D$8, G587=Lists!$A$9, Lists!$D$9, G587=Lists!$A$10, Lists!$D$10, TRUE, \"\")","v":""}]
[570,null,null,null,null,null,null,{"$f":"_xlfn.IFS(G588=Lists!$A$2, Lists!$D$2, G588=Lists!$A$3, Lists!$D$3, G588=Lists!$A$4, Lists!$D$4, G588=Lists!$A$5, Lists!$D$5,G588=Lists!$A$6, Lists!$D$6, G588=Lists!$A$7, Lists!$D$7, G588=Lists!$A$8, Lists!$D$8, G588=Lists!$A$9, Lists!$D$9, G588=Lists!$A$10, Lists!$D$10, TRUE, \"\")","v":""}]
[571,null,null,null,null,null,null,{"$f":"_xlfn.IFS(G589=Lists!$A$2, Lists!$D$2, G589=Lists!$A$3, Lists!$D$3, G589=Lists!$A$4, Lists!$D$4, G589=Lists!$A$5, Lists!$D$5,G589=Lists!$A$6, Lists!$D$6, G589=Lists!$A$7, Lists!$D$7, G589=Lists!$A$8, Lists!$D$8, G589=Lists!$A$9, Lists!$D$9, G589=Lists!$A$10, Lists!$D$10, TRUE, \"\")","v":""}]
[572,null,null,null,null,null,null,{"$f":"_xlfn.IFS(G590=Lists!$A$2, Lists!$D$2, G590=Lists!$A$3, Lists!$D$3, G590=Lists!$A$4, Lists!$D$4, G590=Lists!$A$5, Lists!$D$5,G590=Lists!$A$6, Lists!$D$6, G590=Lists!$A$7, Lists!$D$7, G590=Lists!$A$8, Lists!$D$8, G590=Lists!$A$9, Lists!$D$9, G590=Lists!$A$10, Lists!$D$10, TRUE, \"\")","v":""}]
[573,null,null,null,null,null,null,{"$f":"_xlfn.IFS(G591=Lists!$A$2, Lists!$D$2, G591=Lists!$A$3, Lists!$D$3, G591=Lists!$A$4, Lists!$D$4, G591=Lists!$A$5, Lists!$D$5,G591=Lists!$A$6, Lists!$D$6, G591=Lists!$A$7, Lists!$D$7, G591=Lists!$A$8, Lists!$D$8, G591=Lists!$A$9, Lists!$D$9, G591=Lists!$A$10, Lists!$D$10, TRUE, \"\")","v":""}]
[574,null,null,null,null,null,null,{"$f":"_xlfn.IFS(G592=Lists!$A$2, Lists!$D$2, G592=Lists!$A$3, Lists!$D$3, G592=Lists!$A$4, Lists!$D$4, G592=Lists!$A$5, Lists!$D$5,G592=Lists!$A$6, Lists!$D$6, G592=Lists!$A$7, Lists!$D$7, G592=Lists!$A$8, Lists!$D$8, G592=Lists!$A$9, Lists!$D$9, G592=Lists!$A$10, Lists!$D$10, TRUE, \"\")","v":""}]
[575,null,null,null,null,null,null,{"$f":"_xlfn.IFS(G593=Lists!$A$2, Lists!$D$2, G593=Lists!$A$3, Lists!$D$3, G593=Lists!$A$4, Lists!$D$4, G593=Lists!$A$5, Lists!$D$5,G593=Lists!$A$6, Lists!$D$6, G593=Lists!$A$7, Lists!$D$7, G593=Lists!$A$8, Lists!$D$8, G593=Lists!$A$9, Lists!$D$9, G593=Lists!$A$10, Lists!$D$10, TRUE, \"\")","v":""}]
[576,null,null,null,null,null,null,{"$f":"_xlfn.IFS(G594=Lists!$A$2, Lists!$D$2, G594=Lists!$A$3, Lists!$D$3, G594=Lists!$A$4, Lists!$D$4, G594=Lists!$A$5, Lists!$D$5,G594=Lists!$A$6, Lists!$D$6, G594=Lists!$A$7, Lists!$D$7, G594=Lists!$A$8, Lists!$D$8, G594=Lists!$A$9, Lists!$D$9, G594=Lists!$A$10, Lists!$D$10, TRUE, \"\")","v":""}]
[577,null,null,null,null,null,null,{"$f":"_xlfn.IFS(G595=Lists!$A$2, Lists!$D$2, G595=Lists!$A$3, Lists!$D$3, G595=Lists!$A$4, Lists!$D$4, G595=Lists!$A$5, Lists!$D$5,G595=Lists!$A$6, Lists!$D$6, G595=Lists!$A$7, Lists!$D$7, G595=Lists!$A$8, Lists!$D$8, G595=Lists!$A$9, Lists!$D$9, G595=Lists!$A$10, Lists!$D$10, TRUE, \"\")","v":""}]
[578,null,null,null,null,null,null,{"$f":"_xlfn.IFS(G596=Lists!$A$2, Lists!$D$2, G596=Lists!$A$3, Lists!$D$3, G596=Lists!$A$4, Lists!$D$4, G596=Lists!$A$5, Lists!$D$5,G596=Lists!$A$6, Lists!$D$6, G596=Lists!$A$7, Lists!$D$7, G596=Lists!$A$8, Lists!$D$8, G596=Lists!$A$9, Lists!$D$9, G596=Lists!$A$10, Lists!$D$10, TRUE, \"\")","v":""}]
[579,null,null,null,null,null,null,{"$f":"_xlfn.IFS(G597=Lists!$A$2, Lists!$D$2, G597=Lists!$A$3, Lists!$D$3, G597=Lists!$A$4, Lists!$D$4, G597=Lists!$A$5, Lists!$D$5,G597=Lists!$A$6, Lists!$D$6, G597=Lists!$A$7, Lists!$D$7, G597=Lists!$A$8, Lists!$D$8, G597=Lists!$A$9, Lists!$D$9, G597=Lists!$A$10, Lists!$D$10, TRUE, \"\")","v":""}]
[580,null,null,null,null,null,null,{"$f":"_xlfn.IFS(G598=Lists!$A$2, Lists!$D$2, G598=Lists!$A$3, Lists!$D$3, G598=Lists!$A$4, Lists!$D$4, G598=Lists!$A$5, Lists!$D$5,G598=Lists!$A$6, Lists!$D$6, G598=Lists!$A$7, Lists!$D$7, G598=Lists!$A$8, Lists!$D$8, G598=Lists!$A$9, Lists!$D$9, G598=Lists!$A$10, Lists!$D$10, TRUE, \"\")","v":""}]
[581,null,null,null,null,null,null,{"$f":"_xlfn.IFS(G599=Lists!$A$2, Lists!$D$2, G599=Lists!$A$3, Lists!$D$3, G599=Lists!$A$4, Lists!$D$4, G599=Lists!$A$5, Lists!$D$5,G599=Lists!$A$6, Lists!$D$6, G599=Lists!$A$7, Lists!$D$7, G599=Lists!$A$8, Lists!$D$8, G599=Lists!$A$9, Lists!$D$9, G599=Lists!$A$10, Lists!$D$10, TRUE, \"\")","v":""}]
[582,null,null,null,null,null,null,{"$f":"_xlfn.IFS(G600=Lists!$A$2, Lists!$D$2, G600=Lists!$A$3, Lists!$D$3, G600=Lists!$A$4, Lists!$D$4, G600=Lists!$A$5, Lists!$D$5,G600=Lists!$A$6, Lists!$D$6, G600=Lists!$A$7, Lists!$D$7, G600=Lists!$A$8, Lists!$D$8, G600=Lists!$A$9, Lists!$D$9, G600=Lists!$A$10, Lists!$D$10, TRUE, \"\")","v":""}]
[583,null,null,null,null,null,null,{"$f":"_xlfn.IFS(G601=Lists!$A$2, Lists!$D$2, G601=Lists!$A$3, Lists!$D$3, G601=Lists!$A$4, Lists!$D$4, G601=Lists!$A$5, Lists!$D$5,G601=Lists!$A$6, Lists!$D$6, G601=Lists!$A$7, Lists!$D$7, G601=Lists!$A$8, Lists!$D$8, G601=Lists!$A$9, Lists!$D$9, G601=Lists!$A$10, Lists!$D$10, TRUE, \"\")","v":""}]
[584,null,null,null,null,null,null,{"$f":"_xlfn.IFS(G602=Lists!$A$2, Lists!$D$2, G602=Lists!$A$3, Lists!$D$3, G602=Lists!$A$4, Lists!$D$4, G602=Lists!$A$5, Lists!$D$5,G602=Lists!$A$6, Lists!$D$6, G602=Lists!$A$7, Lists!$D$7, G602=Lists!$A$8, Lists!$D$8, G602=Lists!$A$9, Lists!$D$9, G602=Lists!$A$10, Lists!$D$10, TRUE, \"\")","v":""}]
[585,null,null,null,null,null,null,{"$f":"_xlfn.IFS(G603=Lists!$A$2, Lists!$D$2, G603=Lists!$A$3, Lists!$D$3, G603=Lists!$A$4, Lists!$D$4, G603=Lists!$A$5, Lists!$D$5,G603=Lists!$A$6, Lists!$D$6, G603=Lists!$A$7, Lists!$D$7, G603=Lists!$A$8, Lists!$D$8, G603=Lists!$A$9, Lists!$D$9, G603=Lists!$A$10, Lists!$D$10, TRUE, \"\")","v":""}]
[586,null,null,null,null,null,null,{"$f":"_xlfn.IFS(G604=Lists!$A$2, Lists!$D$2, G604=Lists!$A$3, Lists!$D$3, G604=Lists!$A$4, Lists!$D$4, G604=Lists!$A$5, Lists!$D$5,G604=Lists!$A$6, Lists!$D$6, G604=Lists!$A$7, Lists!$D$7, G604=Lists!$A$8, Lists!$D$8, G604=Lists!$A$9, Lists!$D$9, G604=Lists!$A$10, Lists!$D$10, TRUE, \"\")","v":""}]
[587,null,null,null,null,null,null,{"$f":"_xlfn.IFS(G605=Lists!$A$2, Lists!$D$2, G605=Lists!$A$3, Lists!$D$3, G605=Lists!$A$4, Lists!$D$4, G605=Lists!$A$5, Lists!$D$5,G605=Lists!$A$6, Lists!$D$6, G605=Lists!$A$7, Lists!$D$7, G605=Lists!$A$8, Lists!$D$8, G605=Lists!$A$9, Lists!$D$9, G605=Lists!$A$10, Lists!$D$10, TRUE, \"\")","v":""}]
[588,null,null,null,null,null,null,{"$f":"_xlfn.IFS(G606=Lists!$A$2, Lists!$D$2, G606=Lists!$A$3, Lists!$D$3, G606=Lists!$A$4, Lists!$D$4, G606=Lists!$A$5, Lists!$D$5,G606=Lists!$A$6, Lists!$D$6, G606=Lists!$A$7, Lists!$D$7, G606=Lists!$A$8, Lists!$D$8, G606=Lists!$A$9, Lists!$D$9, G606=Lists!$A$10, Lists!$D$10, TRUE, \"\")","v":""}]
[589,null,null,null,null,null,null,{"$f":"_xlfn.IFS(G607=Lists!$A$2, Lists!$D$2, G607=Lists!$A$3, Lists!$D$3, G607=Lists!$A$4, Lists!$D$4, G607=Lists!$A$5, Lists!$D$5,G607=Lists!$A$6, Lists!$D$6, G607=Lists!$A$7, Lists!$D$7, G607=Lists!$A$8, Lists!$D$8, G607=Lists!$A$9, Lists!$D$9, G607=Lists!$A$10, Lists!$D$10, TRUE, \"\")","v":""}]
[590,null,null,null,null,null,null,{"$f":"_xlfn.IFS(G608=Lists!$A$2, Lists!$D$2, G608=Lists!$A$3, Lists!$D$3, G608=Lists!$A$4, Lists!$D$4, G608=Lists!$A$5, Lists!$D$5,G608=Lists!$A$6, Lists!$D$6, G608=Lists!$A$7, Lists!$D$7, G608=Lists!$A$8, Lists!$D$8, G608=Lists!$A$9, Lists!$D$9, G608=Lists!$A$10, Lists!$D$10, TRUE, \"\")","v":""}]
[591,null,null,null,null,null,null,{"$f":"_xlfn.IFS(G609=Lists!$A$2, Lists!$D$2, G609=Lists!$A$3, Lists!$D$3, G609=Lists!$A$4, Lists!$D$4, G609=Lists!$A$5, Lists!$D$5,G609=Lists!$A$6, Lists!$D$6, G609=Lists!$A$7, Lists!$D$7, G609=Lists!$A$8, Lists!$D$8, G609=Lists!$A$9, Lists!$D$9, G609=Lists!$A$10, Lists!$D$10, TRUE, \"\")","v":""}]
[592,null,null,null,null,null,null,{"$f":"_xlfn.IFS(G610=Lists!$A$2, Lists!$D$2, G610=Lists!$A$3, Lists!$D$3, G610=Lists!$A$4, Lists!$D$4, G610=Lists!$A$5, Lists!$D$5,G610=Lists!$A$6, Lists!$D$6, G610=Lists!$A$7, Lists!$D$7, G610=Lists!$A$8, Lists!$D$8, G610=Lists!$A$9, Lists!$D$9, G610=Lists!$A$10, Lists!$D$10, TRUE, \"\")","v":""}]
[593,null,null,null,null,null,null,{"$f":"_xlfn.IFS(G611=Lists!$A$2, Lists!$D$2, G611=Lists!$A$3, Lists!$D$3, G611=Lists!$A$4, Lists!$D$4, G611=Lists!$A$5, Lists!$D$5,G611=Lists!$A$6, Lists!$D$6, G611=Lists!$A$7, Lists!$D$7, G611=Lists!$A$8, Lists!$D$8, G611=Lists!$A$9, Lists!$D$9, G611=Lists!$A$10, Lists!$D$10, TRUE, \"\")","v":""}]
[594,null,null,null,null,null,null,{"$f":"_xlfn.IFS(G612=Lists!$A$2, Lists!$D$2, G612=Lists!$A$3, Lists!$D$3, G612=Lists!$A$4, Lists!$D$4, G612=Lists!$A$5, Lists!$D$5,G612=Lists!$A$6, Lists!$D$6, G612=Lists!$A$7, Lists!$D$7, G612=Lists!$A$8, Lists!$D$8, G612=Lists!$A$9, Lists!$D$9, G612=Lists!$A$10, Lists!$D$10, TRUE, \"\")","v":""}]
[595,null,null,null,null,null,null,{"$f":"_xlfn.IFS(G613=Lists!$A$2, Lists!$D$2, G613=Lists!$A$3, Lists!$D$3, G613=Lists!$A$4, Lists!$D$4, G613=Lists!$A$5, Lists!$D$5,G613=Lists!$A$6, Lists!$D$6, G613=Lists!$A$7, Lists!$D$7, G613=Lists!$A$8, Lists!$D$8, G613=Lists!$A$9, Lists!$D$9, G613=Lists!$A$10, Lists!$D$10, TRUE, \"\")","v":""}]
[596,null,null,null,null,null,null,{"$f":"_xlfn.IFS(G614=Lists!$A$2, Lists!$D$2, G614=Lists!$A$3, Lists!$D$3, G614=Lists!$A$4, Lists!$D$4, G614=Lists!$A$5, Lists!$D$5,G614=Lists!$A$6, Lists!$D$6, G614=Lists!$A$7, Lists!$D$7, G614=Lists!$A$8, Lists!$D$8, G614=Lists!$A$9, Lists!$D$9, G614=Lists!$A$10, Lists!$D$10, TRUE, \"\")","v":""}]
[597,null,null,null,null,null,null,{"$f":"_xlfn.IFS(G615=Lists!$A$2, Lists!$D$2, G615=Lists!$A$3, Lists!$D$3, G615=Lists!$A$4, Lists!$D$4, G615=Lists!$A$5, Lists!$D$5,G615=Lists!$A$6, Lists!$D$6, G615=Lists!$A$7, Lists!$D$7, G615=Lists!$A$8, Lists!$D$8, G615=Lists!$A$9, Lists!$D$9, G615=Lists!$A$10, Lists!$D$10, TRUE, \"\")","v":""}]
[598,null,null,null,null,null,null,{"$f":"_xlfn.IFS(G616=Lists!$A$2, Lists!$D$2, G616=Lists!$A$3, Lists!$D$3, G616=Lists!$A$4, Lists!$D$4, G616=Lists!$A$5, Lists!$D$5,G616=Lists!$A$6, Lists!$D$6, G616=Lists!$A$7, Lists!$D$7, G616=Lists!$A$8, Lists!$D$8, G616=Lists!$A$9, Lists!$D$9, G616=Lists!$A$10, Lists!$D$10, TRUE, \"\")","v":""}]
[599,null,null,null,null,null,null,{"$f":"_xlfn.IFS(G617=Lists!$A$2, Lists!$D$2, G617=Lists!$A$3, Lists!$D$3, G617=Lists!$A$4, Lists!$D$4, G617=Lists!$A$5, Lists!$D$5,G617=Lists!$A$6, Lists!$D$6, G617=Lists!$A$7, Lists!$D$7, G617=Lists!$A$8, Lists!$D$8, G617=Lists!$A$9, Lists!$D$9, G617=Lists!$A$10, Lists!$D$10, TRUE, \"\")","v":""}]
[600,null,null,null,null,null,null,{"$f":"_xlfn.IFS(G618=Lists!$A$2, Lists!$D$2, G618=Lists!$A$3, Lists!$D$3, G618=Lists!$A$4, Lists!$D$4, G618=Lists!$A$5, Lists!$D$5,G618=Lists!$A$6, Lists!$D$6, G618=Lists!$A$7, Lists!$D$7, G618=Lists!$A$8, Lists!$D$8, G618=Lists!$A$9, Lists!$D$9, G618=Lists!$A$10, Lists!$D$10, TRUE, \"\")","v":""}]
[601,null,null,null,null,null,null,{"$f":"_xlfn.IFS(G619=Lists!$A$2, Lists!$D$2, G619=Lists!$A$3, Lists!$D$3, G619=Lists!$A$4, Lists!$D$4, G619=Lists!$A$5, Lists!$D$5,G619=Lists!$A$6, Lists!$D$6, G619=Lists!$A$7, Lists!$D$7, G619=Lists!$A$8, Lists!$D$8, G619=Lists!$A$9, Lists!$D$9, G619=Lists!$A$10, Lists!$D$10, TRUE, \"\")","v":""}]
[602,null,null,null,null,null,null,{"$f":"_xlfn.IFS(G620=Lists!$A$2, Lists!$D$2, G620=Lists!$A$3, Lists!$D$3, G620=Lists!$A$4, Lists!$D$4, G620=Lists!$A$5, Lists!$D$5,G620=Lists!$A$6, Lists!$D$6, G620=Lists!$A$7, Lists!$D$7, G620=Lists!$A$8, Lists!$D$8, G620=Lists!$A$9, Lists!$D$9, G620=Lists!$A$10, Lists!$D$10, TRUE, \"\")","v":""}]
[603,null,null,null,null,null,null,{"$f":"_xlfn.IFS(G621=Lists!$A$2, Lists!$D$2, G621=Lists!$A$3, Lists!$D$3, G621=Lists!$A$4, Lists!$D$4, G621=Lists!$A$5, Lists!$D$5,G621=Lists!$A$6, Lists!$D$6, G621=Lists!$A$7, Lists!$D$7, G621=Lists!$A$8, Lists!$D$8, G621=Lists!$A$9, Lists!$D$9, G621=Lists!$A$10, Lists!$D$10, TRUE, \"\")","v":""}]
[604,null,null,null,null,null,null,{"$f":"_xlfn.IFS(G622=Lists!$A$2, Lists!$D$2, G622=Lists!$A$3, Lists!$D$3, G622=Lists!$A$4, Lists!$D$4, G622=Lists!$A$5, Lists!$D$5,G622=Lists!$A$6, Lists!$D$6, G622=Lists!$A$7, Lists!$D$7, G622=Lists!$A$8, Lists!$D$8, G622=Lists!$A$9, Lists!$D$9, G622=Lists!$A$10, Lists!$D$10, TRUE, \"\")","v":""}]
[605,null,null,null,null,null,null,{"$f":"_xlfn.IFS(G623=Lists!$A$2, Lists!$D$2, G623=Lists!$A$3, Lists!$D$3, G623=Lists!$A$4, Lists!$D$4, G623=Lists!$A$5, Lists!$D$5,G623=Lists!$A$6, Lists!$D$6, G623=Lists!$A$7, Lists!$D$7, G623=Lists!$A$8, Lists!$D$8, G623=Lists!$A$9, Lists!$D$9, G623=Lists!$A$10, Lists!$D$10, TRUE, \"\")","v":""}]
[606,null,null,null,null,null,null,{"$f":"_xlfn.IFS(G624=Lists!$A$2, Lists!$D$2, G624=Lists!$A$3, Lists!$D$3, G624=Lists!$A$4, Lists!$D$4, G624=Lists!$A$5, Lists!$D$5,G624=Lists!$A$6, Lists!$D$6, G624=Lists!$A$7, Lists!$D$7, G624=Lists!$A$8, Lists!$D$8, G624=Lists!$A$9, Lists!$D$9, G624=Lists!$A$10, Lists!$D$10, TRUE, \"\")","v":""}]
[607,null,null,null,null,null,null,{"$f":"_xlfn.IFS(G625=Lists!$A$2, Lists!$D$2, G625=Lists!$A$3, Lists!$D$3, G625=Lists!$A$4, Lists!$D$4, G625=Lists!$A$5, Lists!$D$5,G625=Lists!$A$6, Lists!$D$6, G625=Lists!$A$7, Lists!$D$7, G625=Lists!$A$8, Lists!$D$8, G625=Lists!$A$9, Lists!$D$9, G625=Lists!$A$10, Lists!$D$10, TRUE, \"\")","v":""}]
[608,null,null,null,null,null,null,{"$f":"_xlfn.IFS(G626=Lists!$A$2, Lists!$D$2, G626=Lists!$A$3, Lists!$D$3, G626=Lists!$A$4, Lists!$D$4, G626=Lists!$A$5, Lists!$D$5,G626=Lists!$A$6, Lists!$D$6, G626=Lists!$A$7, Lists!$D$7, G626=Lists!$A$8, Lists!$D$8, G626=Lists!$A$9, Lists!$D$9, G626=Lists!$A$10, Lists!$D$10, TRUE, \"\")","v":""}]
[609,null,null,null,null,null,null,{"$f":"_xlfn.IFS(G627=Lists!$A$2, Lists!$D$2, G627=Lists!$A$3, Lists!$D$3, G627=Lists!$A$4, Lists!$D$4, G627=Lists!$A$5, Lists!$D$5,G627=Lists!$A$6, Lists!$D$6, G627=Lists!$A$7, Lists!$D$7, G627=Lists!$A$8, Lists!$D$8, G627=Lists!$A$9, Lists!$D$9, G627=Lists!$A$10, Lists!$D$10, TRUE, \"\")","v":""}]
[610,null,null,null,null,null,null,{"$f":"_xlfn.IFS(G628=Lists!$A$2, Lists!$D$2, G628=Lists!$A$3, Lists!$D$3, G628=Lists!$A$4, Lists!$D$4, G628=Lists!$A$5, Lists!$D$5,G628=Lists!$A$6, Lists!$D$6, G628=Lists!$A$7, Lists!$D$7, G628=Lists!$A$8, Lists!$D$8, G628=Lists!$A$9, Lists!$D$9, G628=Lists!$A$10, Lists!$D$10, TRUE, \"\")","v":""}]
[611,null,null,null,null,null,null,{"$f":"_xlfn.IFS(G629=Lists!$A$2, Lists!$D$2, G629=Lists!$A$3, Lists!$D$3, G629=Lists!$A$4, Lists!$D$4, G629=Lists!$A$5, Lists!$D$5,G629=Lists!$A$6, Lists!$D$6, G629=Lists!$A$7, Lists!$D$7, G629=Lists!$A$8, Lists!$D$8, G629=Lists!$A$9, Lists!$D$9, G629=Lists!$A$10, Lists!$D$10, TRUE, \"\")","v":""}]
[612,null,null,null,null,null,null,{"$f":"_xlfn.IFS(G630=Lists!$A$2, Lists!$D$2, G630=Lists!$A$3, Lists!$D$3, G630=Lists!$A$4, Lists!$D$4, G630=Lists!$A$5, Lists!$D$5,G630=Lists!$A$6, Lists!$D$6, G630=Lists!$A$7, Lists!$D$7, G630=Lists!$A$8, Lists!$D$8, G630=Lists!$A$9, Lists!$D$9, G630=Lists!$A$10, Lists!$D$10, TRUE, \"\")","v":""}]
[613,null,null,null,null,null,null,{"$f":"_xlfn.IFS(G631=Lists!$A$2, Lists!$D$2, G631=Lists!$A$3, Lists!$D$3, G631=Lists!$A$4, Lists!$D$4, G631=Lists!$A$5, Lists!$D$5,G631=Lists!$A$6, Lists!$D$6, G631=Lists!$A$7, Lists!$D$7, G631=Lists!$A$8, Lists!$D$8, G631=Lists!$A$9, Lists!$D$9, G631=Lists!$A$10, Lists!$D$10, TRUE, \"\")","v":""}]
[614,null,null,null,null,null,null,{"$f":"_xlfn.IFS(G632=Lists!$A$2, Lists!$D$2, G632=Lists!$A$3, Lists!$D$3, G632=Lists!$A$4, Lists!$D$4, G632=Lists!$A$5, Lists!$D$5,G632=Lists!$A$6, Lists!$D$6, G632=Lists!$A$7, Lists!$D$7, G632=Lists!$A$8, Lists!$D$8, G632=Lists!$A$9, Lists!$D$9, G632=Lists!$A$10, Lists!$D$10, TRUE, \"\")","v":""}]
[615,null,null,null,null,null,null,{"$f":"_xlfn.IFS(G633=Lists!$A$2, Lists!$D$2, G633=Lists!$A$3, Lists!$D$3, G633=Lists!$A$4, Lists!$D$4, G633=Lists!$A$5, Lists!$D$5,G633=Lists!$A$6, Lists!$D$6, G633=Lists!$A$7, Lists!$D$7, G633=Lists!$A$8, Lists!$D$8, G633=Lists!$A$9, Lists!$D$9, G633=Lists!$A$10, Lists!$D$10, TRUE, \"\")","v":""}]
[616,null,null,null,null,null,null,{"$f":"_xlfn.IFS(G634=Lists!$A$2, Lists!$D$2, G634=Lists!$A$3, Lists!$D$3, G634=Lists!$A$4, Lists!$D$4, G634=Lists!$A$5, Lists!$D$5,G634=Lists!$A$6, Lists!$D$6, G634=Lists!$A$7, Lists!$D$7, G634=Lists!$A$8, Lists!$D$8, G634=Lists!$A$9, Lists!$D$9, G634=Lists!$A$10, Lists!$D$10, TRUE, \"\")","v":""}]
[617,null,null,null,null,null,null,{"$f":"_xlfn.IFS(G635=Lists!$A$2, Lists!$D$2, G635=Lists!$A$3, Lists!$D$3, G635=Lists!$A$4, Lists!$D$4, G635=Lists!$A$5, Lists!$D$5,G635=Lists!$A$6, Lists!$D$6, G635=Lists!$A$7, Lists!$D$7, G635=Lists!$A$8, Lists!$D$8, G635=Lists!$A$9, Lists!$D$9, G635=Lists!$A$10, Lists!$D$10, TRUE, \"\")","v":""}]
[618,null,null,null,null,null,null,{"$f":"_xlfn.IFS(G636=Lists!$A$2, Lists!$D$2, G636=Lists!$A$3, Lists!$D$3, G636=Lists!$A$4, Lists!$D$4, G636=Lists!$A$5, Lists!$D$5,G636=Lists!$A$6, Lists!$D$6, G636=Lists!$A$7, Lists!$D$7, G636=Lists!$A$8, Lists!$D$8, G636=Lists!$A$9, Lists!$D$9, G636=Lists!$A$10, Lists!$D$10, TRUE, \"\")","v":""}]
[619,null,null,null,null,null,null,{"$f":"_xlfn.IFS(G637=Lists!$A$2, Lists!$D$2, G637=Lists!$A$3, Lists!$D$3, G637=Lists!$A$4, Lists!$D$4, G637=Lists!$A$5, Lists!$D$5,G637=Lists!$A$6, Lists!$D$6, G637=Lists!$A$7, Lists!$D$7, G637=Lists!$A$8, Lists!$D$8, G637=Lists!$A$9, Lists!$D$9, G637=Lists!$A$10, Lists!$D$10, TRUE, \"\")","v":""}]
[620,null,null,null,null,null,null,{"$f":"_xlfn.IFS(G638=Lists!$A$2, Lists!$D$2, G638=Lists!$A$3, Lists!$D$3, G638=Lists!$A$4, Lists!$D$4, G638=Lists!$A$5, Lists!$D$5,G638=Lists!$A$6, Lists!$D$6, G638=Lists!$A$7, Lists!$D$7, G638=Lists!$A$8, Lists!$D$8, G638=Lists!$A$9, Lists!$D$9, G638=Lists!$A$10, Lists!$D$10, TRUE, \"\")","v":""}]
[621,null,null,null,null,null,null,{"$f":"_xlfn.IFS(G639=Lists!$A$2, Lists!$D$2, G639=Lists!$A$3, Lists!$D$3, G639=Lists!$A$4, Lists!$D$4, G639=Lists!$A$5, Lists!$D$5,G639=Lists!$A$6, Lists!$D$6, G639=Lists!$A$7, Lists!$D$7, G639=Lists!$A$8, Lists!$D$8, G639=Lists!$A$9, Lists!$D$9, G639=Lists!$A$10, Lists!$D$10, TRUE, \"\")","v":""}]
[622,null,null,null,null,null,null,{"$f":"_xlfn.IFS(G640=Lists!$A$2, Lists!$D$2, G640=Lists!$A$3, Lists!$D$3, G640=Lists!$A$4, Lists!$D$4, G640=Lists!$A$5, Lists!$D$5,G640=Lists!$A$6, Lists!$D$6, G640=Lists!$A$7, Lists!$D$7, G640=Lists!$A$8, Lists!$D$8, G640=Lists!$A$9, Lists!$D$9, G640=Lists!$A$10, Lists!$D$10, TRUE, \"\")","v":""}]
[623,null,null,null,null,null,null,{"$f":"_xlfn.IFS(G641=Lists!$A$2, Lists!$D$2, G641=Lists!$A$3, Lists!$D$3, G641=Lists!$A$4, Lists!$D$4, G641=Lists!$A$5, Lists!$D$5,G641=Lists!$A$6, Lists!$D$6, G641=Lists!$A$7, Lists!$D$7, G641=Lists!$A$8, Lists!$D$8, G641=Lists!$A$9, Lists!$D$9, G641=Lists!$A$10, Lists!$D$10, TRUE, \"\")","v":""}]
[624,null,null,null,null,null,null,{"$f":"_xlfn.IFS(G642=Lists!$A$2, Lists!$D$2, G642=Lists!$A$3, Lists!$D$3, G642=Lists!$A$4, Lists!$D$4, G642=Lists!$A$5, Lists!$D$5,G642=Lists!$A$6, Lists!$D$6, G642=Lists!$A$7, Lists!$D$7, G642=Lists!$A$8, Lists!$D$8, G642=Lists!$A$9, Lists!$D$9, G642=Lists!$A$10, Lists!$D$10, TRUE, \"\")","v":""}]
[625,null,null,null,null,null,null,{"$f":"_xlfn.IFS(G643=Lists!$A$2, Lists!$D$2, G643=Lists!$A$3, Lists!$D$3, G643=Lists!$A$4, Lists!$D$4, G643=Lists!$A$5, Lists!$D$5,G643=Lists!$A$6, Lists!$D$6, G643=Lists!$A$7, Lists!$D$7, G643=Lists!$A$8, Lists!$D$8, G643=Lists!$A$9, Lists!$D$9, G643=Lists!$A$10, Lists!$D$10, TRUE, \"\")","v":""}]
[626,null,null,null,null,null,null,{"$f":"_xlfn.IFS(G644=Lists!$A$2, Lists!$D$2, G644=Lists!$A$3, Lists!$D$3, G644=Lists!$A$4, Lists!$D$4, G644=Lists!$A$5, Lists!$D$5,G644=Lists!$A$6, Lists!$D$6, G644=Lists!$A$7, Lists!$D$7, G644=Lists!$A$8, Lists!$D$8, G644=Lists!$A$9, Lists!$D$9, G644=Lists!$A$10, Lists!$D$10, TRUE, \"\")","v":""}]
[627,null,null,null,null,null,null,{"$f":"_xlfn.IFS(G645=Lists!$A$2, Lists!$D$2, G645=Lists!$A$3, Lists!$D$3, G645=Lists!$A$4, Lists!$D$4, G645=Lists!$A$5, Lists!$D$5,G645=Lists!$A$6, Lists!$D$6, G645=Lists!$A$7, Lists!$D$7, G645=Lists!$A$8, Lists!$D$8, G645=Lists!$A$9, Lists!$D$9, G645=Lists!$A$10, Lists!$D$10, TRUE, \"\")","v":""}]
[628,null,null,null,null,null,null,{"$f":"_xlfn.IFS(G646=Lists!$A$2, Lists!$D$2, G646=Lists!$A$3, Lists!$D$3, G646=Lists!$A$4, Lists!$D$4, G646=Lists!$A$5, Lists!$D$5,G646=Lists!$A$6, Lists!$D$6, G646=Lists!$A$7, Lists!$D$7, G646=Lists!$A$8, Lists!$D$8, G646=Lists!$A$9, Lists!$D$9, G646=Lists!$A$10, Lists!$D$10, TRUE, \"\")","v":""}]
[629,null,null,null,null,null,null,{"$f":"_xlfn.IFS(G647=Lists!$A$2, Lists!$D$2, G647=Lists!$A$3, Lists!$D$3, G647=Lists!$A$4, Lists!$D$4, G647=Lists!$A$5, Lists!$D$5,G647=Lists!$A$6, Lists!$D$6, G647=Lists!$A$7, Lists!$D$7, G647=Lists!$A$8, Lists!$D$8, G647=Lists!$A$9, Lists!$D$9, G647=Lists!$A$10, Lists!$D$10, TRUE, \"\")","v":""}]
[630,null,null,null,null,null,null,{"$f":"_xlfn.IFS(G648=Lists!$A$2, Lists!$D$2, G648=Lists!$A$3, Lists!$D$3, G648=Lists!$A$4, Lists!$D$4, G648=Lists!$A$5, Lists!$D$5,G648=Lists!$A$6, Lists!$D$6, G648=Lists!$A$7, Lists!$D$7, G648=Lists!$A$8, Lists!$D$8, G648=Lists!$A$9, Lists!$D$9, G648=Lists!$A$10, Lists!$D$10, TRUE, \"\")","v":""}]
[631,null,null,null,null,null,null,{"$f":"_xlfn.IFS(G649=Lists!$A$2, Lists!$D$2, G649=Lists!$A$3, Lists!$D$3, G649=Lists!$A$4, Lists!$D$4, G649=Lists!$A$5, Lists!$D$5,G649=Lists!$A$6, Lists!$D$6, G649=Lists!$A$7, Lists!$D$7, G649=Lists!$A$8, Lists!$D$8, G649=Lists!$A$9, Lists!$D$9, G649=Lists!$A$10, Lists!$D$10, TRUE, \"\")","v":""}]
[632,null,null,null,null,null,null,{"$f":"_xlfn.IFS(G650=Lists!$A$2, Lists!$D$2, G650=Lists!$A$3, Lists!$D$3, G650=Lists!$A$4, Lists!$D$4, G650=Lists!$A$5, Lists!$D$5,G650=Lists!$A$6, Lists!$D$6, G650=Lists!$A$7, Lists!$D$7, G650=Lists!$A$8, Lists!$D$8, G650=Lists!$A$9, Lists!$D$9, G650=Lists!$A$10, Lists!$D$10, TRUE, \"\")","v":""}]
[633,null,null,null,null,null,null,{"$f":"_xlfn.IFS(G651=Lists!$A$2, Lists!$D$2, G651=Lists!$A$3, Lists!$D$3, G651=Lists!$A$4, Lists!$D$4, G651=Lists!$A$5, Lists!$D$5,G651=Lists!$A$6, Lists!$D$6, G651=Lists!$A$7, Lists!$D$7, G651=Lists!$A$8, Lists!$D$8, G651=Lists!$A$9, Lists!$D$9, G651=Lists!$A$10, Lists!$D$10, TRUE, \"\")","v":""}]
[634,null,null,null,null,null,null,{"$f":"_xlfn.IFS(G652=Lists!$A$2, Lists!$D$2, G652=Lists!$A$3, Lists!$D$3, G652=Lists!$A$4, Lists!$D$4, G652=Lists!$A$5, Lists!$D$5,G652=Lists!$A$6, Lists!$D$6, G652=Lists!$A$7, Lists!$D$7, G652=Lists!$A$8, Lists!$D$8, G652=Lists!$A$9, Lists!$D$9, G652=Lists!$A$10, Lists!$D$10, TRUE, \"\")","v":""}]
[635,null,null,null,null,null,null,{"$f":"_xlfn.IFS(G653=Lists!$A$2, Lists!$D$2, G653=Lists!$A$3, Lists!$D$3, G653=Lists!$A$4, Lists!$D$4, G653=Lists!$A$5, Lists!$D$5,G653=Lists!$A$6, Lists!$D$6, G653=Lists!$A$7, Lists!$D$7, G653=Lists!$A$8, Lists!$D$8, G653=Lists!$A$9, Lists!$D$9, G653=Lists!$A$10, Lists!$D$10, TRUE, \"\")","v":""}]
[636,null,null,null,null,null,null,{"$f":"_xlfn.IFS(G654=Lists!$A$2, Lists!$D$2, G654=Lists!$A$3, Lists!$D$3, G654=Lists!$A$4, Lists!$D$4, G654=Lists!$A$5, Lists!$D$5,G654=Lists!$A$6, Lists!$D$6, G654=Lists!$A$7, Lists!$D$7, G654=Lists!$A$8, Lists!$D$8, G654=Lists!$A$9, Lists!$D$9, G654=Lists!$A$10, Lists!$D$10, TRUE, \"\")","v":""}]
[637,null,null,null,null,null,null,{"$f":"_xlfn.IFS(G655=Lists!$A$2, Lists!$D$2, G655=Lists!$A$3, Lists!$D$3, G655=Lists!$A$4, Lists!$D$4, G655=Lists!$A$5, Lists!$D$5,G655=Lists!$A$6, Lists!$D$6, G655=Lists!$A$7, Lists!$D$7, G655=Lists!$A$8, Lists!$D$8, G655=Lists!$A$9, Lists!$D$9, G655=Lists!$A$10, Lists!$D$10, TRUE, \"\")","v":""}]
[638,null,null,null,null,null,null,{"$f":"_xlfn.IFS(G656=Lists!$A$2, Lists!$D$2, G656=Lists!$A$3, Lists!$D$3, G656=Lists!$A$4, Lists!$D$4, G656=Lists!$A$5, Lists!$D$5,G656=Lists!$A$6, Lists!$D$6, G656=Lists!$A$7, Lists!$D$7, G656=Lists!$A$8, Lists!$D$8, G656=Lists!$A$9, Lists!$D$9, G656=Lists!$A$10, Lists!$D$10, TRUE, \"\")","v":""}]
[639,null,null,null,null,null,null,{"$f":"_xlfn.IFS(G657=Lists!$A$2, Lists!$D$2, G657=Lists!$A$3, Lists!$D$3, G657=Lists!$A$4, Lists!$D$4, G657=Lists!$A$5, Lists!$D$5,G657=Lists!$A$6, Lists!$D$6, G657=Lists!$A$7, Lists!$D$7, G657=Lists!$A$8, Lists!$D$8, G657=Lists!$A$9, Lists!$D$9, G657=Lists!$A$10, Lists!$D$10, TRUE, \"\")","v":""}]
[640,null,null,null,null,null,null,{"$f":"_xlfn.IFS(G658=Lists!$A$2, Lists!$D$2, G658=Lists!$A$3, Lists!$D$3, G658=Lists!$A$4, Lists!$D$4, G658=Lists!$A$5, Lists!$D$5,G658=Lists!$A$6, Lists!$D$6, G658=Lists!$A$7, Lists!$D$7, G658=Lists!$A$8, Lists!$D$8, G658=Lists!$A$9, Lists!$D$9, G658=Lists!$A$10, Lists!$D$10, TRUE, \"\")","v":""}]
[641,null,null,null,null,null,null,{"$f":"_xlfn.IFS(G659=Lists!$A$2, Lists!$D$2, G659=Lists!$A$3, Lists!$D$3, G659=Lists!$A$4, Lists!$D$4, G659=Lists!$A$5, Lists!$D$5,G659=Lists!$A$6, Lists!$D$6, G659=Lists!$A$7, Lists!$D$7, G659=Lists!$A$8, Lists!$D$8, G659=Lists!$A$9, Lists!$D$9, G659=Lists!$A$10, Lists!$D$10, TRUE, \"\")","v":""}]
[642,null,null,null,null,null,null,{"$f":"_xlfn.IFS(G660=Lists!$A$2, Lists!$D$2, G660=Lists!$A$3, Lists!$D$3, G660=Lists!$A$4, Lists!$D$4, G660=Lists!$A$5, Lists!$D$5,G660=Lists!$A$6, Lists!$D$6, G660=Lists!$A$7, Lists!$D$7, G660=Lists!$A$8, Lists!$D$8, G660=Lists!$A$9, Lists!$D$9, G660=Lists!$A$10, Lists!$D$10, TRUE, \"\")","v":""}]
[643,null,null,null,null,null,null,{"$f":"_xlfn.IFS(G661=Lists!$A$2, Lists!$D$2, G661=Lists!$A$3, Lists!$D$3, G661=Lists!$A$4, Lists!$D$4, G661=Lists!$A$5, Lists!$D$5,G661=Lists!$A$6, Lists!$D$6, G661=Lists!$A$7, Lists!$D$7, G661=Lists!$A$8, Lists!$D$8, G661=Lists!$A$9, Lists!$D$9, G661=Lists!$A$10, Lists!$D$10, TRUE, \"\")","v":""}]
[644,null,null,null,null,null,null,{"$f":"_xlfn.IFS(G662=Lists!$A$2, Lists!$D$2, G662=Lists!$A$3, Lists!$D$3, G662=Lists!$A$4, Lists!$D$4, G662=Lists!$A$5, Lists!$D$5,G662=Lists!$A$6, Lists!$D$6, G662=Lists!$A$7, Lists!$D$7, G662=Lists!$A$8, Lists!$D$8, G662=Lists!$A$9, Lists!$D$9, G662=Lists!$A$10, Lists!$D$10, TRUE, \"\")","v":""}]
[645,null,null,null,null,null,null,{"$f":"_xlfn.IFS(G663=Lists!$A$2, Lists!$D$2, G663=Lists!$A$3, Lists!$D$3, G663=Lists!$A$4, Lists!$D$4, G663=Lists!$A$5, Lists!$D$5,G663=Lists!$A$6, Lists!$D$6, G663=Lists!$A$7, Lists!$D$7, G663=Lists!$A$8, Lists!$D$8, G663=Lists!$A$9, Lists!$D$9, G663=Lists!$A$10, Lists!$D$10, TRUE, \"\")","v":""}]
[646,null,null,null,null,null,null,{"$f":"_xlfn.IFS(G664=Lists!$A$2, Lists!$D$2, G664=Lists!$A$3, Lists!$D$3, G664=Lists!$A$4, Lists!$D$4, G664=Lists!$A$5, Lists!$D$5,G664=Lists!$A$6, Lists!$D$6, G664=Lists!$A$7, Lists!$D$7, G664=Lists!$A$8, Lists!$D$8, G664=Lists!$A$9, Lists!$D$9, G664=Lists!$A$10, Lists!$D$10, TRUE, \"\")","v":""}]
[647,null,null,null,null,null,null,{"$f":"_xlfn.IFS(G665=Lists!$A$2, Lists!$D$2, G665=Lists!$A$3, Lists!$D$3, G665=Lists!$A$4, Lists!$D$4, G665=Lists!$A$5, Lists!$D$5,G665=Lists!$A$6, Lists!$D$6, G665=Lists!$A$7, Lists!$D$7, G665=Lists!$A$8, Lists!$D$8, G665=Lists!$A$9, Lists!$D$9, G665=Lists!$A$10, Lists!$D$10, TRUE, \"\")","v":""}]
[648,null,null,null,null,null,null,{"$f":"_xlfn.IFS(G666=Lists!$A$2, Lists!$D$2, G666=Lists!$A$3, Lists!$D$3, G666=Lists!$A$4, Lists!$D$4, G666=Lists!$A$5, Lists!$D$5,G666=Lists!$A$6, Lists!$D$6, G666=Lists!$A$7, Lists!$D$7, G666=Lists!$A$8, Lists!$D$8, G666=Lists!$A$9, Lists!$D$9, G666=Lists!$A$10, Lists!$D$10, TRUE, \"\")","v":""}]
[649,null,null,null,null,null,null,{"$f":"_xlfn.IFS(G667=Lists!$A$2, Lists!$D$2, G667=Lists!$A$3, Lists!$D$3, G667=Lists!$A$4, Lists!$D$4, G667=Lists!$A$5, Lists!$D$5,G667=Lists!$A$6, Lists!$D$6, G667=Lists!$A$7, Lists!$D$7, G667=Lists!$A$8, Lists!$D$8, G667=Lists!$A$9, Lists!$D$9, G667=Lists!$A$10, Lists!$D$10, TRUE, \"\")","v":""}]
[650,null,null,null,null,null,null,{"$f":"_xlfn.IFS(G668=Lists!$A$2, Lists!$D$2, G668=Lists!$A$3, Lists!$D$3, G668=Lists!$A$4, Lists!$D$4, G668=Lists!$A$5, Lists!$D$5,G668=Lists!$A$6, Lists!$D$6, G668=Lists!$A$7, Lists!$D$7, G668=Lists!$A$8, Lists!$D$8, G668=Lists!$A$9, Lists!$D$9, G668=Lists!$A$10, Lists!$D$10, TRUE, \"\")","v":""}]
[651,null,null,null,null,null,null,{"$f":"_xlfn.IFS(G669=Lists!$A$2, Lists!$D$2, G669=Lists!$A$3, Lists!$D$3, G669=Lists!$A$4, Lists!$D$4, G669=Lists!$A$5, Lists!$D$5,G669=Lists!$A$6, Lists!$D$6, G669=Lists!$A$7, Lists!$D$7, G669=Lists!$A$8, Lists!$D$8, G669=Lists!$A$9, Lists!$D$9, G669=Lists!$A$10, Lists!$D$10, TRUE, \"\")","v":""}]
[652,null,null,null,null,null,null,{"$f":"_xlfn.IFS(G670=Lists!$A$2, Lists!$D$2, G670=Lists!$A$3, Lists!$D$3, G670=Lists!$A$4, Lists!$D$4, G670=Lists!$A$5, Lists!$D$5,G670=Lists!$A$6, Lists!$D$6, G670=Lists!$A$7, Lists!$D$7, G670=Lists!$A$8, Lists!$D$8, G670=Lists!$A$9, Lists!$D$9, G670=Lists!$A$10, Lists!$D$10, TRUE, \"\")","v":""}]
[653,null,null,null,null,null,null,{"$f":"_xlfn.IFS(G671=Lists!$A$2, Lists!$D$2, G671=Lists!$A$3, Lists!$D$3, G671=Lists!$A$4, Lists!$D$4, G671=Lists!$A$5, Lists!$D$5,G671=Lists!$A$6, Lists!$D$6, G671=Lists!$A$7, Lists!$D$7, G671=Lists!$A$8, Lists!$D$8, G671=Lists!$A$9, Lists!$D$9, G671=Lists!$A$10, Lists!$D$10, TRUE, \"\")","v":""}]
[654,null,null,null,null,null,null,{"$f":"_xlfn.IFS(G672=Lists!$A$2, Lists!$D$2, G672=Lists!$A$3, Lists!$D$3, G672=Lists!$A$4, Lists!$D$4, G672=Lists!$A$5, Lists!$D$5,G672=Lists!$A$6, Lists!$D$6, G672=Lists!$A$7, Lists!$D$7, G672=Lists!$A$8, Lists!$D$8, G672=Lists!$A$9, Lists!$D$9, G672=Lists!$A$10, Lists!$D$10, TRUE, \"\")","v":""}]
[655,null,null,null,null,null,null,{"$f":"_xlfn.IFS(G673=Lists!$A$2, Lists!$D$2, G673=Lists!$A$3, Lists!$D$3, G673=Lists!$A$4, Lists!$D$4, G673=Lists!$A$5, Lists!$D$5,G673=Lists!$A$6, Lists!$D$6, G673=Lists!$A$7, Lists!$D$7, G673=Lists!$A$8, Lists!$D$8, G673=Lists!$A$9, Lists!$D$9, G673=Lists!$A$10, Lists!$D$10, TRUE, \"\")","v":""}]
[656,null,null,null,null,null,null,{"$f":"_xlfn.IFS(G674=Lists!$A$2, Lists!$D$2, G674=Lists!$A$3, Lists!$D$3, G674=Lists!$A$4, Lists!$D$4, G674=Lists!$A$5, Lists!$D$5,G674=Lists!$A$6, Lists!$D$6, G674=Lists!$A$7, Lists!$D$7, G674=Lists!$A$8, Lists!$D$8, G674=Lists!$A$9, Lists!$D$9, G674=Lists!$A$10, Lists!$D$10, TRUE, \"\")","v":""}]
[657,null,null,null,null,null,null,{"$f":"_xlfn.IFS(G675=Lists!$A$2, Lists!$D$2, G675=Lists!$A$3, Lists!$D$3, G675=Lists!$A$4, Lists!$D$4, G675=Lists!$A$5, Lists!$D$5,G675=Lists!$A$6, Lists!$D$6, G675=Lists!$A$7, Lists!$D$7, G675=Lists!$A$8, Lists!$D$8, G675=Lists!$A$9, Lists!$D$9, G675=Lists!$A$10, Lists!$D$10, TRUE, \"\")","v":""}]
[658,null,null,null,null,null,null,{"$f":"_xlfn.IFS(G676=Lists!$A$2, Lists!$D$2, G676=Lists!$A$3, Lists!$D$3, G676=Lists!$A$4, Lists!$D$4, G676=Lists!$A$5, Lists!$D$5,G676=Lists!$A$6, Lists!$D$6, G676=Lists!$A$7, Lists!$D$7, G676=Lists!$A$8, Lists!$D$8, G676=Lists!$A$9, Lists!$D$9, G676=Lists!$A$10, Lists!$D$10, TRUE, \"\")","v":""}]
[659,null,null,null,null,null,null,{"$f":"_xlfn.IFS(G677=Lists!$A$2, Lists!$D$2, G677=Lists!$A$3, Lists!$D$3, G677=Lists!$A$4, Lists!$D$4, G677=Lists!$A$5, Lists!$D$5,G677=Lists!$A$6, Lists!$D$6, G677=Lists!$A$7, Lists!$D$7, G677=Lists!$A$8, Lists!$D$8, G677=Lists!$A$9, Lists!$D$9, G677=Lists!$A$10, Lists!$D$10, TRUE, \"\")","v":""}]
[660,null,null,null,null,null,null,{"$f":"_xlfn.IFS(G678=Lists!$A$2, Lists!$D$2, G678=Lists!$A$3, Lists!$D$3, G678=Lists!$A$4, Lists!$D$4, G678=Lists!$A$5, Lists!$D$5,G678=Lists!$A$6, Lists!$D$6, G678=Lists!$A$7, Lists!$D$7, G678=Lists!$A$8, Lists!$D$8, G678=Lists!$A$9, Lists!$D$9, G678=Lists!$A$10, Lists!$D$10, TRUE, \"\")","v":""}]
[661,null,null,null,null,null,null,{"$f":"_xlfn.IFS(G679=Lists!$A$2, Lists!$D$2, G679=Lists!$A$3, Lists!$D$3, G679=Lists!$A$4, Lists!$D$4, G679=Lists!$A$5, Lists!$D$5,G679=Lists!$A$6, Lists!$D$6, G679=Lists!$A$7, Lists!$D$7, G679=Lists!$A$8, Lists!$D$8, G679=Lists!$A$9, Lists!$D$9, G679=Lists!$A$10, Lists!$D$10, TRUE, \"\")","v":""}]
[662,null,null,null,null,null,null,{"$f":"_xlfn.IFS(G680=Lists!$A$2, Lists!$D$2, G680=Lists!$A$3, Lists!$D$3, G680=Lists!$A$4, Lists!$D$4, G680=Lists!$A$5, Lists!$D$5,G680=Lists!$A$6, Lists!$D$6, G680=Lists!$A$7, Lists!$D$7, G680=Lists!$A$8, Lists!$D$8, G680=Lists!$A$9, Lists!$D$9, G680=Lists!$A$10, Lists!$D$10, TRUE, \"\")","v":""}]
[663,null,null,null,null,null,null,{"$f":"_xlfn.IFS(G681=Lists!$A$2, Lists!$D$2, G681=Lists!$A$3, Lists!$D$3, G681=Lists!$A$4, Lists!$D$4, G681=Lists!$A$5, Lists!$D$5,G681=Lists!$A$6, Lists!$D$6, G681=Lists!$A$7, Lists!$D$7, G681=Lists!$A$8, Lists!$D$8, G681=Lists!$A$9, Lists!$D$9, G681=Lists!$A$10, Lists!$D$10, TRUE, \"\")","v":""}]
[664,null,null,null,null,null,null,{"$f":"_xlfn.IFS(G682=Lists!$A$2, Lists!$D$2, G682=Lists!$A$3, Lists!$D$3, G682=Lists!$A$4, Lists!$D$4, G682=Lists!$A$5, Lists!$D$5,G682=Lists!$A$6, Lists!$D$6, G682=Lists!$A$7, Lists!$D$7, G682=Lists!$A$8, Lists!$D$8, G682=Lists!$A$9, Lists!$D$9, G682=Lists!$A$10, Lists!$D$10, TRUE, \"\")","v":""}]
[665,null,null,null,null,null,null,{"$f":"_xlfn.IFS(G683=Lists!$A$2, Lists!$D$2, G683=Lists!$A$3, Lists!$D$3, G683=Lists!$A$4, Lists!$D$4, G683=Lists!$A$5, Lists!$D$5,G683=Lists!$A$6, Lists!$D$6, G683=Lists!$A$7, Lists!$D$7, G683=Lists!$A$8, Lists!$D$8, G683=Lists!$A$9, Lists!$D$9, G683=Lists!$A$10, Lists!$D$10, TRUE, \"\")","v":""}]
[666,null,null,null,null,null,null,{"$f":"_xlfn.IFS(G684=Lists!$A$2, Lists!$D$2, G684=Lists!$A$3, Lists!$D$3, G684=Lists!$A$4, Lists!$D$4, G684=Lists!$A$5, Lists!$D$5,G684=Lists!$A$6, Lists!$D$6, G684=Lists!$A$7, Lists!$D$7, G684=Lists!$A$8, Lists!$D$8, G684=Lists!$A$9, Lists!$D$9, G684=Lists!$A$10, Lists!$D$10, TRUE, \"\")","v":""}]
[667,null,null,null,null,null,null,{"$f":"_xlfn.IFS(G685=Lists!$A$2, Lists!$D$2, G685=Lists!$A$3, Lists!$D$3, G685=Lists!$A$4, Lists!$D$4, G685=Lists!$A$5, Lists!$D$5,G685=Lists!$A$6, Lists!$D$6, G685=Lists!$A$7, Lists!$D$7, G685=Lists!$A$8, Lists!$D$8, G685=Lists!$A$9, Lists!$D$9, G685=Lists!$A$10, Lists!$D$10, TRUE, \"\")","v":""}]
[668,null,null,null,null,null,null,{"$f":"_xlfn.IFS(G686=Lists!$A$2, Lists!$D$2, G686=Lists!$A$3, Lists!$D$3, G686=Lists!$A$4, Lists!$D$4, G686=Lists!$A$5, Lists!$D$5,G686=Lists!$A$6, Lists!$D$6, G686=Lists!$A$7, Lists!$D$7, G686=Lists!$A$8, Lists!$D$8, G686=Lists!$A$9, Lists!$D$9, G686=Lists!$A$10, Lists!$D$10, TRUE, \"\")","v":""}]
[669,null,null,null,null,null,null,{"$f":"_xlfn.IFS(G687=Lists!$A$2, Lists!$D$2, G687=Lists!$A$3, Lists!$D$3, G687=Lists!$A$4, Lists!$D$4, G687=Lists!$A$5, Lists!$D$5,G687=Lists!$A$6, Lists!$D$6, G687=Lists!$A$7, Lists!$D$7, G687=Lists!$A$8, Lists!$D$8, G687=Lists!$A$9, Lists!$D$9, G687=Lists!$A$10, Lists!$D$10, TRUE, \"\")","v":""}]
[670,null,null,null,null,null,null,{"$f":"_xlfn.IFS(G688=Lists!$A$2, Lists!$D$2, G688=Lists!$A$3, Lists!$D$3, G688=Lists!$A$4, Lists!$D$4, G688=Lists!$A$5, Lists!$D$5,G688=Lists!$A$6, Lists!$D$6, G688=Lists!$A$7, Lists!$D$7, G688=Lists!$A$8, Lists!$D$8, G688=Lists!$A$9, Lists!$D$9, G688=Lists!$A$10, Lists!$D$10, TRUE, \"\")","v":""}]
[671,null,null,null,null,null,null,{"$f":"_xlfn.IFS(G689=Lists!$A$2, Lists!$D$2, G689=Lists!$A$3, Lists!$D$3, G689=Lists!$A$4, Lists!$D$4, G689=Lists!$A$5, Lists!$D$5,G689=Lists!$A$6, Lists!$D$6, G689=Lists!$A$7, Lists!$D$7, G689=Lists!$A$8, Lists!$D$8, G689=Lists!$A$9, Lists!$D$9, G689=Lists!$A$10, Lists!$D$10, TRUE, \"\")","v":""}]
[672,null,null,null,null,null,null,{"$f":"_xlfn.IFS(G690=Lists!$A$2, Lists!$D$2, G690=Lists!$A$3, Lists!$D$3, G690=Lists!$A$4, Lists!$D$4, G690=Lists!$A$5, Lists!$D$5,G690=Lists!$A$6, Lists!$D$6, G690=Lists!$A$7, Lists!$D$7, G690=Lists!$A$8, Lists!$D$8, G690=Lists!$A$9, Lists!$D$9, G690=Lists!$A$10, Lists!$D$10, TRUE, \"\")","v":""}]
[673,null,null,null,null,null,null,{"$f":"_xlfn.IFS(G691=Lists!$A$2, Lists!$D$2, G691=Lists!$A$3, Lists!$D$3, G691=Lists!$A$4, Lists!$D$4, G691=Lists!$A$5, Lists!$D$5,G691=Lists!$A$6, Lists!$D$6, G691=Lists!$A$7, Lists!$D$7, G691=Lists!$A$8, Lists!$D$8, G691=Lists!$A$9, Lists!$D$9, G691=Lists!$A$10, Lists!$D$10, TRUE, \"\")","v":""}]
[674,null,null,null,null,null,null,{"$f":"_xlfn.IFS(G692=Lists!$A$2, Lists!$D$2, G692=Lists!$A$3, Lists!$D$3, G692=Lists!$A$4, Lists!$D$4, G692=Lists!$A$5, Lists!$D$5,G692=Lists!$A$6, Lists!$D$6, G692=Lists!$A$7, Lists!$D$7, G692=Lists!$A$8, Lists!$D$8, G692=Lists!$A$9, Lists!$D$9, G692=Lists!$A$10, Lists!$D$10, TRUE, \"\")","v":""}]
[675,null,null,null,null,null,null,{"$f":"_xlfn.IFS(G693=Lists!$A$2, Lists!$D$2, G693=Lists!$A$3, Lists!$D$3, G693=Lists!$A$4, Lists!$D$4, G693=Lists!$A$5, Lists!$D$5,G693=Lists!$A$6, Lists!$D$6, G693=Lists!$A$7, Lists!$D$7, G693=Lists!$A$8, Lists!$D$8, G693=Lists!$A$9, Lists!$D$9, G693=Lists!$A$10, Lists!$D$10, TRUE, \"\")","v":""}]
[676,null,null,null,null,null,null,{"$f":"_xlfn.IFS(G694=Lists!$A$2, Lists!$D$2, G694=Lists!$A$3, Lists!$D$3, G694=Lists!$A$4, Lists!$D$4, G694=Lists!$A$5, Lists!$D$5,G694=Lists!$A$6, Lists!$D$6, G694=Lists!$A$7, Lists!$D$7, G694=Lists!$A$8, Lists!$D$8, G694=Lists!$A$9, Lists!$D$9, G694=Lists!$A$10, Lists!$D$10, TRUE, \"\")","v":""}]
[677,null,null,null,null,null,null,{"$f":"_xlfn.IFS(G695=Lists!$A$2, Lists!$D$2, G695=Lists!$A$3, Lists!$D$3, G695=Lists!$A$4, Lists!$D$4, G695=Lists!$A$5, Lists!$D$5,G695=Lists!$A$6, Lists!$D$6, G695=Lists!$A$7, Lists!$D$7, G695=Lists!$A$8, Lists!$D$8, G695=Lists!$A$9, Lists!$D$9, G695=Lists!$A$10, Lists!$D$10, TRUE, \"\")","v":""}]
[678,null,null,null,null,null,null,{"$f":"_xlfn.IFS(G696=Lists!$A$2, Lists!$D$2, G696=Lists!$A$3, Lists!$D$3, G696=Lists!$A$4, Lists!$D$4, G696=Lists!$A$5, Lists!$D$5,G696=Lists!$A$6, Lists!$D$6, G696=Lists!$A$7, Lists!$D$7, G696=Lists!$A$8, Lists!$D$8, G696=Lists!$A$9, Lists!$D$9, G696=Lists!$A$10, Lists!$D$10, TRUE, \"\")","v":""}]
[679,null,null,null,null,null,null,{"$f":"_xlfn.IFS(G697=Lists!$A$2, Lists!$D$2, G697=Lists!$A$3, Lists!$D$3, G697=Lists!$A$4, Lists!$D$4, G697=Lists!$A$5, Lists!$D$5,G697=Lists!$A$6, Lists!$D$6, G697=Lists!$A$7, Lists!$D$7, G697=Lists!$A$8, Lists!$D$8, G697=Lists!$A$9, Lists!$D$9, G697=Lists!$A$10, Lists!$D$10, TRUE, \"\")","v":""}]
[680,null,null,null,null,null,null,{"$f":"_xlfn.IFS(G698=Lists!$A$2, Lists!$D$2, G698=Lists!$A$3, Lists!$D$3, G698=Lists!$A$4, Lists!$D$4, G698=Lists!$A$5, Lists!$D$5,G698=Lists!$A$6, Lists!$D$6, G698=Lists!$A$7, Lists!$D$7, G698=Lists!$A$8, Lists!$D$8, G698=Lists!$A$9, Lists!$D$9, G698=Lists!$A$10, Lists!$D$10, TRUE, \"\")","v":""}]
[681,null,null,null,null,null,null,{"$f":"_xlfn.IFS(G699=Lists!$A$2, Lists!$D$2, G699=Lists!$A$3, Lists!$D$3, G699=Lists!$A$4, Lists!$D$4, G699=Lists!$A$5, Lists!$D$5,G699=Lists!$A$6, Lists!$D$6, G699=Lists!$A$7, Lists!$D$7, G699=Lists!$A$8, Lists!$D$8, G699=Lists!$A$9, Lists!$D$9, G699=Lists!$A$10, Lists!$D$10, TRUE, \"\")","v":""}]
[682,null,null,null,null,null,null,{"$f":"_xlfn.IFS(G700=Lists!$A$2, Lists!$D$2, G700=Lists!$A$3, Lists!$D$3, G700=Lists!$A$4, Lists!$D$4, G700=Lists!$A$5, Lists!$D$5,G700=Lists!$A$6, Lists!$D$6, G700=Lists!$A$7, Lists!$D$7, G700=Lists!$A$8, Lists!$D$8, G700=Lists!$A$9, Lists!$D$9, G700=Lists!$A$10, Lists!$D$10, TRUE, \"\")","v":""}]
[683,null,null,null,null,null,null,{"$f":"_xlfn.IFS(G701=Lists!$A$2, Lists!$D$2, G701=Lists!$A$3, Lists!$D$3, G701=Lists!$A$4, Lists!$D$4, G701=Lists!$A$5, Lists!$D$5,G701=Lists!$A$6, Lists!$D$6, G701=Lists!$A$7, Lists!$D$7, G701=Lists!$A$8, Lists!$D$8, G701=Lists!$A$9, Lists!$D$9, G701=Lists!$A$10, Lists!$D$10, TRUE, \"\")","v":""}]
[684,null,null,null,null,null,null,{"$f":"_xlfn.IFS(G702=Lists!$A$2, Lists!$D$2, G702=Lists!$A$3, Lists!$D$3, G702=Lists!$A$4, Lists!$D$4, G702=Lists!$A$5, Lists!$D$5,G702=Lists!$A$6, Lists!$D$6, G702=Lists!$A$7, Lists!$D$7, G702=Lists!$A$8, Lists!$D$8, G702=Lists!$A$9, Lists!$D$9, G702=Lists!$A$10, Lists!$D$10, TRUE, \"\")","v":""}]
[685,null,null,null,null,null,null,{"$f":"_xlfn.IFS(G703=Lists!$A$2, Lists!$D$2, G703=Lists!$A$3, Lists!$D$3, G703=Lists!$A$4, Lists!$D$4, G703=Lists!$A$5, Lists!$D$5,G703=Lists!$A$6, Lists!$D$6, G703=Lists!$A$7, Lists!$D$7, G703=Lists!$A$8, Lists!$D$8, G703=Lists!$A$9, Lists!$D$9, G703=Lists!$A$10, Lists!$D$10, TRUE, \"\")","v":""}]
[686,null,null,null,null,null,null,{"$f":"_xlfn.IFS(G704=Lists!$A$2, Lists!$D$2, G704=Lists!$A$3, Lists!$D$3, G704=Lists!$A$4, Lists!$D$4, G704=Lists!$A$5, Lists!$D$5,G704=Lists!$A$6, Lists!$D$6, G704=Lists!$A$7, Lists!$D$7, G704=Lists!$A$8, Lists!$D$8, G704=Lists!$A$9, Lists!$D$9, G704=Lists!$A$10, Lists!$D$10, TRUE, \"\")","v":""}]
[687,null,null,null,null,null,null,{"$f":"_xlfn.IFS(G705=Lists!$A$2, Lists!$D$2, G705=Lists!$A$3, Lists!$D$3, G705=Lists!$A$4, Lists!$D$4, G705=Lists!$A$5, Lists!$D$5,G705=Lists!$A$6, Lists!$D$6, G705=Lists!$A$7, Lists!$D$7, G705=Lists!$A$8, Lists!$D$8, G705=Lists!$A$9, Lists!$D$9, G705=Lists!$A$10, Lists!$D$10, TRUE, \"\")","v":""}]
[688,null,null,null,null,null,null,{"$f":"_xlfn.IFS(G706=Lists!$A$2, Lists!$D$2, G706=Lists!$A$3, Lists!$D$3, G706=Lists!$A$4, Lists!$D$4, G706=Lists!$A$5, Lists!$D$5,G706=Lists!$A$6, Lists!$D$6, G706=Lists!$A$7, Lists!$D$7, G706=Lists!$A$8, Lists!$D$8, G706=Lists!$A$9, Lists!$D$9, G706=Lists!$A$10, Lists!$D$10, TRUE, \"\")","v":""}]
[689,null,null,null,null,null,null,{"$f":"_xlfn.IFS(G707=Lists!$A$2, Lists!$D$2, G707=Lists!$A$3, Lists!$D$3, G707=Lists!$A$4, Lists!$D$4, G707=Lists!$A$5, Lists!$D$5,G707=Lists!$A$6, Lists!$D$6, G707=Lists!$A$7, Lists!$D$7, G707=Lists!$A$8, Lists!$D$8, G707=Lists!$A$9, Lists!$D$9, G707=Lists!$A$10, Lists!$D$10, TRUE, \"\")","v":""}]
[690,null,null,null,null,null,null,{"$f":"_xlfn.IFS(G708=Lists!$A$2, Lists!$D$2, G708=Lists!$A$3, Lists!$D$3, G708=Lists!$A$4, Lists!$D$4, G708=Lists!$A$5, Lists!$D$5,G708=Lists!$A$6, Lists!$D$6, G708=Lists!$A$7, Lists!$D$7, G708=Lists!$A$8, Lists!$D$8, G708=Lists!$A$9, Lists!$D$9, G708=Lists!$A$10, Lists!$D$10, TRUE, \"\")","v":""}]
[691,null,null,null,null,null,null,{"$f":"_xlfn.IFS(G709=Lists!$A$2, Lists!$D$2, G709=Lists!$A$3, Lists!$D$3, G709=Lists!$A$4, Lists!$D$4, G709=Lists!$A$5, Lists!$D$5,G709=Lists!$A$6, Lists!$D$6, G709=Lists!$A$7, Lists!$D$7, G709=Lists!$A$8, Lists!$D$8, G709=Lists!$A$9, Lists!$D$9, G709=Lists!$A$10, Lists!$D$10, TRUE, \"\")","v":""}]
[692,null,null,null,null,null,null,{"$f":"_xlfn.IFS(G710=Lists!$A$2, Lists!$D$2, G710=Lists!$A$3, Lists!$D$3, G710=Lists!$A$4, Lists!$D$4, G710=Lists!$A$5, Lists!$D$5,G710=Lists!$A$6, Lists!$D$6, G710=Lists!$A$7, Lists!$D$7, G710=Lists!$A$8, Lists!$D$8, G710=Lists!$A$9, Lists!$D$9, G710=Lists!$A$10, Lists!$D$10, TRUE, \"\")","v":""}]
[693,null,null,null,null,null,null,{"$f":"_xlfn.IFS(G711=Lists!$A$2, Lists!$D$2, G711=Lists!$A$3, Lists!$D$3, G711=Lists!$A$4, Lists!$D$4, G711=Lists!$A$5, Lists!$D$5,G711=Lists!$A$6, Lists!$D$6, G711=Lists!$A$7, Lists!$D$7, G711=Lists!$A$8, Lists!$D$8, G711=Lists!$A$9, Lists!$D$9, G711=Lists!$A$10, Lists!$D$10, TRUE, \"\")","v":""}]
[694,null,null,null,null,null,null,{"$f":"_xlfn.IFS(G712=Lists!$A$2, Lists!$D$2, G712=Lists!$A$3, Lists!$D$3, G712=Lists!$A$4, Lists!$D$4, G712=Lists!$A$5, Lists!$D$5,G712=Lists!$A$6, Lists!$D$6, G712=Lists!$A$7, Lists!$D$7, G712=Lists!$A$8, Lists!$D$8, G712=Lists!$A$9, Lists!$D$9, G712=Lists!$A$10, Lists!$D$10, TRUE, \"\")","v":""}]
[695,null,null,null,null,null,null,{"$f":"_xlfn.IFS(G713=Lists!$A$2, Lists!$D$2, G713=Lists!$A$3, Lists!$D$3, G713=Lists!$A$4, Lists!$D$4, G713=Lists!$A$5, Lists!$D$5,G713=Lists!$A$6, Lists!$D$6, G713=Lists!$A$7, Lists!$D$7, G713=Lists!$A$8, Lists!$D$8, G713=Lists!$A$9, Lists!$D$9, G713=Lists!$A$10, Lists!$D$10, TRUE, \"\")","v":""}]
[696,null,null,null,null,null,null,{"$f":"_xlfn.IFS(G714=Lists!$A$2, Lists!$D$2, G714=Lists!$A$3, Lists!$D$3, G714=Lists!$A$4, Lists!$D$4, G714=Lists!$A$5, Lists!$D$5,G714=Lists!$A$6, Lists!$D$6, G714=Lists!$A$7, Lists!$D$7, G714=Lists!$A$8, Lists!$D$8, G714=Lists!$A$9, Lists!$D$9, G714=Lists!$A$10, Lists!$D$10, TRUE, \"\")","v":""}]
[697,null,null,null,null,null,null,{"$f":"_xlfn.IFS(G715=Lists!$A$2, Lists!$D$2, G715=Lists!$A$3, Lists!$D$3, G715=Lists!$A$4, Lists!$D$4, G715=Lists!$A$5, Lists!$D$5,G715=Lists!$A$6, Lists!$D$6, G715=Lists!$A$7, Lists!$D$7, G715=Lists!$A$8, Lists!$D$8, G715=Lists!$A$9, Lists!$D$9, G715=Lists!$A$10, Lists!$D$10, TRUE, \"\")","v":""}]
[698,null,null,null,null,null,null,{"$f":"_xlfn.IFS(G716=Lists!$A$2, Lists!$D$2, G716=Lists!$A$3, Lists!$D$3, G716=Lists!$A$4, Lists!$D$4, G716=Lists!$A$5, Lists!$D$5,G716=Lists!$A$6, Lists!$D$6, G716=Lists!$A$7, Lists!$D$7, G716=Lists!$A$8, Lists!$D$8, G716=Lists!$A$9, Lists!$D$9, G716=Lists!$A$10, Lists!$D$10, TRUE, \"\")","v":""}]
[699,null,null,null,null,null,null,{"$f":"_xlfn.IFS(G717=Lists!$A$2, Lists!$D$2, G717=Lists!$A$3, Lists!$D$3, G717=Lists!$A$4, Lists!$D$4, G717=Lists!$A$5, Lists!$D$5,G717=Lists!$A$6, Lists!$D$6, G717=Lists!$A$7, Lists!$D$7, G717=Lists!$A$8, Lists!$D$8, G717=Lists!$A$9, Lists!$D$9, G717=Lists!$A$10, Lists!$D$10, TRUE, \"\")","v":""}]
[700,null,null,null,null,null,null,{"$f":"_xlfn.IFS(G718=Lists!$A$2, Lists!$D$2, G718=Lists!$A$3, Lists!$D$3, G718=Lists!$A$4, Lists!$D$4, G718=Lists!$A$5, Lists!$D$5,G718=Lists!$A$6, Lists!$D$6, G718=Lists!$A$7, Lists!$D$7, G718=Lists!$A$8, Lists!$D$8, G718=Lists!$A$9, Lists!$D$9, G718=Lists!$A$10, Lists!$D$10, TRUE, \"\")","v":""}]
[701,null,null,null,null,null,null,{"$f":"_xlfn.IFS(G719=Lists!$A$2, Lists!$D$2, G719=Lists!$A$3, Lists!$D$3, G719=Lists!$A$4, Lists!$D$4, G719=Lists!$A$5, Lists!$D$5,G719=Lists!$A$6, Lists!$D$6, G719=Lists!$A$7, Lists!$D$7, G719=Lists!$A$8, Lists!$D$8, G719=Lists!$A$9, Lists!$D$9, G719=Lists!$A$10, Lists!$D$10, TRUE, \"\")","v":""}]
[702,null,null,null,null,null,null,{"$f":"_xlfn.IFS(G720=Lists!$A$2, Lists!$D$2, G720=Lists!$A$3, Lists!$D$3, G720=Lists!$A$4, Lists!$D$4, G720=Lists!$A$5, Lists!$D$5,G720=Lists!$A$6, Lists!$D$6, G720=Lists!$A$7, Lists!$D$7, G720=Lists!$A$8, Lists!$D$8, G720=Lists!$A$9, Lists!$D$9, G720=Lists!$A$10, Lists!$D$10, TRUE, \"\")","v":""}]
[703,null,null,null,null,null,null,{"$f":"_xlfn.IFS(G721=Lists!$A$2, Lists!$D$2, G721=Lists!$A$3, Lists!$D$3, G721=Lists!$A$4, Lists!$D$4, G721=Lists!$A$5, Lists!$D$5,G721=Lists!$A$6, Lists!$D$6, G721=Lists!$A$7, Lists!$D$7, G721=Lists!$A$8, Lists!$D$8, G721=Lists!$A$9, Lists!$D$9, G721=Lists!$A$10, Lists!$D$10, TRUE, \"\")","v":""}]
[704,null,null,null,null,null,null,{"$f":"_xlfn.IFS(G722=Lists!$A$2, Lists!$D$2, G722=Lists!$A$3, Lists!$D$3, G722=Lists!$A$4, Lists!$D$4, G722=Lists!$A$5, Lists!$D$5,G722=Lists!$A$6, Lists!$D$6, G722=Lists!$A$7, Lists!$D$7, G722=Lists!$A$8, Lists!$D$8, G722=Lists!$A$9, Lists!$D$9, G722=Lists!$A$10, Lists!$D$10, TRUE, \"\")","v":""}]
[705,null,null,null,null,null,null,{"$f":"_xlfn.IFS(G723=Lists!$A$2, Lists!$D$2, G723=Lists!$A$3, Lists!$D$3, G723=Lists!$A$4, Lists!$D$4, G723=Lists!$A$5, Lists!$D$5,G723=Lists!$A$6, Lists!$D$6, G723=Lists!$A$7, Lists!$D$7, G723=Lists!$A$8, Lists!$D$8, G723=Lists!$A$9, Lists!$D$9, G723=Lists!$A$10, Lists!$D$10, TRUE, \"\")","v":""}]
[706,null,null,null,null,null,null,{"$f":"_xlfn.IFS(G724=Lists!$A$2, Lists!$D$2, G724=Lists!$A$3, Lists!$D$3, G724=Lists!$A$4, Lists!$D$4, G724=Lists!$A$5, Lists!$D$5,G724=Lists!$A$6, Lists!$D$6, G724=Lists!$A$7, Lists!$D$7, G724=Lists!$A$8, Lists!$D$8, G724=Lists!$A$9, Lists!$D$9, G724=Lists!$A$10, Lists!$D$10, TRUE, \"\")","v":""}]
[707,null,null,null,null,null,null,{"$f":"_xlfn.IFS(G725=Lists!$A$2, Lists!$D$2, G725=Lists!$A$3, Lists!$D$3, G725=Lists!$A$4, Lists!$D$4, G725=Lists!$A$5, Lists!$D$5,G725=Lists!$A$6, Lists!$D$6, G725=Lists!$A$7, Lists!$D$7, G725=Lists!$A$8, Lists!$D$8, G725=Lists!$A$9, Lists!$D$9, G725=Lists!$A$10, Lists!$D$10, TRUE, \"\")","v":""}]
[708,null,null,null,null,null,null,{"$f":"_xlfn.IFS(G726=Lists!$A$2, Lists!$D$2, G726=Lists!$A$3, Lists!$D$3, G726=Lists!$A$4, Lists!$D$4, G726=Lists!$A$5, Lists!$D$5,G726=Lists!$A$6, Lists!$D$6, G726=Lists!$A$7, Lists!$D$7, G726=Lists!$A$8, Lists!$D$8, G726=Lists!$A$9, Lists!$D$9, G726=Lists!$A$10, Lists!$D$10, TRUE, \"\")","v":""}]
[709,null,null,null,null,null,null,{"$f":"_xlfn.IFS(G727=Lists!$A$2, Lists!$D$2, G727=Lists!$A$3, Lists!$D$3, G727=Lists!$A$4, Lists!$D$4, G727=Lists!$A$5, Lists!$D$5,G727=Lists!$A$6, Lists!$D$6, G727=Lists!$A$7, Lists!$D$7, G727=Lists!$A$8, Lists!$D$8, G727=Lists!$A$9, Lists!$D$9, G727=Lists!$A$10, Lists!$D$10, TRUE, \"\")","v":""}]
[710,null,null,null,null,null,null,{"$f":"_xlfn.IFS(G728=Lists!$A$2, Lists!$D$2, G728=Lists!$A$3, Lists!$D$3, G728=Lists!$A$4, Lists!$D$4, G728=Lists!$A$5, Lists!$D$5,G728=Lists!$A$6, Lists!$D$6, G728=Lists!$A$7, Lists!$D$7, G728=Lists!$A$8, Lists!$D$8, G728=Lists!$A$9, Lists!$D$9, G728=Lists!$A$10, Lists!$D$10, TRUE, \"\")","v":""}]
[711,null,null,null,null,null,null,{"$f":"_xlfn.IFS(G729=Lists!$A$2, Lists!$D$2, G729=Lists!$A$3, Lists!$D$3, G729=Lists!$A$4, Lists!$D$4, G729=Lists!$A$5, Lists!$D$5,G729=Lists!$A$6, Lists!$D$6, G729=Lists!$A$7, Lists!$D$7, G729=Lists!$A$8, Lists!$D$8, G729=Lists!$A$9, Lists!$D$9, G729=Lists!$A$10, Lists!$D$10, TRUE, \"\")","v":""}]
[712,null,null,null,null,null,null,{"$f":"_xlfn.IFS(G730=Lists!$A$2, Lists!$D$2, G730=Lists!$A$3, Lists!$D$3, G730=Lists!$A$4, Lists!$D$4, G730=Lists!$A$5, Lists!$D$5,G730=Lists!$A$6, Lists!$D$6, G730=Lists!$A$7, Lists!$D$7, G730=Lists!$A$8, Lists!$D$8, G730=Lists!$A$9, Lists!$D$9, G730=Lists!$A$10, Lists!$D$10, TRUE, \"\")","v":""}]
[713,null,null,null,null,null,null,{"$f":"_xlfn.IFS(G731=Lists!$A$2, Lists!$D$2, G731=Lists!$A$3, Lists!$D$3, G731=Lists!$A$4, Lists!$D$4, G731=Lists!$A$5, Lists!$D$5,G731=Lists!$A$6, Lists!$D$6, G731=Lists!$A$7, Lists!$D$7, G731=Lists!$A$8, Lists!$D$8, G731=Lists!$A$9, Lists!$D$9, G731=Lists!$A$10, Lists!$D$10, TRUE, \"\")","v":""}]
[714,null,null,null,null,null,null,{"$f":"_xlfn.IFS(G732=Lists!$A$2, Lists!$D$2, G732=Lists!$A$3, Lists!$D$3, G732=Lists!$A$4, Lists!$D$4, G732=Lists!$A$5, Lists!$D$5,G732=Lists!$A$6, Lists!$D$6, G732=Lists!$A$7, Lists!$D$7, G732=Lists!$A$8, Lists!$D$8, G732=Lists!$A$9, Lists!$D$9, G732=Lists!$A$10, Lists!$D$10, TRUE, \"\")","v":""}]
[715,null,null,null,null,null,null,{"$f":"_xlfn.IFS(G733=Lists!$A$2, Lists!$D$2, G733=Lists!$A$3, Lists!$D$3, G733=Lists!$A$4, Lists!$D$4, G733=Lists!$A$5, Lists!$D$5,G733=Lists!$A$6, Lists!$D$6, G733=Lists!$A$7, Lists!$D$7, G733=Lists!$A$8, Lists!$D$8, G733=Lists!$A$9, Lists!$D$9, G733=Lists!$A$10, Lists!$D$10, TRUE, \"\")","v":""}]
[716,null,null,null,null,null,null,{"$f":"_xlfn.IFS(G734=Lists!$A$2, Lists!$D$2, G734=Lists!$A$3, Lists!$D$3, G734=Lists!$A$4, Lists!$D$4, G734=Lists!$A$5, Lists!$D$5,G734=Lists!$A$6, Lists!$D$6, G734=Lists!$A$7, Lists!$D$7, G734=Lists!$A$8, Lists!$D$8, G734=Lists!$A$9, Lists!$D$9, G734=Lists!$A$10, Lists!$D$10, TRUE, \"\")","v":""}]
[717,null,null,null,null,null,null,{"$f":"_xlfn.IFS(G735=Lists!$A$2, Lists!$D$2, G735=Lists!$A$3, Lists!$D$3, G735=Lists!$A$4, Lists!$D$4, G735=Lists!$A$5, Lists!$D$5,G735=Lists!$A$6, Lists!$D$6, G735=Lists!$A$7, Lists!$D$7, G735=Lists!$A$8, Lists!$D$8, G735=Lists!$A$9, Lists!$D$9, G735=Lists!$A$10, Lists!$D$10, TRUE, \"\")","v":""}]
[718,null,null,null,null,null,null,{"$f":"_xlfn.IFS(G736=Lists!$A$2, Lists!$D$2, G736=Lists!$A$3, Lists!$D$3, G736=Lists!$A$4, Lists!$D$4, G736=Lists!$A$5, Lists!$D$5,G736=Lists!$A$6, Lists!$D$6, G736=Lists!$A$7, Lists!$D$7, G736=Lists!$A$8, Lists!$D$8, G736=Lists!$A$9, Lists!$D$9, G736=Lists!$A$10, Lists!$D$10, TRUE, \"\")","v":""}]
[719,null,null,null,null,null,null,{"$f":"_xlfn.IFS(G737=Lists!$A$2, Lists!$D$2, G737=Lists!$A$3, Lists!$D$3, G737=Lists!$A$4, Lists!$D$4, G737=Lists!$A$5, Lists!$D$5,G737=Lists!$A$6, Lists!$D$6, G737=Lists!$A$7, Lists!$D$7, G737=Lists!$A$8, Lists!$D$8, G737=Lists!$A$9, Lists!$D$9, G737=Lists!$A$10, Lists!$D$10, TRUE, \"\")","v":""}]
[720,null,null,null,null,null,null,{"$f":"_xlfn.IFS(G738=Lists!$A$2, Lists!$D$2, G738=Lists!$A$3, Lists!$D$3, G738=Lists!$A$4, Lists!$D$4, G738=Lists!$A$5, Lists!$D$5,G738=Lists!$A$6, Lists!$D$6, G738=Lists!$A$7, Lists!$D$7, G738=Lists!$A$8, Lists!$D$8, G738=Lists!$A$9, Lists!$D$9, G738=Lists!$A$10, Lists!$D$10, TRUE, \"\")","v":""}]
[721,null,null,null,null,null,null,{"$f":"_xlfn.IFS(G739=Lists!$A$2, Lists!$D$2, G739=Lists!$A$3, Lists!$D$3, G739=Lists!$A$4, Lists!$D$4, G739=Lists!$A$5, Lists!$D$5,G739=Lists!$A$6, Lists!$D$6, G739=Lists!$A$7, Lists!$D$7, G739=Lists!$A$8, Lists!$D$8, G739=Lists!$A$9, Lists!$D$9, G739=Lists!$A$10, Lists!$D$10, TRUE, \"\")","v":""}]
[722,null,null,null,null,null,null,{"$f":"_xlfn.IFS(G740=Lists!$A$2, Lists!$D$2, G740=Lists!$A$3, Lists!$D$3, G740=Lists!$A$4, Lists!$D$4, G740=Lists!$A$5, Lists!$D$5,G740=Lists!$A$6, Lists!$D$6, G740=Lists!$A$7, Lists!$D$7, G740=Lists!$A$8, Lists!$D$8, G740=Lists!$A$9, Lists!$D$9, G740=Lists!$A$10, Lists!$D$10, TRUE, \"\")","v":""}]
[723,null,null,null,null,null,null,{"$f":"_xlfn.IFS(G741=Lists!$A$2, Lists!$D$2, G741=Lists!$A$3, Lists!$D$3, G741=Lists!$A$4, Lists!$D$4, G741=Lists!$A$5, Lists!$D$5,G741=Lists!$A$6, Lists!$D$6, G741=Lists!$A$7, Lists!$D$7, G741=Lists!$A$8, Lists!$D$8, G741=Lists!$A$9, Lists!$D$9, G741=Lists!$A$10, Lists!$D$10, TRUE, \"\")","v":""}]
[724,null,null,null,null,null,null,{"$f":"_xlfn.IFS(G742=Lists!$A$2, Lists!$D$2, G742=Lists!$A$3, Lists!$D$3, G742=Lists!$A$4, Lists!$D$4, G742=Lists!$A$5, Lists!$D$5,G742=Lists!$A$6, Lists!$D$6, G742=Lists!$A$7, Lists!$D$7, G742=Lists!$A$8, Lists!$D$8, G742=Lists!$A$9, Lists!$D$9, G742=Lists!$A$10, Lists!$D$10, TRUE, \"\")","v":""}]
[725,null,null,null,null,null,null,{"$f":"_xlfn.IFS(G743=Lists!$A$2, Lists!$D$2, G743=Lists!$A$3, Lists!$D$3, G743=Lists!$A$4, Lists!$D$4, G743=Lists!$A$5, Lists!$D$5,G743=Lists!$A$6, Lists!$D$6, G743=Lists!$A$7, Lists!$D$7, G743=Lists!$A$8, Lists!$D$8, G743=Lists!$A$9, Lists!$D$9, G743=Lists!$A$10, Lists!$D$10, TRUE, \"\")","v":""}]
[726,null,null,null,null,null,null,{"$f":"_xlfn.IFS(G744=Lists!$A$2, Lists!$D$2, G744=Lists!$A$3, Lists!$D$3, G744=Lists!$A$4, Lists!$D$4, G744=Lists!$A$5, Lists!$D$5,G744=Lists!$A$6, Lists!$D$6, G744=Lists!$A$7, Lists!$D$7, G744=Lists!$A$8, Lists!$D$8, G744=Lists!$A$9, Lists!$D$9, G744=Lists!$A$10, Lists!$D$10, TRUE, \"\")","v":""}]
[727,null,null,null,null,null,null,{"$f":"_xlfn.IFS(G745=Lists!$A$2, Lists!$D$2, G745=Lists!$A$3, Lists!$D$3, G745=Lists!$A$4, Lists!$D$4, G745=Lists!$A$5, Lists!$D$5,G745=Lists!$A$6, Lists!$D$6, G745=Lists!$A$7, Lists!$D$7, G745=Lists!$A$8, Lists!$D$8, G745=Lists!$A$9, Lists!$D$9, G745=Lists!$A$10, Lists!$D$10, TRUE, \"\")","v":""}]
[728,null,null,null,null,null,null,{"$f":"_xlfn.IFS(G746=Lists!$A$2, Lists!$D$2, G746=Lists!$A$3, Lists!$D$3, G746=Lists!$A$4, Lists!$D$4, G746=Lists!$A$5, Lists!$D$5,G746=Lists!$A$6, Lists!$D$6, G746=Lists!$A$7, Lists!$D$7, G746=Lists!$A$8, Lists!$D$8, G746=Lists!$A$9, Lists!$D$9, G746=Lists!$A$10, Lists!$D$10, TRUE, \"\")","v":""}]
[729,null,null,null,null,null,null,{"$f":"_xlfn.IFS(G747=Lists!$A$2, Lists!$D$2, G747=Lists!$A$3, Lists!$D$3, G747=Lists!$A$4, Lists!$D$4, G747=Lists!$A$5, Lists!$D$5,G747=Lists!$A$6, Lists!$D$6, G747=Lists!$A$7, Lists!$D$7, G747=Lists!$A$8, Lists!$D$8, G747=Lists!$A$9, Lists!$D$9, G747=Lists!$A$10, Lists!$D$10, TRUE, \"\")","v":""}]
[730,null,null,null,null,null,null,{"$f":"_xlfn.IFS(G748=Lists!$A$2, Lists!$D$2, G748=Lists!$A$3, Lists!$D$3, G748=Lists!$A$4, Lists!$D$4, G748=Lists!$A$5, Lists!$D$5,G748=Lists!$A$6, Lists!$D$6, G748=Lists!$A$7, Lists!$D$7, G748=Lists!$A$8, Lists!$D$8, G748=Lists!$A$9, Lists!$D$9, G748=Lists!$A$10, Lists!$D$10, TRUE, \"\")","v":""}]
[731,null,null,null,null,null,null,{"$f":"_xlfn.IFS(G749=Lists!$A$2, Lists!$D$2, G749=Lists!$A$3, Lists!$D$3, G749=Lists!$A$4, Lists!$D$4, G749=Lists!$A$5, Lists!$D$5,G749=Lists!$A$6, Lists!$D$6, G749=Lists!$A$7, Lists!$D$7, G749=Lists!$A$8, Lists!$D$8, G749=Lists!$A$9, Lists!$D$9, G749=Lists!$A$10, Lists!$D$10, TRUE, \"\")","v":""}]
[732,null,null,null,null,null,null,{"$f":"_xlfn.IFS(G750=Lists!$A$2, Lists!$D$2, G750=Lists!$A$3, Lists!$D$3, G750=Lists!$A$4, Lists!$D$4, G750=Lists!$A$5, Lists!$D$5,G750=Lists!$A$6, Lists!$D$6, G750=Lists!$A$7, Lists!$D$7, G750=Lists!$A$8, Lists!$D$8, G750=Lists!$A$9, Lists!$D$9, G750=Lists!$A$10, Lists!$D$10, TRUE, \"\")","v":""}]
[733,null,null,null,null,null,null,{"$f":"_xlfn.IFS(G751=Lists!$A$2, Lists!$D$2, G751=Lists!$A$3, Lists!$D$3, G751=Lists!$A$4, Lists!$D$4, G751=Lists!$A$5, Lists!$D$5,G751=Lists!$A$6, Lists!$D$6, G751=Lists!$A$7, Lists!$D$7, G751=Lists!$A$8, Lists!$D$8, G751=Lists!$A$9, Lists!$D$9, G751=Lists!$A$10, Lists!$D$10, TRUE, \"\")","v":""}]
[734,null,null,null,null,null,null,{"$f":"_xlfn.IFS(G752=Lists!$A$2, Lists!$D$2, G752=Lists!$A$3, Lists!$D$3, G752=Lists!$A$4, Lists!$D$4, G752=Lists!$A$5, Lists!$D$5,G752=Lists!$A$6, Lists!$D$6, G752=Lists!$A$7, Lists!$D$7, G752=Lists!$A$8, Lists!$D$8, G752=Lists!$A$9, Lists!$D$9, G752=Lists!$A$10, Lists!$D$10, TRUE, \"\")","v":""}]
[735,null,null,null,null,null,null,{"$f":"_xlfn.IFS(G753=Lists!$A$2, Lists!$D$2, G753=Lists!$A$3, Lists!$D$3, G753=Lists!$A$4, Lists!$D$4, G753=Lists!$A$5, Lists!$D$5,G753=Lists!$A$6, Lists!$D$6, G753=Lists!$A$7, Lists!$D$7, G753=Lists!$A$8, Lists!$D$8, G753=Lists!$A$9, Lists!$D$9, G753=Lists!$A$10, Lists!$D$10, TRUE, \"\")","v":""}]
[736,null,null,null,null,null,null,{"$f":"_xlfn.IFS(G754=Lists!$A$2, Lists!$D$2, G754=Lists!$A$3, Lists!$D$3, G754=Lists!$A$4, Lists!$D$4, G754=Lists!$A$5, Lists!$D$5,G754=Lists!$A$6, Lists!$D$6, G754=Lists!$A$7, Lists!$D$7, G754=Lists!$A$8, Lists!$D$8, G754=Lists!$A$9, Lists!$D$9, G754=Lists!$A$10, Lists!$D$10, TRUE, \"\")","v":""}]
[737,null,null,null,null,null,null,{"$f":"_xlfn.IFS(G755=Lists!$A$2, Lists!$D$2, G755=Lists!$A$3, Lists!$D$3, G755=Lists!$A$4, Lists!$D$4, G755=Lists!$A$5, Lists!$D$5,G755=Lists!$A$6, Lists!$D$6, G755=Lists!$A$7, Lists!$D$7, G755=Lists!$A$8, Lists!$D$8, G755=Lists!$A$9, Lists!$D$9, G755=Lists!$A$10, Lists!$D$10, TRUE, \"\")","v":""}]
[738,null,null,null,null,null,null,{"$f":"_xlfn.IFS(G756=Lists!$A$2, Lists!$D$2, G756=Lists!$A$3, Lists!$D$3, G756=Lists!$A$4, Lists!$D$4, G756=Lists!$A$5, Lists!$D$5,G756=Lists!$A$6, Lists!$D$6, G756=Lists!$A$7, Lists!$D$7, G756=Lists!$A$8, Lists!$D$8, G756=Lists!$A$9, Lists!$D$9, G756=Lists!$A$10, Lists!$D$10, TRUE, \"\")","v":""}]
[739,null,null,null,null,null,null,{"$f":"_xlfn.IFS(G757=Lists!$A$2, Lists!$D$2, G757=Lists!$A$3, Lists!$D$3, G757=Lists!$A$4, Lists!$D$4, G757=Lists!$A$5, Lists!$D$5,G757=Lists!$A$6, Lists!$D$6, G757=Lists!$A$7, Lists!$D$7, G757=Lists!$A$8, Lists!$D$8, G757=Lists!$A$9, Lists!$D$9, G757=Lists!$A$10, Lists!$D$10, TRUE, \"\")","v":""}]
[740,null,null,null,null,null,null,{"$f":"_xlfn.IFS(G758=Lists!$A$2, Lists!$D$2, G758=Lists!$A$3, Lists!$D$3, G758=Lists!$A$4, Lists!$D$4, G758=Lists!$A$5, Lists!$D$5,G758=Lists!$A$6, Lists!$D$6, G758=Lists!$A$7, Lists!$D$7, G758=Lists!$A$8, Lists!$D$8, G758=Lists!$A$9, Lists!$D$9, G758=Lists!$A$10, Lists!$D$10, TRUE, \"\")","v":""}]
[741,null,null,null,null,null,null,{"$f":"_xlfn.IFS(G759=Lists!$A$2, Lists!$D$2, G759=Lists!$A$3, Lists!$D$3, G759=Lists!$A$4, Lists!$D$4, G759=Lists!$A$5, Lists!$D$5,G759=Lists!$A$6, Lists!$D$6, G759=Lists!$A$7, Lists!$D$7, G759=Lists!$A$8, Lists!$D$8, G759=Lists!$A$9, Lists!$D$9, G759=Lists!$A$10, Lists!$D$10, TRUE, \"\")","v":""}]
[742,null,null,null,null,null,null,{"$f":"_xlfn.IFS(G760=Lists!$A$2, Lists!$D$2, G760=Lists!$A$3, Lists!$D$3, G760=Lists!$A$4, Lists!$D$4, G760=Lists!$A$5, Lists!$D$5,G760=Lists!$A$6, Lists!$D$6, G760=Lists!$A$7, Lists!$D$7, G760=Lists!$A$8, Lists!$D$8, G760=Lists!$A$9, Lists!$D$9, G760=Lists!$A$10, Lists!$D$10, TRUE, \"\")","v":""}]
[743,null,null,null,null,null,null,{"$f":"_xlfn.IFS(G761=Lists!$A$2, Lists!$D$2, G761=Lists!$A$3, Lists!$D$3, G761=Lists!$A$4, Lists!$D$4, G761=Lists!$A$5, Lists!$D$5,G761=Lists!$A$6, Lists!$D$6, G761=Lists!$A$7, Lists!$D$7, G761=Lists!$A$8, Lists!$D$8, G761=Lists!$A$9, Lists!$D$9, G761=Lists!$A$10, Lists!$D$10, TRUE, \"\")","v":""}]
[744,null,null,null,null,null,null,{"$f":"_xlfn.IFS(G762=Lists!$A$2, Lists!$D$2, G762=Lists!$A$3, Lists!$D$3, G762=Lists!$A$4, Lists!$D$4, G762=Lists!$A$5, Lists!$D$5,G762=Lists!$A$6, Lists!$D$6, G762=Lists!$A$7, Lists!$D$7, G762=Lists!$A$8, Lists!$D$8, G762=Lists!$A$9, Lists!$D$9, G762=Lists!$A$10, Lists!$D$10, TRUE, \"\")","v":""}]
[745,null,null,null,null,null,null,{"$f":"_xlfn.IFS(G763=Lists!$A$2, Lists!$D$2, G763=Lists!$A$3, Lists!$D$3, G763=Lists!$A$4, Lists!$D$4, G763=Lists!$A$5, Lists!$D$5,G763=Lists!$A$6, Lists!$D$6, G763=Lists!$A$7, Lists!$D$7, G763=Lists!$A$8, Lists!$D$8, G763=Lists!$A$9, Lists!$D$9, G763=Lists!$A$10, Lists!$D$10, TRUE, \"\")","v":""}]
[746,null,null,null,null,null,null,{"$f":"_xlfn.IFS(G764=Lists!$A$2, Lists!$D$2, G764=Lists!$A$3, Lists!$D$3, G764=Lists!$A$4, Lists!$D$4, G764=Lists!$A$5, Lists!$D$5,G764=Lists!$A$6, Lists!$D$6, G764=Lists!$A$7, Lists!$D$7, G764=Lists!$A$8, Lists!$D$8, G764=Lists!$A$9, Lists!$D$9, G764=Lists!$A$10, Lists!$D$10, TRUE, \"\")","v":""}]
[747,null,null,null,null,null,null,{"$f":"_xlfn.IFS(G765=Lists!$A$2, Lists!$D$2, G765=Lists!$A$3, Lists!$D$3, G765=Lists!$A$4, Lists!$D$4, G765=Lists!$A$5, Lists!$D$5,G765=Lists!$A$6, Lists!$D$6, G765=Lists!$A$7, Lists!$D$7, G765=Lists!$A$8, Lists!$D$8, G765=Lists!$A$9, Lists!$D$9, G765=Lists!$A$10, Lists!$D$10, TRUE, \"\")","v":""}]
[748,null,null,null,null,null,null,{"$f":"_xlfn.IFS(G766=Lists!$A$2, Lists!$D$2, G766=Lists!$A$3, Lists!$D$3, G766=Lists!$A$4, Lists!$D$4, G766=Lists!$A$5, Lists!$D$5,G766=Lists!$A$6, Lists!$D$6, G766=Lists!$A$7, Lists!$D$7, G766=Lists!$A$8, Lists!$D$8, G766=Lists!$A$9, Lists!$D$9, G766=Lists!$A$10, Lists!$D$10, TRUE, \"\")","v":""}]
[749,null,null,null,null,null,null,{"$f":"_xlfn.IFS(G767=Lists!$A$2, Lists!$D$2, G767=Lists!$A$3, Lists!$D$3, G767=Lists!$A$4, Lists!$D$4, G767=Lists!$A$5, Lists!$D$5,G767=Lists!$A$6, Lists!$D$6, G767=Lists!$A$7, Lists!$D$7, G767=Lists!$A$8, Lists!$D$8, G767=Lists!$A$9, Lists!$D$9, G767=Lists!$A$10, Lists!$D$10, TRUE, \"\")","v":""}]
[750,null,null,null,null,null,null,{"$f":"_xlfn.IFS(G768=Lists!$A$2, Lists!$D$2, G768=Lists!$A$3, Lists!$D$3, G768=Lists!$A$4, Lists!$D$4, G768=Lists!$A$5, Lists!$D$5,G768=Lists!$A$6, Lists!$D$6, G768=Lists!$A$7, Lists!$D$7, G768=Lists!$A$8, Lists!$D$8, G768=Lists!$A$9, Lists!$D$9, G768=Lists!$A$10, Lists!$D$10, TRUE, \"\")","v":""}]
[751,null,null,null,null,null,null,{"$f":"_xlfn.IFS(G769=Lists!$A$2, Lists!$D$2, G769=Lists!$A$3, Lists!$D$3, G769=Lists!$A$4, Lists!$D$4, G769=Lists!$A$5, Lists!$D$5,G769=Lists!$A$6, Lists!$D$6, G769=Lists!$A$7, Lists!$D$7, G769=Lists!$A$8, Lists!$D$8, G769=Lists!$A$9, Lists!$D$9, G769=Lists!$A$10, Lists!$D$10, TRUE, \"\")","v":""}]
[752,null,null,null,null,null,null,{"$f":"_xlfn.IFS(G770=Lists!$A$2, Lists!$D$2, G770=Lists!$A$3, Lists!$D$3, G770=Lists!$A$4, Lists!$D$4, G770=Lists!$A$5, Lists!$D$5,G770=Lists!$A$6, Lists!$D$6, G770=Lists!$A$7, Lists!$D$7, G770=Lists!$A$8, Lists!$D$8, G770=Lists!$A$9, Lists!$D$9, G770=Lists!$A$10, Lists!$D$10, TRUE, \"\")","v":""}]
[753,null,null,null,null,null,null,{"$f":"_xlfn.IFS(G771=Lists!$A$2, Lists!$D$2, G771=Lists!$A$3, Lists!$D$3, G771=Lists!$A$4, Lists!$D$4, G771=Lists!$A$5, Lists!$D$5,G771=Lists!$A$6, Lists!$D$6, G771=Lists!$A$7, Lists!$D$7, G771=Lists!$A$8, Lists!$D$8, G771=Lists!$A$9, Lists!$D$9, G771=Lists!$A$10, Lists!$D$10, TRUE, \"\")","v":""}]
[754,null,null,null,null,null,null,{"$f":"_xlfn.IFS(G772=Lists!$A$2, Lists!$D$2, G772=Lists!$A$3, Lists!$D$3, G772=Lists!$A$4, Lists!$D$4, G772=Lists!$A$5, Lists!$D$5,G772=Lists!$A$6, Lists!$D$6, G772=Lists!$A$7, Lists!$D$7, G772=Lists!$A$8, Lists!$D$8, G772=Lists!$A$9, Lists!$D$9, G772=Lists!$A$10, Lists!$D$10, TRUE, \"\")","v":""}]
[755,null,null,null,null,null,null,{"$f":"_xlfn.IFS(G773=Lists!$A$2, Lists!$D$2, G773=Lists!$A$3, Lists!$D$3, G773=Lists!$A$4, Lists!$D$4, G773=Lists!$A$5, Lists!$D$5,G773=Lists!$A$6, Lists!$D$6, G773=Lists!$A$7, Lists!$D$7, G773=Lists!$A$8, Lists!$D$8, G773=Lists!$A$9, Lists!$D$9, G773=Lists!$A$10, Lists!$D$10, TRUE, \"\")","v":""}]
[756,null,null,null,null,null,null,{"$f":"_xlfn.IFS(G774=Lists!$A$2, Lists!$D$2, G774=Lists!$A$3, Lists!$D$3, G774=Lists!$A$4, Lists!$D$4, G774=Lists!$A$5, Lists!$D$5,G774=Lists!$A$6, Lists!$D$6, G774=Lists!$A$7, Lists!$D$7, G774=Lists!$A$8, Lists!$D$8, G774=Lists!$A$9, Lists!$D$9, G774=Lists!$A$10, Lists!$D$10, TRUE, \"\")","v":""}]
[757,null,null,null,null,null,null,{"$f":"_xlfn.IFS(G775=Lists!$A$2, Lists!$D$2, G775=Lists!$A$3, Lists!$D$3, G775=Lists!$A$4, Lists!$D$4, G775=Lists!$A$5, Lists!$D$5,G775=Lists!$A$6, Lists!$D$6, G775=Lists!$A$7, Lists!$D$7, G775=Lists!$A$8, Lists!$D$8, G775=Lists!$A$9, Lists!$D$9, G775=Lists!$A$10, Lists!$D$10, TRUE, \"\")","v":""}]
[758,null,null,null,null,null,null,{"$f":"_xlfn.IFS(G776=Lists!$A$2, Lists!$D$2, G776=Lists!$A$3, Lists!$D$3, G776=Lists!$A$4, Lists!$D$4, G776=Lists!$A$5, Lists!$D$5,G776=Lists!$A$6, Lists!$D$6, G776=Lists!$A$7, Lists!$D$7, G776=Lists!$A$8, Lists!$D$8, G776=Lists!$A$9, Lists!$D$9, G776=Lists!$A$10, Lists!$D$10, TRUE, \"\")","v":""}]
[759,null,null,null,null,null,null,{"$f":"_xlfn.IFS(G777=Lists!$A$2, Lists!$D$2, G777=Lists!$A$3, Lists!$D$3, G777=Lists!$A$4, Lists!$D$4, G777=Lists!$A$5, Lists!$D$5,G777=Lists!$A$6, Lists!$D$6, G777=Lists!$A$7, Lists!$D$7, G777=Lists!$A$8, Lists!$D$8, G777=Lists!$A$9, Lists!$D$9, G777=Lists!$A$10, Lists!$D$10, TRUE, \"\")","v":""}]
[760,null,null,null,null,null,null,{"$f":"_xlfn.IFS(G778=Lists!$A$2, Lists!$D$2, G778=Lists!$A$3, Lists!$D$3, G778=Lists!$A$4, Lists!$D$4, G778=Lists!$A$5, Lists!$D$5,G778=Lists!$A$6, Lists!$D$6, G778=Lists!$A$7, Lists!$D$7, G778=Lists!$A$8, Lists!$D$8, G778=Lists!$A$9, Lists!$D$9, G778=Lists!$A$10, Lists!$D$10, TRUE, \"\")","v":""}]
[761,null,null,null,null,null,null,{"$f":"_xlfn.IFS(G779=Lists!$A$2, Lists!$D$2, G779=Lists!$A$3, Lists!$D$3, G779=Lists!$A$4, Lists!$D$4, G779=Lists!$A$5, Lists!$D$5,G779=Lists!$A$6, Lists!$D$6, G779=Lists!$A$7, Lists!$D$7, G779=Lists!$A$8, Lists!$D$8, G779=Lists!$A$9, Lists!$D$9, G779=Lists!$A$10, Lists!$D$10, TRUE, \"\")","v":""}]
[762,null,null,null,null,null,null,{"$f":"_xlfn.IFS(G780=Lists!$A$2, Lists!$D$2, G780=Lists!$A$3, Lists!$D$3, G780=Lists!$A$4, Lists!$D$4, G780=Lists!$A$5, Lists!$D$5,G780=Lists!$A$6, Lists!$D$6, G780=Lists!$A$7, Lists!$D$7, G780=Lists!$A$8, Lists!$D$8, G780=Lists!$A$9, Lists!$D$9, G780=Lists!$A$10, Lists!$D$10, TRUE, \"\")","v":""}]
[763,null,null,null,null,null,null,{"$f":"_xlfn.IFS(G781=Lists!$A$2, Lists!$D$2, G781=Lists!$A$3, Lists!$D$3, G781=Lists!$A$4, Lists!$D$4, G781=Lists!$A$5, Lists!$D$5,G781=Lists!$A$6, Lists!$D$6, G781=Lists!$A$7, Lists!$D$7, G781=Lists!$A$8, Lists!$D$8, G781=Lists!$A$9, Lists!$D$9, G781=Lists!$A$10, Lists!$D$10, TRUE, \"\")","v":""}]
[764,null,null,null,null,null,null,{"$f":"_xlfn.IFS(G782=Lists!$A$2, Lists!$D$2, G782=Lists!$A$3, Lists!$D$3, G782=Lists!$A$4, Lists!$D$4, G782=Lists!$A$5, Lists!$D$5,G782=Lists!$A$6, Lists!$D$6, G782=Lists!$A$7, Lists!$D$7, G782=Lists!$A$8, Lists!$D$8, G782=Lists!$A$9, Lists!$D$9, G782=Lists!$A$10, Lists!$D$10, TRUE, \"\")","v":""}]
[765,null,null,null,null,null,null,{"$f":"_xlfn.IFS(G783=Lists!$A$2, Lists!$D$2, G783=Lists!$A$3, Lists!$D$3, G783=Lists!$A$4, Lists!$D$4, G783=Lists!$A$5, Lists!$D$5,G783=Lists!$A$6, Lists!$D$6, G783=Lists!$A$7, Lists!$D$7, G783=Lists!$A$8, Lists!$D$8, G783=Lists!$A$9, Lists!$D$9, G783=Lists!$A$10, Lists!$D$10, TRUE, \"\")","v":""}]
[766,null,null,null,null,null,null,{"$f":"_xlfn.IFS(G784=Lists!$A$2, Lists!$D$2, G784=Lists!$A$3, Lists!$D$3, G784=Lists!$A$4, Lists!$D$4, G784=Lists!$A$5, Lists!$D$5,G784=Lists!$A$6, Lists!$D$6, G784=Lists!$A$7, Lists!$D$7, G784=Lists!$A$8, Lists!$D$8, G784=Lists!$A$9, Lists!$D$9, G784=Lists!$A$10, Lists!$D$10, TRUE, \"\")","v":""}]
[767,null,null,null,null,null,null,{"$f":"_xlfn.IFS(G785=Lists!$A$2, Lists!$D$2, G785=Lists!$A$3, Lists!$D$3, G785=Lists!$A$4, Lists!$D$4, G785=Lists!$A$5, Lists!$D$5,G785=Lists!$A$6, Lists!$D$6, G785=Lists!$A$7, Lists!$D$7, G785=Lists!$A$8, Lists!$D$8, G785=Lists!$A$9, Lists!$D$9, G785=Lists!$A$10, Lists!$D$10, TRUE, \"\")","v":""}]
[768,null,null,null,null,null,null,{"$f":"_xlfn.IFS(G786=Lists!$A$2, Lists!$D$2, G786=Lists!$A$3, Lists!$D$3, G786=Lists!$A$4, Lists!$D$4, G786=Lists!$A$5, Lists!$D$5,G786=Lists!$A$6, Lists!$D$6, G786=Lists!$A$7, Lists!$D$7, G786=Lists!$A$8, Lists!$D$8, G786=Lists!$A$9, Lists!$D$9, G786=Lists!$A$10, Lists!$D$10, TRUE, \"\")","v":""}]
[769,null,null,null,null,null,null,{"$f":"_xlfn.IFS(G787=Lists!$A$2, Lists!$D$2, G787=Lists!$A$3, Lists!$D$3, G787=Lists!$A$4, Lists!$D$4, G787=Lists!$A$5, Lists!$D$5,G787=Lists!$A$6, Lists!$D$6, G787=Lists!$A$7, Lists!$D$7, G787=Lists!$A$8, Lists!$D$8, G787=Lists!$A$9, Lists!$D$9, G787=Lists!$A$10, Lists!$D$10, TRUE, \"\")","v":""}]
[770,null,null,null,null,null,null,{"$f":"_xlfn.IFS(G788=Lists!$A$2, Lists!$D$2, G788=Lists!$A$3, Lists!$D$3, G788=Lists!$A$4, Lists!$D$4, G788=Lists!$A$5, Lists!$D$5,G788=Lists!$A$6, Lists!$D$6, G788=Lists!$A$7, Lists!$D$7, G788=Lists!$A$8, Lists!$D$8, G788=Lists!$A$9, Lists!$D$9, G788=Lists!$A$10, Lists!$D$10, TRUE, \"\")","v":""}]
[771,null,null,null,null,null,null,{"$f":"_xlfn.IFS(G789=Lists!$A$2, Lists!$D$2, G789=Lists!$A$3, Lists!$D$3, G789=Lists!$A$4, Lists!$D$4, G789=Lists!$A$5, Lists!$D$5,G789=Lists!$A$6, Lists!$D$6, G789=Lists!$A$7, Lists!$D$7, G789=Lists!$A$8, Lists!$D$8, G789=Lists!$A$9, Lists!$D$9, G789=Lists!$A$10, Lists!$D$10, TRUE, \"\")","v":""}]
[772,null,null,null,null,null,null,{"$f":"_xlfn.IFS(G790=Lists!$A$2, Lists!$D$2, G790=Lists!$A$3, Lists!$D$3, G790=Lists!$A$4, Lists!$D$4, G790=Lists!$A$5, Lists!$D$5,G790=Lists!$A$6, Lists!$D$6, G790=Lists!$A$7, Lists!$D$7, G790=Lists!$A$8, Lists!$D$8, G790=Lists!$A$9, Lists!$D$9, G790=Lists!$A$10, Lists!$D$10, TRUE, \"\")","v":""}]
[773,null,null,null,null,null,null,{"$f":"_xlfn.IFS(G791=Lists!$A$2, Lists!$D$2, G791=Lists!$A$3, Lists!$D$3, G791=Lists!$A$4, Lists!$D$4, G791=Lists!$A$5, Lists!$D$5,G791=Lists!$A$6, Lists!$D$6, G791=Lists!$A$7, Lists!$D$7, G791=Lists!$A$8, Lists!$D$8, G791=Lists!$A$9, Lists!$D$9, G791=Lists!$A$10, Lists!$D$10, TRUE, \"\")","v":""}]
[774,null,null,null,null,null,null,{"$f":"_xlfn.IFS(G792=Lists!$A$2, Lists!$D$2, G792=Lists!$A$3, Lists!$D$3, G792=Lists!$A$4, Lists!$D$4, G792=Lists!$A$5, Lists!$D$5,G792=Lists!$A$6, Lists!$D$6, G792=Lists!$A$7, Lists!$D$7, G792=Lists!$A$8, Lists!$D$8, G792=Lists!$A$9, Lists!$D$9, G792=Lists!$A$10, Lists!$D$10, TRUE, \"\")","v":""}]
[775,null,null,null,null,null,null,{"$f":"_xlfn.IFS(G793=Lists!$A$2, Lists!$D$2, G793=Lists!$A$3, Lists!$D$3, G793=Lists!$A$4, Lists!$D$4, G793=Lists!$A$5, Lists!$D$5,G793=Lists!$A$6, Lists!$D$6, G793=Lists!$A$7, Lists!$D$7, G793=Lists!$A$8, Lists!$D$8, G793=Lists!$A$9, Lists!$D$9, G793=Lists!$A$10, Lists!$D$10, TRUE, \"\")","v":""}]
[776,null,null,null,null,null,null,{"$f":"_xlfn.IFS(G794=Lists!$A$2, Lists!$D$2, G794=Lists!$A$3, Lists!$D$3, G794=Lists!$A$4, Lists!$D$4, G794=Lists!$A$5, Lists!$D$5,G794=Lists!$A$6, Lists!$D$6, G794=Lists!$A$7, Lists!$D$7, G794=Lists!$A$8, Lists!$D$8, G794=Lists!$A$9, Lists!$D$9, G794=Lists!$A$10, Lists!$D$10, TRUE, \"\")","v":""}]
[777,null,null,null,null,null,null,{"$f":"_xlfn.IFS(G795=Lists!$A$2, Lists!$D$2, G795=Lists!$A$3, Lists!$D$3, G795=Lists!$A$4, Lists!$D$4, G795=Lists!$A$5, Lists!$D$5,G795=Lists!$A$6, Lists!$D$6, G795=Lists!$A$7, Lists!$D$7, G795=Lists!$A$8, Lists!$D$8, G795=Lists!$A$9, Lists!$D$9, G795=Lists!$A$10, Lists!$D$10, TRUE, \"\")","v":""}]
[778,null,null,null,null,null,null,{"$f":"_xlfn.IFS(G796=Lists!$A$2, Lists!$D$2, G796=Lists!$A$3, Lists!$D$3, G796=Lists!$A$4, Lists!$D$4, G796=Lists!$A$5, Lists!$D$5,G796=Lists!$A$6, Lists!$D$6, G796=Lists!$A$7, Lists!$D$7, G796=Lists!$A$8, Lists!$D$8, G796=Lists!$A$9, Lists!$D$9, G796=Lists!$A$10, Lists!$D$10, TRUE, \"\")","v":""}]
[779,null,null,null,null,null,null,{"$f":"_xlfn.IFS(G797=Lists!$A$2, Lists!$D$2, G797=Lists!$A$3, Lists!$D$3, G797=Lists!$A$4, Lists!$D$4, G797=Lists!$A$5, Lists!$D$5,G797=Lists!$A$6, Lists!$D$6, G797=Lists!$A$7, Lists!$D$7, G797=Lists!$A$8, Lists!$D$8, G797=Lists!$A$9, Lists!$D$9, G797=Lists!$A$10, Lists!$D$10, TRUE, \"\")","v":""}]
[780,null,null,null,null,null,null,{"$f":"_xlfn.IFS(G798=Lists!$A$2, Lists!$D$2, G798=Lists!$A$3, Lists!$D$3, G798=Lists!$A$4, Lists!$D$4, G798=Lists!$A$5, Lists!$D$5,G798=Lists!$A$6, Lists!$D$6, G798=Lists!$A$7, Lists!$D$7, G798=Lists!$A$8, Lists!$D$8, G798=Lists!$A$9, Lists!$D$9, G798=Lists!$A$10, Lists!$D$10, TRUE, \"\")","v":""}]
[781,null,null,null,null,null,null,{"$f":"_xlfn.IFS(G799=Lists!$A$2, Lists!$D$2, G799=Lists!$A$3, Lists!$D$3, G799=Lists!$A$4, Lists!$D$4, G799=Lists!$A$5, Lists!$D$5,G799=Lists!$A$6, Lists!$D$6, G799=Lists!$A$7, Lists!$D$7, G799=Lists!$A$8, Lists!$D$8, G799=Lists!$A$9, Lists!$D$9, G799=Lists!$A$10, Lists!$D$10, TRUE, \"\")","v":""}]
[782,null,null,null,null,null,null,{"$f":"_xlfn.IFS(G800=Lists!$A$2, Lists!$D$2, G800=Lists!$A$3, Lists!$D$3, G800=Lists!$A$4, Lists!$D$4, G800=Lists!$A$5, Lists!$D$5,G800=Lists!$A$6, Lists!$D$6, G800=Lists!$A$7, Lists!$D$7, G800=Lists!$A$8, Lists!$D$8, G800=Lists!$A$9, Lists!$D$9, G800=Lists!$A$10, Lists!$D$10, TRUE, \"\")","v":""}]
[783,null,null,null,null,null,null,{"$f":"_xlfn.IFS(G801=Lists!$A$2, Lists!$D$2, G801=Lists!$A$3, Lists!$D$3, G801=Lists!$A$4, Lists!$D$4, G801=Lists!$A$5, Lists!$D$5,G801=Lists!$A$6, Lists!$D$6, G801=Lists!$A$7, Lists!$D$7, G801=Lists!$A$8, Lists!$D$8, G801=Lists!$A$9, Lists!$D$9, G801=Lists!$A$10, Lists!$D$10, TRUE, \"\")","v":""}]
[784,null,null,null,null,null,null,{"$f":"_xlfn.IFS(G802=Lists!$A$2, Lists!$D$2, G802=Lists!$A$3, Lists!$D$3, G802=Lists!$A$4, Lists!$D$4, G802=Lists!$A$5, Lists!$D$5,G802=Lists!$A$6, Lists!$D$6, G802=Lists!$A$7, Lists!$D$7, G802=Lists!$A$8, Lists!$D$8, G802=Lists!$A$9, Lists!$D$9, G802=Lists!$A$10, Lists!$D$10, TRUE, \"\")","v":""}]
[785,null,null,null,null,null,null,{"$f":"_xlfn.IFS(G803=Lists!$A$2, Lists!$D$2, G803=Lists!$A$3, Lists!$D$3, G803=Lists!$A$4, Lists!$D$4, G803=Lists!$A$5, Lists!$D$5,G803=Lists!$A$6, Lists!$D$6, G803=Lists!$A$7, Lists!$D$7, G803=Lists!$A$8, Lists!$D$8, G803=Lists!$A$9, Lists!$D$9, G803=Lists!$A$10, Lists!$D$10, TRUE, \"\")","v":""}]
[786,null,null,null,null,null,null,{"$f":"_xlfn.IFS(G804=Lists!$A$2, Lists!$D$2, G804=Lists!$A$3, Lists!$D$3, G804=Lists!$A$4, Lists!$D$4, G804=Lists!$A$5, Lists!$D$5,G804=Lists!$A$6, Lists!$D$6, G804=Lists!$A$7, Lists!$D$7, G804=Lists!$A$8, Lists!$D$8, G804=Lists!$A$9, Lists!$D$9, G804=Lists!$A$10, Lists!$D$10, TRUE, \"\")","v":""}]
[787,null,null,null,null,null,null,{"$f":"_xlfn.IFS(G805=Lists!$A$2, Lists!$D$2, G805=Lists!$A$3, Lists!$D$3, G805=Lists!$A$4, Lists!$D$4, G805=Lists!$A$5, Lists!$D$5,G805=Lists!$A$6, Lists!$D$6, G805=Lists!$A$7, Lists!$D$7, G805=Lists!$A$8, Lists!$D$8, G805=Lists!$A$9, Lists!$D$9, G805=Lists!$A$10, Lists!$D$10, TRUE, \"\")","v":""}]
[788,null,null,null,null,null,null,{"$f":"_xlfn.IFS(G806=Lists!$A$2, Lists!$D$2, G806=Lists!$A$3, Lists!$D$3, G806=Lists!$A$4, Lists!$D$4, G806=Lists!$A$5, Lists!$D$5,G806=Lists!$A$6, Lists!$D$6, G806=Lists!$A$7, Lists!$D$7, G806=Lists!$A$8, Lists!$D$8, G806=Lists!$A$9, Lists!$D$9, G806=Lists!$A$10, Lists!$D$10, TRUE, \"\")","v":""}]
[789,null,null,null,null,null,null,{"$f":"_xlfn.IFS(G807=Lists!$A$2, Lists!$D$2, G807=Lists!$A$3, Lists!$D$3, G807=Lists!$A$4, Lists!$D$4, G807=Lists!$A$5, Lists!$D$5,G807=Lists!$A$6, Lists!$D$6, G807=Lists!$A$7, Lists!$D$7, G807=Lists!$A$8, Lists!$D$8, G807=Lists!$A$9, Lists!$D$9, G807=Lists!$A$10, Lists!$D$10, TRUE, \"\")","v":""}]
[790,null,null,null,null,null,null,{"$f":"_xlfn.IFS(G808=Lists!$A$2, Lists!$D$2, G808=Lists!$A$3, Lists!$D$3, G808=Lists!$A$4, Lists!$D$4, G808=Lists!$A$5, Lists!$D$5,G808=Lists!$A$6, Lists!$D$6, G808=Lists!$A$7, Lists!$D$7, G808=Lists!$A$8, Lists!$D$8, G808=Lists!$A$9, Lists!$D$9, G808=Lists!$A$10, Lists!$D$10, TRUE, \"\")","v":""}]
[791,null,null,null,null,null,null,{"$f":"_xlfn.IFS(G809=Lists!$A$2, Lists!$D$2, G809=Lists!$A$3, Lists!$D$3, G809=Lists!$A$4, Lists!$D$4, G809=Lists!$A$5, Lists!$D$5,G809=Lists!$A$6, Lists!$D$6, G809=Lists!$A$7, Lists!$D$7, G809=Lists!$A$8, Lists!$D$8, G809=Lists!$A$9, Lists!$D$9, G809=Lists!$A$10, Lists!$D$10, TRUE, \"\")","v":""}]
[792,null,null,null,null,null,null,{"$f":"_xlfn.IFS(G810=Lists!$A$2, Lists!$D$2, G810=Lists!$A$3, Lists!$D$3, G810=Lists!$A$4, Lists!$D$4, G810=Lists!$A$5, Lists!$D$5,G810=Lists!$A$6, Lists!$D$6, G810=Lists!$A$7, Lists!$D$7, G810=Lists!$A$8, Lists!$D$8, G810=Lists!$A$9, Lists!$D$9, G810=Lists!$A$10, Lists!$D$10, TRUE, \"\")","v":""}]
[793,null,null,null,null,null,null,{"$f":"_xlfn.IFS(G811=Lists!$A$2, Lists!$D$2, G811=Lists!$A$3, Lists!$D$3, G811=Lists!$A$4, Lists!$D$4, G811=Lists!$A$5, Lists!$D$5,G811=Lists!$A$6, Lists!$D$6, G811=Lists!$A$7, Lists!$D$7, G811=Lists!$A$8, Lists!$D$8, G811=Lists!$A$9, Lists!$D$9, G811=Lists!$A$10, Lists!$D$10, TRUE, \"\")","v":""}]
[794,null,null,null,null,null,null,{"$f":"_xlfn.IFS(G812=Lists!$A$2, Lists!$D$2, G812=Lists!$A$3, Lists!$D$3, G812=Lists!$A$4, Lists!$D$4, G812=Lists!$A$5, Lists!$D$5,G812=Lists!$A$6, Lists!$D$6, G812=Lists!$A$7, Lists!$D$7, G812=Lists!$A$8, Lists!$D$8, G812=Lists!$A$9, Lists!$D$9, G812=Lists!$A$10, Lists!$D$10, TRUE, \"\")","v":""}]
[795,null,null,null,null,null,null,{"$f":"_xlfn.IFS(G813=Lists!$A$2, Lists!$D$2, G813=Lists!$A$3, Lists!$D$3, G813=Lists!$A$4, Lists!$D$4, G813=Lists!$A$5, Lists!$D$5,G813=Lists!$A$6, Lists!$D$6, G813=Lists!$A$7, Lists!$D$7, G813=Lists!$A$8, Lists!$D$8, G813=Lists!$A$9, Lists!$D$9, G813=Lists!$A$10, Lists!$D$10, TRUE, \"\")","v":""}]
[796,null,null,null,null,null,null,{"$f":"_xlfn.IFS(G814=Lists!$A$2, Lists!$D$2, G814=Lists!$A$3, Lists!$D$3, G814=Lists!$A$4, Lists!$D$4, G814=Lists!$A$5, Lists!$D$5,G814=Lists!$A$6, Lists!$D$6, G814=Lists!$A$7, Lists!$D$7, G814=Lists!$A$8, Lists!$D$8, G814=Lists!$A$9, Lists!$D$9, G814=Lists!$A$10, Lists!$D$10, TRUE, \"\")","v":""}]
[797,null,null,null,null,null,null,{"$f":"_xlfn.IFS(G815=Lists!$A$2, Lists!$D$2, G815=Lists!$A$3, Lists!$D$3, G815=Lists!$A$4, Lists!$D$4, G815=Lists!$A$5, Lists!$D$5,G815=Lists!$A$6, Lists!$D$6, G815=Lists!$A$7, Lists!$D$7, G815=Lists!$A$8, Lists!$D$8, G815=Lists!$A$9, Lists!$D$9, G815=Lists!$A$10, Lists!$D$10, TRUE, \"\")","v":""}]
[798,null,null,null,null,null,null,{"$f":"_xlfn.IFS(G816=Lists!$A$2, Lists!$D$2, G816=Lists!$A$3, Lists!$D$3, G816=Lists!$A$4, Lists!$D$4, G816=Lists!$A$5, Lists!$D$5,G816=Lists!$A$6, Lists!$D$6, G816=Lists!$A$7, Lists!$D$7, G816=Lists!$A$8, Lists!$D$8, G816=Lists!$A$9, Lists!$D$9, G816=Lists!$A$10, Lists!$D$10, TRUE, \"\")","v":""}]
[799,null,null,null,null,null,null,{"$f":"_xlfn.IFS(G817=Lists!$A$2, Lists!$D$2, G817=Lists!$A$3, Lists!$D$3, G817=Lists!$A$4, Lists!$D$4, G817=Lists!$A$5, Lists!$D$5,G817=Lists!$A$6, Lists!$D$6, G817=Lists!$A$7, Lists!$D$7, G817=Lists!$A$8, Lists!$D$8, G817=Lists!$A$9, Lists!$D$9, G817=Lists!$A$10, Lists!$D$10, TRUE, \"\")","v":""}]
[800,null,null,null,null,null,null,{"$f":"_xlfn.IFS(G818=Lists!$A$2, Lists!$D$2, G818=Lists!$A$3, Lists!$D$3, G818=Lists!$A$4, Lists!$D$4, G818=Lists!$A$5, Lists!$D$5,G818=Lists!$A$6, Lists!$D$6, G818=Lists!$A$7, Lists!$D$7, G818=Lists!$A$8, Lists!$D$8, G818=Lists!$A$9, Lists!$D$9, G818=Lists!$A$10, Lists!$D$10, TRUE, \"\")","v":""}]
[801,null,null,null,null,null,null,{"$f":"_xlfn.IFS(G819=Lists!$A$2, Lists!$D$2, G819=Lists!$A$3, Lists!$D$3, G819=Lists!$A$4, Lists!$D$4, G819=Lists!$A$5, Lists!$D$5,G819=Lists!$A$6, Lists!$D$6, G819=Lists!$A$7, Lists!$D$7, G819=Lists!$A$8, Lists!$D$8, G819=Lists!$A$9, Lists!$D$9, G819=Lists!$A$10, Lists!$D$10, TRUE, \"\")","v":""}]
[802,null,null,null,null,null,null,{"$f":"_xlfn.IFS(G820=Lists!$A$2, Lists!$D$2, G820=Lists!$A$3, Lists!$D$3, G820=Lists!$A$4, Lists!$D$4, G820=Lists!$A$5, Lists!$D$5,G820=Lists!$A$6, Lists!$D$6, G820=Lists!$A$7, Lists!$D$7, G820=Lists!$A$8, Lists!$D$8, G820=Lists!$A$9, Lists!$D$9, G820=Lists!$A$10, Lists!$D$10, TRUE, \"\")","v":""}]
[803,null,null,null,null,null,null,{"$f":"_xlfn.IFS(G821=Lists!$A$2, Lists!$D$2, G821=Lists!$A$3, Lists!$D$3, G821=Lists!$A$4, Lists!$D$4, G821=Lists!$A$5, Lists!$D$5,G821=Lists!$A$6, Lists!$D$6, G821=Lists!$A$7, Lists!$D$7, G821=Lists!$A$8, Lists!$D$8, G821=Lists!$A$9, Lists!$D$9, G821=Lists!$A$10, Lists!$D$10, TRUE, \"\")","v":""}]
[804,null,null,null,null,null,null,{"$f":"_xlfn.IFS(G822=Lists!$A$2, Lists!$D$2, G822=Lists!$A$3, Lists!$D$3, G822=Lists!$A$4, Lists!$D$4, G822=Lists!$A$5, Lists!$D$5,G822=Lists!$A$6, Lists!$D$6, G822=Lists!$A$7, Lists!$D$7, G822=Lists!$A$8, Lists!$D$8, G822=Lists!$A$9, Lists!$D$9, G822=Lists!$A$10, Lists!$D$10, TRUE, \"\")","v":""}]
[805,null,null,null,null,null,null,{"$f":"_xlfn.IFS(G823=Lists!$A$2, Lists!$D$2, G823=Lists!$A$3, Lists!$D$3, G823=Lists!$A$4, Lists!$D$4, G823=Lists!$A$5, Lists!$D$5,G823=Lists!$A$6, Lists!$D$6, G823=Lists!$A$7, Lists!$D$7, G823=Lists!$A$8, Lists!$D$8, G823=Lists!$A$9, Lists!$D$9, G823=Lists!$A$10, Lists!$D$10, TRUE, \"\")","v":""}]
[806,null,null,null,null,null,null,{"$f":"_xlfn.IFS(G824=Lists!$A$2, Lists!$D$2, G824=Lists!$A$3, Lists!$D$3, G824=Lists!$A$4, Lists!$D$4, G824=Lists!$A$5, Lists!$D$5,G824=Lists!$A$6, Lists!$D$6, G824=Lists!$A$7, Lists!$D$7, G824=Lists!$A$8, Lists!$D$8, G824=Lists!$A$9, Lists!$D$9, G824=Lists!$A$10, Lists!$D$10, TRUE, \"\")","v":""}]
[807,null,null,null,null,null,null,{"$f":"_xlfn.IFS(G825=Lists!$A$2, Lists!$D$2, G825=Lists!$A$3, Lists!$D$3, G825=Lists!$A$4, Lists!$D$4, G825=Lists!$A$5, Lists!$D$5,G825=Lists!$A$6, Lists!$D$6, G825=Lists!$A$7, Lists!$D$7, G825=Lists!$A$8, Lists!$D$8, G825=Lists!$A$9, Lists!$D$9, G825=Lists!$A$10, Lists!$D$10, TRUE, \"\")","v":""}]
[808,null,null,null,null,null,null,{"$f":"_xlfn.IFS(G826=Lists!$A$2, Lists!$D$2, G826=Lists!$A$3, Lists!$D$3, G826=Lists!$A$4, Lists!$D$4, G826=Lists!$A$5, Lists!$D$5,G826=Lists!$A$6, Lists!$D$6, G826=Lists!$A$7, Lists!$D$7, G826=Lists!$A$8, Lists!$D$8, G826=Lists!$A$9, Lists!$D$9, G826=Lists!$A$10, Lists!$D$10, TRUE, \"\")","v":""}]
[809,null,null,null,null,null,null,{"$f":"_xlfn.IFS(G827=Lists!$A$2, Lists!$D$2, G827=Lists!$A$3, Lists!$D$3, G827=Lists!$A$4, Lists!$D$4, G827=Lists!$A$5, Lists!$D$5,G827=Lists!$A$6, Lists!$D$6, G827=Lists!$A$7, Lists!$D$7, G827=Lists!$A$8, Lists!$D$8, G827=Lists!$A$9, Lists!$D$9, G827=Lists!$A$10, Lists!$D$10, TRUE, \"\")","v":""}]
[810,null,null,null,null,null,null,{"$f":"_xlfn.IFS(G828=Lists!$A$2, Lists!$D$2, G828=Lists!$A$3, Lists!$D$3, G828=Lists!$A$4, Lists!$D$4, G828=Lists!$A$5, Lists!$D$5,G828=Lists!$A$6, Lists!$D$6, G828=Lists!$A$7, Lists!$D$7, G828=Lists!$A$8, Lists!$D$8, G828=Lists!$A$9, Lists!$D$9, G828=Lists!$A$10, Lists!$D$10, TRUE, \"\")","v":""}]
[811,null,null,null,null,null,null,{"$f":"_xlfn.IFS(G829=Lists!$A$2, Lists!$D$2, G829=Lists!$A$3, Lists!$D$3, G829=Lists!$A$4, Lists!$D$4, G829=Lists!$A$5, Lists!$D$5,G829=Lists!$A$6, Lists!$D$6, G829=Lists!$A$7, Lists!$D$7, G829=Lists!$A$8, Lists!$D$8, G829=Lists!$A$9, Lists!$D$9, G829=Lists!$A$10, Lists!$D$10, TRUE, \"\")","v":""}]
[812,null,null,null,null,null,null,{"$f":"_xlfn.IFS(G830=Lists!$A$2, Lists!$D$2, G830=Lists!$A$3, Lists!$D$3, G830=Lists!$A$4, Lists!$D$4, G830=Lists!$A$5, Lists!$D$5,G830=Lists!$A$6, Lists!$D$6, G830=Lists!$A$7, Lists!$D$7, G830=Lists!$A$8, Lists!$D$8, G830=Lists!$A$9, Lists!$D$9, G830=Lists!$A$10, Lists!$D$10, TRUE, \"\")","v":""}]
[813,null,null,null,null,null,null,{"$f":"_xlfn.IFS(G831=Lists!$A$2, Lists!$D$2, G831=Lists!$A$3, Lists!$D$3, G831=Lists!$A$4, Lists!$D$4, G831=Lists!$A$5, Lists!$D$5,G831=Lists!$A$6, Lists!$D$6, G831=Lists!$A$7, Lists!$D$7, G831=Lists!$A$8, Lists!$D$8, G831=Lists!$A$9, Lists!$D$9, G831=Lists!$A$10, Lists!$D$10, TRUE, \"\")","v":""}]
[814,null,null,null,null,null,null,{"$f":"_xlfn.IFS(G832=Lists!$A$2, Lists!$D$2, G832=Lists!$A$3, Lists!$D$3, G832=Lists!$A$4, Lists!$D$4, G832=Lists!$A$5, Lists!$D$5,G832=Lists!$A$6, Lists!$D$6, G832=Lists!$A$7, Lists!$D$7, G832=Lists!$A$8, Lists!$D$8, G832=Lists!$A$9, Lists!$D$9, G832=Lists!$A$10, Lists!$D$10, TRUE, \"\")","v":""}]
[815,null,null,null,null,null,null,{"$f":"_xlfn.IFS(G833=Lists!$A$2, Lists!$D$2, G833=Lists!$A$3, Lists!$D$3, G833=Lists!$A$4, Lists!$D$4, G833=Lists!$A$5, Lists!$D$5,G833=Lists!$A$6, Lists!$D$6, G833=Lists!$A$7, Lists!$D$7, G833=Lists!$A$8, Lists!$D$8, G833=Lists!$A$9, Lists!$D$9, G833=Lists!$A$10, Lists!$D$10, TRUE, \"\")","v":""}]
[816,null,null,null,null,null,null,{"$f":"_xlfn.IFS(G834=Lists!$A$2, Lists!$D$2, G834=Lists!$A$3, Lists!$D$3, G834=Lists!$A$4, Lists!$D$4, G834=Lists!$A$5, Lists!$D$5,G834=Lists!$A$6, Lists!$D$6, G834=Lists!$A$7, Lists!$D$7, G834=Lists!$A$8, Lists!$D$8, G834=Lists!$A$9, Lists!$D$9, G834=Lists!$A$10, Lists!$D$10, TRUE, \"\")","v":""}]
[817,null,null,null,null,null,null,{"$f":"_xlfn.IFS(G835=Lists!$A$2, Lists!$D$2, G835=Lists!$A$3, Lists!$D$3, G835=Lists!$A$4, Lists!$D$4, G835=Lists!$A$5, Lists!$D$5,G835=Lists!$A$6, Lists!$D$6, G835=Lists!$A$7, Lists!$D$7, G835=Lists!$A$8, Lists!$D$8, G835=Lists!$A$9, Lists!$D$9, G835=Lists!$A$10, Lists!$D$10, TRUE, \"\")","v":""}]
[818,null,null,null,null,null,null,{"$f":"_xlfn.IFS(G836=Lists!$A$2, Lists!$D$2, G836=Lists!$A$3, Lists!$D$3, G836=Lists!$A$4, Lists!$D$4, G836=Lists!$A$5, Lists!$D$5,G836=Lists!$A$6, Lists!$D$6, G836=Lists!$A$7, Lists!$D$7, G836=Lists!$A$8, Lists!$D$8, G836=Lists!$A$9, Lists!$D$9, G836=Lists!$A$10, Lists!$D$10, TRUE, \"\")","v":""}]
[819,null,null,null,null,null,null,{"$f":"_xlfn.IFS(G837=Lists!$A$2, Lists!$D$2, G837=Lists!$A$3, Lists!$D$3, G837=Lists!$A$4, Lists!$D$4, G837=Lists!$A$5, Lists!$D$5,G837=Lists!$A$6, Lists!$D$6, G837=Lists!$A$7, Lists!$D$7, G837=Lists!$A$8, Lists!$D$8, G837=Lists!$A$9, Lists!$D$9, G837=Lists!$A$10, Lists!$D$10, TRUE, \"\")","v":""}]
[820,null,null,null,null,null,null,{"$f":"_xlfn.IFS(G838=Lists!$A$2, Lists!$D$2, G838=Lists!$A$3, Lists!$D$3, G838=Lists!$A$4, Lists!$D$4, G838=Lists!$A$5, Lists!$D$5,G838=Lists!$A$6, Lists!$D$6, G838=Lists!$A$7, Lists!$D$7, G838=Lists!$A$8, Lists!$D$8, G838=Lists!$A$9, Lists!$D$9, G838=Lists!$A$10, Lists!$D$10, TRUE, \"\")","v":""}]
[821,null,null,null,null,null,null,{"$f":"_xlfn.IFS(G839=Lists!$A$2, Lists!$D$2, G839=Lists!$A$3, Lists!$D$3, G839=Lists!$A$4, Lists!$D$4, G839=Lists!$A$5, Lists!$D$5,G839=Lists!$A$6, Lists!$D$6, G839=Lists!$A$7, Lists!$D$7, G839=Lists!$A$8, Lists!$D$8, G839=Lists!$A$9, Lists!$D$9, G839=Lists!$A$10, Lists!$D$10, TRUE, \"\")","v":""}]
[822,null,null,null,null,null,null,{"$f":"_xlfn.IFS(G840=Lists!$A$2, Lists!$D$2, G840=Lists!$A$3, Lists!$D$3, G840=Lists!$A$4, Lists!$D$4, G840=Lists!$A$5, Lists!$D$5,G840=Lists!$A$6, Lists!$D$6, G840=Lists!$A$7, Lists!$D$7, G840=Lists!$A$8, Lists!$D$8, G840=Lists!$A$9, Lists!$D$9, G840=Lists!$A$10, Lists!$D$10, TRUE, \"\")","v":""}]
[823,null,null,null,null,null,null,{"$f":"_xlfn.IFS(G841=Lists!$A$2, Lists!$D$2, G841=Lists!$A$3, Lists!$D$3, G841=Lists!$A$4, Lists!$D$4, G841=Lists!$A$5, Lists!$D$5,G841=Lists!$A$6, Lists!$D$6, G841=Lists!$A$7, Lists!$D$7, G841=Lists!$A$8, Lists!$D$8, G841=Lists!$A$9, Lists!$D$9, G841=Lists!$A$10, Lists!$D$10, TRUE, \"\")","v":""}]
[824,null,null,null,null,null,null,{"$f":"_xlfn.IFS(G842=Lists!$A$2, Lists!$D$2, G842=Lists!$A$3, Lists!$D$3, G842=Lists!$A$4, Lists!$D$4, G842=Lists!$A$5, Lists!$D$5,G842=Lists!$A$6, Lists!$D$6, G842=Lists!$A$7, Lists!$D$7, G842=Lists!$A$8, Lists!$D$8, G842=Lists!$A$9, Lists!$D$9, G842=Lists!$A$10, Lists!$D$10, TRUE, \"\")","v":""}]
[825,null,null,null,null,null,null,{"$f":"_xlfn.IFS(G843=Lists!$A$2, Lists!$D$2, G843=Lists!$A$3, Lists!$D$3, G843=Lists!$A$4, Lists!$D$4, G843=Lists!$A$5, Lists!$D$5,G843=Lists!$A$6, Lists!$D$6, G843=Lists!$A$7, Lists!$D$7, G843=Lists!$A$8, Lists!$D$8, G843=Lists!$A$9, Lists!$D$9, G843=Lists!$A$10, Lists!$D$10, TRUE, \"\")","v":""}]
[826,null,null,null,null,null,null,{"$f":"_xlfn.IFS(G844=Lists!$A$2, Lists!$D$2, G844=Lists!$A$3, Lists!$D$3, G844=Lists!$A$4, Lists!$D$4, G844=Lists!$A$5, Lists!$D$5,G844=Lists!$A$6, Lists!$D$6, G844=Lists!$A$7, Lists!$D$7, G844=Lists!$A$8, Lists!$D$8, G844=Lists!$A$9, Lists!$D$9, G844=Lists!$A$10, Lists!$D$10, TRUE, \"\")","v":""}]
[827,null,null,null,null,null,null,{"$f":"_xlfn.IFS(G845=Lists!$A$2, Lists!$D$2, G845=Lists!$A$3, Lists!$D$3, G845=Lists!$A$4, Lists!$D$4, G845=Lists!$A$5, Lists!$D$5,G845=Lists!$A$6, Lists!$D$6, G845=Lists!$A$7, Lists!$D$7, G845=Lists!$A$8, Lists!$D$8, G845=Lists!$A$9, Lists!$D$9, G845=Lists!$A$10, Lists!$D$10, TRUE, \"\")","v":""}]
[828,null,null,null,null,null,null,{"$f":"_xlfn.IFS(G846=Lists!$A$2, Lists!$D$2, G846=Lists!$A$3, Lists!$D$3, G846=Lists!$A$4, Lists!$D$4, G846=Lists!$A$5, Lists!$D$5,G846=Lists!$A$6, Lists!$D$6, G846=Lists!$A$7, Lists!$D$7, G846=Lists!$A$8, Lists!$D$8, G846=Lists!$A$9, Lists!$D$9, G846=Lists!$A$10, Lists!$D$10, TRUE, \"\")","v":""}]
[829,null,null,null,null,null,null,{"$f":"_xlfn.IFS(G847=Lists!$A$2, Lists!$D$2, G847=Lists!$A$3, Lists!$D$3, G847=Lists!$A$4, Lists!$D$4, G847=Lists!$A$5, Lists!$D$5,G847=Lists!$A$6, Lists!$D$6, G847=Lists!$A$7, Lists!$D$7, G847=Lists!$A$8, Lists!$D$8, G847=Lists!$A$9, Lists!$D$9, G847=Lists!$A$10, Lists!$D$10, TRUE, \"\")","v":""}]
[830,null,null,null,null,null,null,{"$f":"_xlfn.IFS(G848=Lists!$A$2, Lists!$D$2, G848=Lists!$A$3, Lists!$D$3, G848=Lists!$A$4, Lists!$D$4, G848=Lists!$A$5, Lists!$D$5,G848=Lists!$A$6, Lists!$D$6, G848=Lists!$A$7, Lists!$D$7, G848=Lists!$A$8, Lists!$D$8, G848=Lists!$A$9, Lists!$D$9, G848=Lists!$A$10, Lists!$D$10, TRUE, \"\")","v":""}]
[831,null,null,null,null,null,null,{"$f":"_xlfn.IFS(G849=Lists!$A$2, Lists!$D$2, G849=Lists!$A$3, Lists!$D$3, G849=Lists!$A$4, Lists!$D$4, G849=Lists!$A$5, Lists!$D$5,G849=Lists!$A$6, Lists!$D$6, G849=Lists!$A$7, Lists!$D$7, G849=Lists!$A$8, Lists!$D$8, G849=Lists!$A$9, Lists!$D$9, G849=Lists!$A$10, Lists!$D$10, TRUE, \"\")","v":""}]
[832,null,null,null,null,null,null,{"$f":"_xlfn.IFS(G850=Lists!$A$2, Lists!$D$2, G850=Lists!$A$3, Lists!$D$3, G850=Lists!$A$4, Lists!$D$4, G850=Lists!$A$5, Lists!$D$5,G850=Lists!$A$6, Lists!$D$6, G850=Lists!$A$7, Lists!$D$7, G850=Lists!$A$8, Lists!$D$8, G850=Lists!$A$9, Lists!$D$9, G850=Lists!$A$10, Lists!$D$10, TRUE, \"\")","v":""}]
[833,null,null,null,null,null,null,{"$f":"_xlfn.IFS(G851=Lists!$A$2, Lists!$D$2, G851=Lists!$A$3, Lists!$D$3, G851=Lists!$A$4, Lists!$D$4, G851=Lists!$A$5, Lists!$D$5,G851=Lists!$A$6, Lists!$D$6, G851=Lists!$A$7, Lists!$D$7, G851=Lists!$A$8, Lists!$D$8, G851=Lists!$A$9, Lists!$D$9, G851=Lists!$A$10, Lists!$D$10, TRUE, \"\")","v":""}]
[834,null,null,null,null,null,null,{"$f":"_xlfn.IFS(G852=Lists!$A$2, Lists!$D$2, G852=Lists!$A$3, Lists!$D$3, G852=Lists!$A$4, Lists!$D$4, G852=Lists!$A$5, Lists!$D$5,G852=Lists!$A$6, Lists!$D$6, G852=Lists!$A$7, Lists!$D$7, G852=Lists!$A$8, Lists!$D$8, G852=Lists!$A$9, Lists!$D$9, G852=Lists!$A$10, Lists!$D$10, TRUE, \"\")","v":""}]
[835,null,null,null,null,null,null,{"$f":"_xlfn.IFS(G853=Lists!$A$2, Lists!$D$2, G853=Lists!$A$3, Lists!$D$3, G853=Lists!$A$4, Lists!$D$4, G853=Lists!$A$5, Lists!$D$5,G853=Lists!$A$6, Lists!$D$6, G853=Lists!$A$7, Lists!$D$7, G853=Lists!$A$8, Lists!$D$8, G853=Lists!$A$9, Lists!$D$9, G853=Lists!$A$10, Lists!$D$10, TRUE, \"\")","v":""}]
[836,null,null,null,null,null,null,{"$f":"_xlfn.IFS(G854=Lists!$A$2, Lists!$D$2, G854=Lists!$A$3, Lists!$D$3, G854=Lists!$A$4, Lists!$D$4, G854=Lists!$A$5, Lists!$D$5,G854=Lists!$A$6, Lists!$D$6, G854=Lists!$A$7, Lists!$D$7, G854=Lists!$A$8, Lists!$D$8, G854=Lists!$A$9, Lists!$D$9, G854=Lists!$A$10, Lists!$D$10, TRUE, \"\")","v":""}]
[837,null,null,null,null,null,null,{"$f":"_xlfn.IFS(G855=Lists!$A$2, Lists!$D$2, G855=Lists!$A$3, Lists!$D$3, G855=Lists!$A$4, Lists!$D$4, G855=Lists!$A$5, Lists!$D$5,G855=Lists!$A$6, Lists!$D$6, G855=Lists!$A$7, Lists!$D$7, G855=Lists!$A$8, Lists!$D$8, G855=Lists!$A$9, Lists!$D$9, G855=Lists!$A$10, Lists!$D$10, TRUE, \"\")","v":""}]
[838,null,null,null,null,null,null,{"$f":"_xlfn.IFS(G856=Lists!$A$2, Lists!$D$2, G856=Lists!$A$3, Lists!$D$3, G856=Lists!$A$4, Lists!$D$4, G856=Lists!$A$5, Lists!$D$5,G856=Lists!$A$6, Lists!$D$6, G856=Lists!$A$7, Lists!$D$7, G856=Lists!$A$8, Lists!$D$8, G856=Lists!$A$9, Lists!$D$9, G856=Lists!$A$10, Lists!$D$10, TRUE, \"\")","v":""}]
[839,null,null,null,null,null,null,{"$f":"_xlfn.IFS(G857=Lists!$A$2, Lists!$D$2, G857=Lists!$A$3, Lists!$D$3, G857=Lists!$A$4, Lists!$D$4, G857=Lists!$A$5, Lists!$D$5,G857=Lists!$A$6, Lists!$D$6, G857=Lists!$A$7, Lists!$D$7, G857=Lists!$A$8, Lists!$D$8, G857=Lists!$A$9, Lists!$D$9, G857=Lists!$A$10, Lists!$D$10, TRUE, \"\")","v":""}]
[840,null,null,null,null,null,null,{"$f":"_xlfn.IFS(G858=Lists!$A$2, Lists!$D$2, G858=Lists!$A$3, Lists!$D$3, G858=Lists!$A$4, Lists!$D$4, G858=Lists!$A$5, Lists!$D$5,G858=Lists!$A$6, Lists!$D$6, G858=Lists!$A$7, Lists!$D$7, G858=Lists!$A$8, Lists!$D$8, G858=Lists!$A$9, Lists!$D$9, G858=Lists!$A$10, Lists!$D$10, TRUE, \"\")","v":""}]
[841,null,null,null,null,null,null,{"$f":"_xlfn.IFS(G859=Lists!$A$2, Lists!$D$2, G859=Lists!$A$3, Lists!$D$3, G859=Lists!$A$4, Lists!$D$4, G859=Lists!$A$5, Lists!$D$5,G859=Lists!$A$6, Lists!$D$6, G859=Lists!$A$7, Lists!$D$7, G859=Lists!$A$8, Lists!$D$8, G859=Lists!$A$9, Lists!$D$9, G859=Lists!$A$10, Lists!$D$10, TRUE, \"\")","v":""}]
[842,null,null,null,null,null,null,{"$f":"_xlfn.IFS(G860=Lists!$A$2, Lists!$D$2, G860=Lists!$A$3, Lists!$D$3, G860=Lists!$A$4, Lists!$D$4, G860=Lists!$A$5, Lists!$D$5,G860=Lists!$A$6, Lists!$D$6, G860=Lists!$A$7, Lists!$D$7, G860=Lists!$A$8, Lists!$D$8, G860=Lists!$A$9, Lists!$D$9, G860=Lists!$A$10, Lists!$D$10, TRUE, \"\")","v":""}]
[843,null,null,null,null,null,null,{"$f":"_xlfn.IFS(G861=Lists!$A$2, Lists!$D$2, G861=Lists!$A$3, Lists!$D$3, G861=Lists!$A$4, Lists!$D$4, G861=Lists!$A$5, Lists!$D$5,G861=Lists!$A$6, Lists!$D$6, G861=Lists!$A$7, Lists!$D$7, G861=Lists!$A$8, Lists!$D$8, G861=Lists!$A$9, Lists!$D$9, G861=Lists!$A$10, Lists!$D$10, TRUE, \"\")","v":""}]
[844,null,null,null,null,null,null,{"$f":"_xlfn.IFS(G862=Lists!$A$2, Lists!$D$2, G862=Lists!$A$3, Lists!$D$3, G862=Lists!$A$4, Lists!$D$4, G862=Lists!$A$5, Lists!$D$5,G862=Lists!$A$6, Lists!$D$6, G862=Lists!$A$7, Lists!$D$7, G862=Lists!$A$8, Lists!$D$8, G862=Lists!$A$9, Lists!$D$9, G862=Lists!$A$10, Lists!$D$10, TRUE, \"\")","v":""}]
[845,null,null,null,null,null,null,{"$f":"_xlfn.IFS(G863=Lists!$A$2, Lists!$D$2, G863=Lists!$A$3, Lists!$D$3, G863=Lists!$A$4, Lists!$D$4, G863=Lists!$A$5, Lists!$D$5,G863=Lists!$A$6, Lists!$D$6, G863=Lists!$A$7, Lists!$D$7, G863=Lists!$A$8, Lists!$D$8, G863=Lists!$A$9, Lists!$D$9, G863=Lists!$A$10, Lists!$D$10, TRUE, \"\")","v":""}]
[846,null,null,null,null,null,null,{"$f":"_xlfn.IFS(G864=Lists!$A$2, Lists!$D$2, G864=Lists!$A$3, Lists!$D$3, G864=Lists!$A$4, Lists!$D$4, G864=Lists!$A$5, Lists!$D$5,G864=Lists!$A$6, Lists!$D$6, G864=Lists!$A$7, Lists!$D$7, G864=Lists!$A$8, Lists!$D$8, G864=Lists!$A$9, Lists!$D$9, G864=Lists!$A$10, Lists!$D$10, TRUE, \"\")","v":""}]
[847,null,null,null,null,null,null,{"$f":"_xlfn.IFS(G865=Lists!$A$2, Lists!$D$2, G865=Lists!$A$3, Lists!$D$3, G865=Lists!$A$4, Lists!$D$4, G865=Lists!$A$5, Lists!$D$5,G865=Lists!$A$6, Lists!$D$6, G865=Lists!$A$7, Lists!$D$7, G865=Lists!$A$8, Lists!$D$8, G865=Lists!$A$9, Lists!$D$9, G865=Lists!$A$10, Lists!$D$10, TRUE, \"\")","v":""}]
[848,null,null,null,null,null,null,{"$f":"_xlfn.IFS(G866=Lists!$A$2, Lists!$D$2, G866=Lists!$A$3, Lists!$D$3, G866=Lists!$A$4, Lists!$D$4, G866=Lists!$A$5, Lists!$D$5,G866=Lists!$A$6, Lists!$D$6, G866=Lists!$A$7, Lists!$D$7, G866=Lists!$A$8, Lists!$D$8, G866=Lists!$A$9, Lists!$D$9, G866=Lists!$A$10, Lists!$D$10, TRUE, \"\")","v":""}]
[849,null,null,null,null,null,null,{"$f":"_xlfn.IFS(G867=Lists!$A$2, Lists!$D$2, G867=Lists!$A$3, Lists!$D$3, G867=Lists!$A$4, Lists!$D$4, G867=Lists!$A$5, Lists!$D$5,G867=Lists!$A$6, Lists!$D$6, G867=Lists!$A$7, Lists!$D$7, G867=Lists!$A$8, Lists!$D$8, G867=Lists!$A$9, Lists!$D$9, G867=Lists!$A$10, Lists!$D$10, TRUE, \"\")","v":""}]
[850,null,null,null,null,null,null,{"$f":"_xlfn.IFS(G868=Lists!$A$2, Lists!$D$2, G868=Lists!$A$3, Lists!$D$3, G868=Lists!$A$4, Lists!$D$4, G868=Lists!$A$5, Lists!$D$5,G868=Lists!$A$6, Lists!$D$6, G868=Lists!$A$7, Lists!$D$7, G868=Lists!$A$8, Lists!$D$8, G868=Lists!$A$9, Lists!$D$9, G868=Lists!$A$10, Lists!$D$10, TRUE, \"\")","v":""}]
[851,null,null,null,null,null,null,{"$f":"_xlfn.IFS(G869=Lists!$A$2, Lists!$D$2, G869=Lists!$A$3, Lists!$D$3, G869=Lists!$A$4, Lists!$D$4, G869=Lists!$A$5, Lists!$D$5,G869=Lists!$A$6, Lists!$D$6, G869=Lists!$A$7, Lists!$D$7, G869=Lists!$A$8, Lists!$D$8, G869=Lists!$A$9, Lists!$D$9, G869=Lists!$A$10, Lists!$D$10, TRUE, \"\")","v":""}]
[852,null,null,null,null,null,null,{"$f":"_xlfn.IFS(G870=Lists!$A$2, Lists!$D$2, G870=Lists!$A$3, Lists!$D$3, G870=Lists!$A$4, Lists!$D$4, G870=Lists!$A$5, Lists!$D$5,G870=Lists!$A$6, Lists!$D$6, G870=Lists!$A$7, Lists!$D$7, G870=Lists!$A$8, Lists!$D$8, G870=Lists!$A$9, Lists!$D$9, G870=Lists!$A$10, Lists!$D$10, TRUE, \"\")","v":""}]
[853,null,null,null,null,null,null,{"$f":"_xlfn.IFS(G871=Lists!$A$2, Lists!$D$2, G871=Lists!$A$3, Lists!$D$3, G871=Lists!$A$4, Lists!$D$4, G871=Lists!$A$5, Lists!$D$5,G871=Lists!$A$6, Lists!$D$6, G871=Lists!$A$7, Lists!$D$7, G871=Lists!$A$8, Lists!$D$8, G871=Lists!$A$9, Lists!$D$9, G871=Lists!$A$10, Lists!$D$10, TRUE, \"\")","v":""}]
[854,null,null,null,null,null,null,{"$f":"_xlfn.IFS(G872=Lists!$A$2, Lists!$D$2, G872=Lists!$A$3, Lists!$D$3, G872=Lists!$A$4, Lists!$D$4, G872=Lists!$A$5, Lists!$D$5,G872=Lists!$A$6, Lists!$D$6, G872=Lists!$A$7, Lists!$D$7, G872=Lists!$A$8, Lists!$D$8, G872=Lists!$A$9, Lists!$D$9, G872=Lists!$A$10, Lists!$D$10, TRUE, \"\")","v":""}]
[855,null,null,null,null,null,null,{"$f":"_xlfn.IFS(G873=Lists!$A$2, Lists!$D$2, G873=Lists!$A$3, Lists!$D$3, G873=Lists!$A$4, Lists!$D$4, G873=Lists!$A$5, Lists!$D$5,G873=Lists!$A$6, Lists!$D$6, G873=Lists!$A$7, Lists!$D$7, G873=Lists!$A$8, Lists!$D$8, G873=Lists!$A$9, Lists!$D$9, G873=Lists!$A$10, Lists!$D$10, TRUE, \"\")","v":""}]
[856,null,null,null,null,null,null,{"$f":"_xlfn.IFS(G874=Lists!$A$2, Lists!$D$2, G874=Lists!$A$3, Lists!$D$3, G874=Lists!$A$4, Lists!$D$4, G874=Lists!$A$5, Lists!$D$5,G874=Lists!$A$6, Lists!$D$6, G874=Lists!$A$7, Lists!$D$7, G874=Lists!$A$8, Lists!$D$8, G874=Lists!$A$9, Lists!$D$9, G874=Lists!$A$10, Lists!$D$10, TRUE, \"\")","v":""}]
[857,null,null,null,null,null,null,{"$f":"_xlfn.IFS(G875=Lists!$A$2, Lists!$D$2, G875=Lists!$A$3, Lists!$D$3, G875=Lists!$A$4, Lists!$D$4, G875=Lists!$A$5, Lists!$D$5,G875=Lists!$A$6, Lists!$D$6, G875=Lists!$A$7, Lists!$D$7, G875=Lists!$A$8, Lists!$D$8, G875=Lists!$A$9, Lists!$D$9, G875=Lists!$A$10, Lists!$D$10, TRUE, \"\")","v":""}]
[858,null,null,null,null,null,null,{"$f":"_xlfn.IFS(G876=Lists!$A$2, Lists!$D$2, G876=Lists!$A$3, Lists!$D$3, G876=Lists!$A$4, Lists!$D$4, G876=Lists!$A$5, Lists!$D$5,G876=Lists!$A$6, Lists!$D$6, G876=Lists!$A$7, Lists!$D$7, G876=Lists!$A$8, Lists!$D$8, G876=Lists!$A$9, Lists!$D$9, G876=Lists!$A$10, Lists!$D$10, TRUE, \"\")","v":""}]
[859,null,null,null,null,null,null,{"$f":"_xlfn.IFS(G877=Lists!$A$2, Lists!$D$2, G877=Lists!$A$3, Lists!$D$3, G877=Lists!$A$4, Lists!$D$4, G877=Lists!$A$5, Lists!$D$5,G877=Lists!$A$6, Lists!$D$6, G877=Lists!$A$7, Lists!$D$7, G877=Lists!$A$8, Lists!$D$8, G877=Lists!$A$9, Lists!$D$9, G877=Lists!$A$10, Lists!$D$10, TRUE, \"\")","v":""}]
[860,null,null,null,null,null,null,{"$f":"_xlfn.IFS(G878=Lists!$A$2, Lists!$D$2, G878=Lists!$A$3, Lists!$D$3, G878=Lists!$A$4, Lists!$D$4, G878=Lists!$A$5, Lists!$D$5,G878=Lists!$A$6, Lists!$D$6, G878=Lists!$A$7, Lists!$D$7, G878=Lists!$A$8, Lists!$D$8, G878=Lists!$A$9, Lists!$D$9, G878=Lists!$A$10, Lists!$D$10, TRUE, \"\")","v":""}]
[861,null,null,null,null,null,null,{"$f":"_xlfn.IFS(G879=Lists!$A$2, Lists!$D$2, G879=Lists!$A$3, Lists!$D$3, G879=Lists!$A$4, Lists!$D$4, G879=Lists!$A$5, Lists!$D$5,G879=Lists!$A$6, Lists!$D$6, G879=Lists!$A$7, Lists!$D$7, G879=Lists!$A$8, Lists!$D$8, G879=Lists!$A$9, Lists!$D$9, G879=Lists!$A$10, Lists!$D$10, TRUE, \"\")","v":""}]
[862,null,null,null,null,null,null,{"$f":"_xlfn.IFS(G880=Lists!$A$2, Lists!$D$2, G880=Lists!$A$3, Lists!$D$3, G880=Lists!$A$4, Lists!$D$4, G880=Lists!$A$5, Lists!$D$5,G880=Lists!$A$6, Lists!$D$6, G880=Lists!$A$7, Lists!$D$7, G880=Lists!$A$8, Lists!$D$8, G880=Lists!$A$9, Lists!$D$9, G880=Lists!$A$10, Lists!$D$10, TRUE, \"\")","v":""}]
[863,null,null,null,null,null,null,{"$f":"_xlfn.IFS(G881=Lists!$A$2, Lists!$D$2, G881=Lists!$A$3, Lists!$D$3, G881=Lists!$A$4, Lists!$D$4, G881=Lists!$A$5, Lists!$D$5,G881=Lists!$A$6, Lists!$D$6, G881=Lists!$A$7, Lists!$D$7, G881=Lists!$A$8, Lists!$D$8, G881=Lists!$A$9, Lists!$D$9, G881=Lists!$A$10, Lists!$D$10, TRUE, \"\")","v":""}]
[864,null,null,null,null,null,null,{"$f":"_xlfn.IFS(G882=Lists!$A$2, Lists!$D$2, G882=Lists!$A$3, Lists!$D$3, G882=Lists!$A$4, Lists!$D$4, G882=Lists!$A$5, Lists!$D$5,G882=Lists!$A$6, Lists!$D$6, G882=Lists!$A$7, Lists!$D$7, G882=Lists!$A$8, Lists!$D$8, G882=Lists!$A$9, Lists!$D$9, G882=Lists!$A$10, Lists!$D$10, TRUE, \"\")","v":""}]
[865,null,null,null,null,null,null,{"$f":"_xlfn.IFS(G883=Lists!$A$2, Lists!$D$2, G883=Lists!$A$3, Lists!$D$3, G883=Lists!$A$4, Lists!$D$4, G883=Lists!$A$5, Lists!$D$5,G883=Lists!$A$6, Lists!$D$6, G883=Lists!$A$7, Lists!$D$7, G883=Lists!$A$8, Lists!$D$8, G883=Lists!$A$9, Lists!$D$9, G883=Lists!$A$10, Lists!$D$10, TRUE, \"\")","v":""}]
[866,null,null,null,null,null,null,{"$f":"_xlfn.IFS(G884=Lists!$A$2, Lists!$D$2, G884=Lists!$A$3, Lists!$D$3, G884=Lists!$A$4, Lists!$D$4, G884=Lists!$A$5, Lists!$D$5,G884=Lists!$A$6, Lists!$D$6, G884=Lists!$A$7, Lists!$D$7, G884=Lists!$A$8, Lists!$D$8, G884=Lists!$A$9, Lists!$D$9, G884=Lists!$A$10, Lists!$D$10, TRUE, \"\")","v":""}]
[867,null,null,null,null,null,null,{"$f":"_xlfn.IFS(G885=Lists!$A$2, Lists!$D$2, G885=Lists!$A$3, Lists!$D$3, G885=Lists!$A$4, Lists!$D$4, G885=Lists!$A$5, Lists!$D$5,G885=Lists!$A$6, Lists!$D$6, G885=Lists!$A$7, Lists!$D$7, G885=Lists!$A$8, Lists!$D$8, G885=Lists!$A$9, Lists!$D$9, G885=Lists!$A$10, Lists!$D$10, TRUE, \"\")","v":""}]
[868,null,null,null,null,null,null,{"$f":"_xlfn.IFS(G886=Lists!$A$2, Lists!$D$2, G886=Lists!$A$3, Lists!$D$3, G886=Lists!$A$4, Lists!$D$4, G886=Lists!$A$5, Lists!$D$5,G886=Lists!$A$6, Lists!$D$6, G886=Lists!$A$7, Lists!$D$7, G886=Lists!$A$8, Lists!$D$8, G886=Lists!$A$9, Lists!$D$9, G886=Lists!$A$10, Lists!$D$10, TRUE, \"\")","v":""}]
[869,null,null,null,null,null,null,{"$f":"_xlfn.IFS(G887=Lists!$A$2, Lists!$D$2, G887=Lists!$A$3, Lists!$D$3, G887=Lists!$A$4, Lists!$D$4, G887=Lists!$A$5, Lists!$D$5,G887=Lists!$A$6, Lists!$D$6, G887=Lists!$A$7, Lists!$D$7, G887=Lists!$A$8, Lists!$D$8, G887=Lists!$A$9, Lists!$D$9, G887=Lists!$A$10, Lists!$D$10, TRUE, \"\")","v":""}]
[870,null,null,null,null,null,null,{"$f":"_xlfn.IFS(G888=Lists!$A$2, Lists!$D$2, G888=Lists!$A$3, Lists!$D$3, G888=Lists!$A$4, Lists!$D$4, G888=Lists!$A$5, Lists!$D$5,G888=Lists!$A$6, Lists!$D$6, G888=Lists!$A$7, Lists!$D$7, G888=Lists!$A$8, Lists!$D$8, G888=Lists!$A$9, Lists!$D$9, G888=Lists!$A$10, Lists!$D$10, TRUE, \"\")","v":""}]
[871,null,null,null,null,null,null,{"$f":"_xlfn.IFS(G889=Lists!$A$2, Lists!$D$2, G889=Lists!$A$3, Lists!$D$3, G889=Lists!$A$4, Lists!$D$4, G889=Lists!$A$5, Lists!$D$5,G889=Lists!$A$6, Lists!$D$6, G889=Lists!$A$7, Lists!$D$7, G889=Lists!$A$8, Lists!$D$8, G889=Lists!$A$9, Lists!$D$9, G889=Lists!$A$10, Lists!$D$10, TRUE, \"\")","v":""}]
[872,null,null,null,null,null,null,{"$f":"_xlfn.IFS(G890=Lists!$A$2, Lists!$D$2, G890=Lists!$A$3, Lists!$D$3, G890=Lists!$A$4, Lists!$D$4, G890=Lists!$A$5, Lists!$D$5,G890=Lists!$A$6, Lists!$D$6, G890=Lists!$A$7, Lists!$D$7, G890=Lists!$A$8, Lists!$D$8, G890=Lists!$A$9, Lists!$D$9, G890=Lists!$A$10, Lists!$D$10, TRUE, \"\")","v":""}]
[873,null,null,null,null,null,null,{"$f":"_xlfn.IFS(G891=Lists!$A$2, Lists!$D$2, G891=Lists!$A$3, Lists!$D$3, G891=Lists!$A$4, Lists!$D$4, G891=Lists!$A$5, Lists!$D$5,G891=Lists!$A$6, Lists!$D$6, G891=Lists!$A$7, Lists!$D$7, G891=Lists!$A$8, Lists!$D$8, G891=Lists!$A$9, Lists!$D$9, G891=Lists!$A$10, Lists!$D$10, TRUE, \"\")","v":""}]
[874,null,null,null,null,null,null,{"$f":"_xlfn.IFS(G892=Lists!$A$2, Lists!$D$2, G892=Lists!$A$3, Lists!$D$3, G892=Lists!$A$4, Lists!$D$4, G892=Lists!$A$5, Lists!$D$5,G892=Lists!$A$6, Lists!$D$6, G892=Lists!$A$7, Lists!$D$7, G892=Lists!$A$8, Lists!$D$8, G892=Lists!$A$9, Lists!$D$9, G892=Lists!$A$10, Lists!$D$10, TRUE, \"\")","v":""}]
[875,null,null,null,null,null,null,{"$f":"_xlfn.IFS(G893=Lists!$A$2, Lists!$D$2, G893=Lists!$A$3, Lists!$D$3, G893=Lists!$A$4, Lists!$D$4, G893=Lists!$A$5, Lists!$D$5,G893=Lists!$A$6, Lists!$D$6, G893=Lists!$A$7, Lists!$D$7, G893=Lists!$A$8, Lists!$D$8, G893=Lists!$A$9, Lists!$D$9, G893=Lists!$A$10, Lists!$D$10, TRUE, \"\")","v":""}]
[876,null,null,null,null,null,null,{"$f":"_xlfn.IFS(G894=Lists!$A$2, Lists!$D$2, G894=Lists!$A$3, Lists!$D$3, G894=Lists!$A$4, Lists!$D$4, G894=Lists!$A$5, Lists!$D$5,G894=Lists!$A$6, Lists!$D$6, G894=Lists!$A$7, Lists!$D$7, G894=Lists!$A$8, Lists!$D$8, G894=Lists!$A$9, Lists!$D$9, G894=Lists!$A$10, Lists!$D$10, TRUE, \"\")","v":""}]
[877,null,null,null,null,null,null,{"$f":"_xlfn.IFS(G895=Lists!$A$2, Lists!$D$2, G895=Lists!$A$3, Lists!$D$3, G895=Lists!$A$4, Lists!$D$4, G895=Lists!$A$5, Lists!$D$5,G895=Lists!$A$6, Lists!$D$6, G895=Lists!$A$7, Lists!$D$7, G895=Lists!$A$8, Lists!$D$8, G895=Lists!$A$9, Lists!$D$9, G895=Lists!$A$10, Lists!$D$10, TRUE, \"\")","v":""}]
[878,null,null,null,null,null,null,{"$f":"_xlfn.IFS(G896=Lists!$A$2, Lists!$D$2, G896=Lists!$A$3, Lists!$D$3, G896=Lists!$A$4, Lists!$D$4, G896=Lists!$A$5, Lists!$D$5,G896=Lists!$A$6, Lists!$D$6, G896=Lists!$A$7, Lists!$D$7, G896=Lists!$A$8, Lists!$D$8, G896=Lists!$A$9, Lists!$D$9, G896=Lists!$A$10, Lists!$D$10, TRUE, \"\")","v":""}]
[879,null,null,null,null,null,null,{"$f":"_xlfn.IFS(G897=Lists!$A$2, Lists!$D$2, G897=Lists!$A$3, Lists!$D$3, G897=Lists!$A$4, Lists!$D$4, G897=Lists!$A$5, Lists!$D$5,G897=Lists!$A$6, Lists!$D$6, G897=Lists!$A$7, Lists!$D$7, G897=Lists!$A$8, Lists!$D$8, G897=Lists!$A$9, Lists!$D$9, G897=Lists!$A$10, Lists!$D$10, TRUE, \"\")","v":""}]
[880,null,null,null,null,null,null,{"$f":"_xlfn.IFS(G898=Lists!$A$2, Lists!$D$2, G898=Lists!$A$3, Lists!$D$3, G898=Lists!$A$4, Lists!$D$4, G898=Lists!$A$5, Lists!$D$5,G898=Lists!$A$6, Lists!$D$6, G898=Lists!$A$7, Lists!$D$7, G898=Lists!$A$8, Lists!$D$8, G898=Lists!$A$9, Lists!$D$9, G898=Lists!$A$10, Lists!$D$10, TRUE, \"\")","v":""}]
[881,null,null,null,null,null,null,{"$f":"_xlfn.IFS(G899=Lists!$A$2, Lists!$D$2, G899=Lists!$A$3, Lists!$D$3, G899=Lists!$A$4, Lists!$D$4, G899=Lists!$A$5, Lists!$D$5,G899=Lists!$A$6, Lists!$D$6, G899=Lists!$A$7, Lists!$D$7, G899=Lists!$A$8, Lists!$D$8, G899=Lists!$A$9, Lists!$D$9, G899=Lists!$A$10, Lists!$D$10, TRUE, \"\")","v":""}]
[882,null,null,null,null,null,null,{"$f":"_xlfn.IFS(G900=Lists!$A$2, Lists!$D$2, G900=Lists!$A$3, Lists!$D$3, G900=Lists!$A$4, Lists!$D$4, G900=Lists!$A$5, Lists!$D$5,G900=Lists!$A$6, Lists!$D$6, G900=Lists!$A$7, Lists!$D$7, G900=Lists!$A$8, Lists!$D$8, G900=Lists!$A$9, Lists!$D$9, G900=Lists!$A$10, Lists!$D$10, TRUE, \"\")","v":""}]
[883,null,null,null,null,null,null,{"$f":"_xlfn.IFS(G901=Lists!$A$2, Lists!$D$2, G901=Lists!$A$3, Lists!$D$3, G901=Lists!$A$4, Lists!$D$4, G901=Lists!$A$5, Lists!$D$5,G901=Lists!$A$6, Lists!$D$6, G901=Lists!$A$7, Lists!$D$7, G901=Lists!$A$8, Lists!$D$8, G901=Lists!$A$9, Lists!$D$9, G901=Lists!$A$10, Lists!$D$10, TRUE, \"\")","v":""}]
[884,null,null,null,null,null,null,{"$f":"_xlfn.IFS(G902=Lists!$A$2, Lists!$D$2, G902=Lists!$A$3, Lists!$D$3, G902=Lists!$A$4, Lists!$D$4, G902=Lists!$A$5, Lists!$D$5,G902=Lists!$A$6, Lists!$D$6, G902=Lists!$A$7, Lists!$D$7, G902=Lists!$A$8, Lists!$D$8, G902=Lists!$A$9, Lists!$D$9, G902=Lists!$A$10, Lists!$D$10, TRUE, \"\")","v":""}]
[885,null,null,null,null,null,null,{"$f":"_xlfn.IFS(G903=Lists!$A$2, Lists!$D$2, G903=Lists!$A$3, Lists!$D$3, G903=Lists!$A$4, Lists!$D$4, G903=Lists!$A$5, Lists!$D$5,G903=Lists!$A$6, Lists!$D$6, G903=Lists!$A$7, Lists!$D$7, G903=Lists!$A$8, Lists!$D$8, G903=Lists!$A$9, Lists!$D$9, G903=Lists!$A$10, Lists!$D$10, TRUE, \"\")","v":""}]
[886,null,null,null,null,null,null,{"$f":"_xlfn.IFS(G904=Lists!$A$2, Lists!$D$2, G904=Lists!$A$3, Lists!$D$3, G904=Lists!$A$4, Lists!$D$4, G904=Lists!$A$5, Lists!$D$5,G904=Lists!$A$6, Lists!$D$6, G904=Lists!$A$7, Lists!$D$7, G904=Lists!$A$8, Lists!$D$8, G904=Lists!$A$9, Lists!$D$9, G904=Lists!$A$10, Lists!$D$10, TRUE, \"\")","v":""}]
[887,null,null,null,null,null,null,{"$f":"_xlfn.IFS(G905=Lists!$A$2, Lists!$D$2, G905=Lists!$A$3, Lists!$D$3, G905=Lists!$A$4, Lists!$D$4, G905=Lists!$A$5, Lists!$D$5,G905=Lists!$A$6, Lists!$D$6, G905=Lists!$A$7, Lists!$D$7, G905=Lists!$A$8, Lists!$D$8, G905=Lists!$A$9, Lists!$D$9, G905=Lists!$A$10, Lists!$D$10, TRUE, \"\")","v":""}]
[888,null,null,null,null,null,null,{"$f":"_xlfn.IFS(G906=Lists!$A$2, Lists!$D$2, G906=Lists!$A$3, Lists!$D$3, G906=Lists!$A$4, Lists!$D$4, G906=Lists!$A$5, Lists!$D$5,G906=Lists!$A$6, Lists!$D$6, G906=Lists!$A$7, Lists!$D$7, G906=Lists!$A$8, Lists!$D$8, G906=Lists!$A$9, Lists!$D$9, G906=Lists!$A$10, Lists!$D$10, TRUE, \"\")","v":""}]
[889,null,null,null,null,null,null,{"$f":"_xlfn.IFS(G907=Lists!$A$2, Lists!$D$2, G907=Lists!$A$3, Lists!$D$3, G907=Lists!$A$4, Lists!$D$4, G907=Lists!$A$5, Lists!$D$5,G907=Lists!$A$6, Lists!$D$6, G907=Lists!$A$7, Lists!$D$7, G907=Lists!$A$8, Lists!$D$8, G907=Lists!$A$9, Lists!$D$9, G907=Lists!$A$10, Lists!$D$10, TRUE, \"\")","v":""}]
[890,null,null,null,null,null,null,{"$f":"_xlfn.IFS(G908=Lists!$A$2, Lists!$D$2, G908=Lists!$A$3, Lists!$D$3, G908=Lists!$A$4, Lists!$D$4, G908=Lists!$A$5, Lists!$D$5,G908=Lists!$A$6, Lists!$D$6, G908=Lists!$A$7, Lists!$D$7, G908=Lists!$A$8, Lists!$D$8, G908=Lists!$A$9, Lists!$D$9, G908=Lists!$A$10, Lists!$D$10, TRUE, \"\")","v":""}]
[891,null,null,null,null,null,null,{"$f":"_xlfn.IFS(G909=Lists!$A$2, Lists!$D$2, G909=Lists!$A$3, Lists!$D$3, G909=Lists!$A$4, Lists!$D$4, G909=Lists!$A$5, Lists!$D$5,G909=Lists!$A$6, Lists!$D$6, G909=Lists!$A$7, Lists!$D$7, G909=Lists!$A$8, Lists!$D$8, G909=Lists!$A$9, Lists!$D$9, G909=Lists!$A$10, Lists!$D$10, TRUE, \"\")","v":""}]
[892,null,null,null,null,null,null,{"$f":"_xlfn.IFS(G910=Lists!$A$2, Lists!$D$2, G910=Lists!$A$3, Lists!$D$3, G910=Lists!$A$4, Lists!$D$4, G910=Lists!$A$5, Lists!$D$5,G910=Lists!$A$6, Lists!$D$6, G910=Lists!$A$7, Lists!$D$7, G910=Lists!$A$8, Lists!$D$8, G910=Lists!$A$9, Lists!$D$9, G910=Lists!$A$10, Lists!$D$10, TRUE, \"\")","v":""}]
[893,null,null,null,null,null,null,{"$f":"_xlfn.IFS(G911=Lists!$A$2, Lists!$D$2, G911=Lists!$A$3, Lists!$D$3, G911=Lists!$A$4, Lists!$D$4, G911=Lists!$A$5, Lists!$D$5,G911=Lists!$A$6, Lists!$D$6, G911=Lists!$A$7, Lists!$D$7, G911=Lists!$A$8, Lists!$D$8, G911=Lists!$A$9, Lists!$D$9, G911=Lists!$A$10, Lists!$D$10, TRUE, \"\")","v":""}]
[894,null,null,null,null,null,null,{"$f":"_xlfn.IFS(G912=Lists!$A$2, Lists!$D$2, G912=Lists!$A$3, Lists!$D$3, G912=Lists!$A$4, Lists!$D$4, G912=Lists!$A$5, Lists!$D$5,G912=Lists!$A$6, Lists!$D$6, G912=Lists!$A$7, Lists!$D$7, G912=Lists!$A$8, Lists!$D$8, G912=Lists!$A$9, Lists!$D$9, G912=Lists!$A$10, Lists!$D$10, TRUE, \"\")","v":""}]
[895,null,null,null,null,null,null,{"$f":"_xlfn.IFS(G913=Lists!$A$2, Lists!$D$2, G913=Lists!$A$3, Lists!$D$3, G913=Lists!$A$4, Lists!$D$4, G913=Lists!$A$5, Lists!$D$5,G913=Lists!$A$6, Lists!$D$6, G913=Lists!$A$7, Lists!$D$7, G913=Lists!$A$8, Lists!$D$8, G913=Lists!$A$9, Lists!$D$9, G913=Lists!$A$10, Lists!$D$10, TRUE, \"\")","v":""}]
[896,null,null,null,null,null,null,{"$f":"_xlfn.IFS(G914=Lists!$A$2, Lists!$D$2, G914=Lists!$A$3, Lists!$D$3, G914=Lists!$A$4, Lists!$D$4, G914=Lists!$A$5, Lists!$D$5,G914=Lists!$A$6, Lists!$D$6, G914=Lists!$A$7, Lists!$D$7, G914=Lists!$A$8, Lists!$D$8, G914=Lists!$A$9, Lists!$D$9, G914=Lists!$A$10, Lists!$D$10, TRUE, \"\")","v":""}]
[897,null,null,null,null,null,null,{"$f":"_xlfn.IFS(G915=Lists!$A$2, Lists!$D$2, G915=Lists!$A$3, Lists!$D$3, G915=Lists!$A$4, Lists!$D$4, G915=Lists!$A$5, Lists!$D$5,G915=Lists!$A$6, Lists!$D$6, G915=Lists!$A$7, Lists!$D$7, G915=Lists!$A$8, Lists!$D$8, G915=Lists!$A$9, Lists!$D$9, G915=Lists!$A$10, Lists!$D$10, TRUE, \"\")","v":""}]
[898,null,null,null,null,null,null,{"$f":"_xlfn.IFS(G916=Lists!$A$2, Lists!$D$2, G916=Lists!$A$3, Lists!$D$3, G916=Lists!$A$4, Lists!$D$4, G916=Lists!$A$5, Lists!$D$5,G916=Lists!$A$6, Lists!$D$6, G916=Lists!$A$7, Lists!$D$7, G916=Lists!$A$8, Lists!$D$8, G916=Lists!$A$9, Lists!$D$9, G916=Lists!$A$10, Lists!$D$10, TRUE, \"\")","v":""}]
[899,null,null,null,null,null,null,{"$f":"_xlfn.IFS(G917=Lists!$A$2, Lists!$D$2, G917=Lists!$A$3, Lists!$D$3, G917=Lists!$A$4, Lists!$D$4, G917=Lists!$A$5, Lists!$D$5,G917=Lists!$A$6, Lists!$D$6, G917=Lists!$A$7, Lists!$D$7, G917=Lists!$A$8, Lists!$D$8, G917=Lists!$A$9, Lists!$D$9, G917=Lists!$A$10, Lists!$D$10, TRUE, \"\")","v":""}]
[900,null,null,null,null,null,null,{"$f":"_xlfn.IFS(G918=Lists!$A$2, Lists!$D$2, G918=Lists!$A$3, Lists!$D$3, G918=Lists!$A$4, Lists!$D$4, G918=Lists!$A$5, Lists!$D$5,G918=Lists!$A$6, Lists!$D$6, G918=Lists!$A$7, Lists!$D$7, G918=Lists!$A$8, Lists!$D$8, G918=Lists!$A$9, Lists!$D$9, G918=Lists!$A$10, Lists!$D$10, TRUE, \"\")","v":""}]
[901,null,null,null,null,null,null,{"$f":"_xlfn.IFS(G919=Lists!$A$2, Lists!$D$2, G919=Lists!$A$3, Lists!$D$3, G919=Lists!$A$4, Lists!$D$4, G919=Lists!$A$5, Lists!$D$5,G919=Lists!$A$6, Lists!$D$6, G919=Lists!$A$7, Lists!$D$7, G919=Lists!$A$8, Lists!$D$8, G919=Lists!$A$9, Lists!$D$9, G919=Lists!$A$10, Lists!$D$10, TRUE, \"\")","v":""}]
[902,null,null,null,null,null,null,{"$f":"_xlfn.IFS(G920=Lists!$A$2, Lists!$D$2, G920=Lists!$A$3, Lists!$D$3, G920=Lists!$A$4, Lists!$D$4, G920=Lists!$A$5, Lists!$D$5,G920=Lists!$A$6, Lists!$D$6, G920=Lists!$A$7, Lists!$D$7, G920=Lists!$A$8, Lists!$D$8, G920=Lists!$A$9, Lists!$D$9, G920=Lists!$A$10, Lists!$D$10, TRUE, \"\")","v":""}]
[903,null,null,null,null,null,null,{"$f":"_xlfn.IFS(G921=Lists!$A$2, Lists!$D$2, G921=Lists!$A$3, Lists!$D$3, G921=Lists!$A$4, Lists!$D$4, G921=Lists!$A$5, Lists!$D$5,G921=Lists!$A$6, Lists!$D$6, G921=Lists!$A$7, Lists!$D$7, G921=Lists!$A$8, Lists!$D$8, G921=Lists!$A$9, Lists!$D$9, G921=Lists!$A$10, Lists!$D$10, TRUE, \"\")","v":""}]
[904,null,null,null,null,null,null,{"$f":"_xlfn.IFS(G922=Lists!$A$2, Lists!$D$2, G922=Lists!$A$3, Lists!$D$3, G922=Lists!$A$4, Lists!$D$4, G922=Lists!$A$5, Lists!$D$5,G922=Lists!$A$6, Lists!$D$6, G922=Lists!$A$7, Lists!$D$7, G922=Lists!$A$8, Lists!$D$8, G922=Lists!$A$9, Lists!$D$9, G922=Lists!$A$10, Lists!$D$10, TRUE, \"\")","v":""}]
[905,null,null,null,null,null,null,{"$f":"_xlfn.IFS(G923=Lists!$A$2, Lists!$D$2, G923=Lists!$A$3, Lists!$D$3, G923=Lists!$A$4, Lists!$D$4, G923=Lists!$A$5, Lists!$D$5,G923=Lists!$A$6, Lists!$D$6, G923=Lists!$A$7, Lists!$D$7, G923=Lists!$A$8, Lists!$D$8, G923=Lists!$A$9, Lists!$D$9, G923=Lists!$A$10, Lists!$D$10, TRUE, \"\")","v":""}]
[906,null,null,null,null,null,null,{"$f":"_xlfn.IFS(G924=Lists!$A$2, Lists!$D$2, G924=Lists!$A$3, Lists!$D$3, G924=Lists!$A$4, Lists!$D$4, G924=Lists!$A$5, Lists!$D$5,G924=Lists!$A$6, Lists!$D$6, G924=Lists!$A$7, Lists!$D$7, G924=Lists!$A$8, Lists!$D$8, G924=Lists!$A$9, Lists!$D$9, G924=Lists!$A$10, Lists!$D$10, TRUE, \"\")","v":""}]
[907,null,null,null,null,null,null,{"$f":"_xlfn.IFS(G925=Lists!$A$2, Lists!$D$2, G925=Lists!$A$3, Lists!$D$3, G925=Lists!$A$4, Lists!$D$4, G925=Lists!$A$5, Lists!$D$5,G925=Lists!$A$6, Lists!$D$6, G925=Lists!$A$7, Lists!$D$7, G925=Lists!$A$8, Lists!$D$8, G925=Lists!$A$9, Lists!$D$9, G925=Lists!$A$10, Lists!$D$10, TRUE, \"\")","v":""}]
[908,null,null,null,null,null,null,{"$f":"_xlfn.IFS(G926=Lists!$A$2, Lists!$D$2, G926=Lists!$A$3, Lists!$D$3, G926=Lists!$A$4, Lists!$D$4, G926=Lists!$A$5, Lists!$D$5,G926=Lists!$A$6, Lists!$D$6, G926=Lists!$A$7, Lists!$D$7, G926=Lists!$A$8, Lists!$D$8, G926=Lists!$A$9, Lists!$D$9, G926=Lists!$A$10, Lists!$D$10, TRUE, \"\")","v":""}]
[909,null,null,null,null,null,null,{"$f":"_xlfn.IFS(G927=Lists!$A$2, Lists!$D$2, G927=Lists!$A$3, Lists!$D$3, G927=Lists!$A$4, Lists!$D$4, G927=Lists!$A$5, Lists!$D$5,G927=Lists!$A$6, Lists!$D$6, G927=Lists!$A$7, Lists!$D$7, G927=Lists!$A$8, Lists!$D$8, G927=Lists!$A$9, Lists!$D$9, G927=Lists!$A$10, Lists!$D$10, TRUE, \"\")","v":""}]
[910,null,null,null,null,null,null,{"$f":"_xlfn.IFS(G928=Lists!$A$2, Lists!$D$2, G928=Lists!$A$3, Lists!$D$3, G928=Lists!$A$4, Lists!$D$4, G928=Lists!$A$5, Lists!$D$5,G928=Lists!$A$6, Lists!$D$6, G928=Lists!$A$7, Lists!$D$7, G928=Lists!$A$8, Lists!$D$8, G928=Lists!$A$9, Lists!$D$9, G928=Lists!$A$10, Lists!$D$10, TRUE, \"\")","v":""}]
[911,null,null,null,null,null,null,{"$f":"_xlfn.IFS(G929=Lists!$A$2, Lists!$D$2, G929=Lists!$A$3, Lists!$D$3, G929=Lists!$A$4, Lists!$D$4, G929=Lists!$A$5, Lists!$D$5,G929=Lists!$A$6, Lists!$D$6, G929=Lists!$A$7, Lists!$D$7, G929=Lists!$A$8, Lists!$D$8, G929=Lists!$A$9, Lists!$D$9, G929=Lists!$A$10, Lists!$D$10, TRUE, \"\")","v":""}]
[912,null,null,null,null,null,null,{"$f":"_xlfn.IFS(G930=Lists!$A$2, Lists!$D$2, G930=Lists!$A$3, Lists!$D$3, G930=Lists!$A$4, Lists!$D$4, G930=Lists!$A$5, Lists!$D$5,G930=Lists!$A$6, Lists!$D$6, G930=Lists!$A$7, Lists!$D$7, G930=Lists!$A$8, Lists!$D$8, G930=Lists!$A$9, Lists!$D$9, G930=Lists!$A$10, Lists!$D$10, TRUE, \"\")","v":""}]
[913,null,null,null,null,null,null,{"$f":"_xlfn.IFS(G931=Lists!$A$2, Lists!$D$2, G931=Lists!$A$3, Lists!$D$3, G931=Lists!$A$4, Lists!$D$4, G931=Lists!$A$5, Lists!$D$5,G931=Lists!$A$6, Lists!$D$6, G931=Lists!$A$7, Lists!$D$7, G931=Lists!$A$8, Lists!$D$8, G931=Lists!$A$9, Lists!$D$9, G931=Lists!$A$10, Lists!$D$10, TRUE, \"\")","v":""}]
[914,null,null,null,null,null,null,{"$f":"_xlfn.IFS(G932=Lists!$A$2, Lists!$D$2, G932=Lists!$A$3, Lists!$D$3, G932=Lists!$A$4, Lists!$D$4, G932=Lists!$A$5, Lists!$D$5,G932=Lists!$A$6, Lists!$D$6, G932=Lists!$A$7, Lists!$D$7, G932=Lists!$A$8, Lists!$D$8, G932=Lists!$A$9, Lists!$D$9, G932=Lists!$A$10, Lists!$D$10, TRUE, \"\")","v":""}]
[915,null,null,null,null,null,null,{"$f":"_xlfn.IFS(G933=Lists!$A$2, Lists!$D$2, G933=Lists!$A$3, Lists!$D$3, G933=Lists!$A$4, Lists!$D$4, G933=Lists!$A$5, Lists!$D$5,G933=Lists!$A$6, Lists!$D$6, G933=Lists!$A$7, Lists!$D$7, G933=Lists!$A$8, Lists!$D$8, G933=Lists!$A$9, Lists!$D$9, G933=Lists!$A$10, Lists!$D$10, TRUE, \"\")","v":""}]
[916,null,null,null,null,null,null,{"$f":"_xlfn.IFS(G934=Lists!$A$2, Lists!$D$2, G934=Lists!$A$3, Lists!$D$3, G934=Lists!$A$4, Lists!$D$4, G934=Lists!$A$5, Lists!$D$5,G934=Lists!$A$6, Lists!$D$6, G934=Lists!$A$7, Lists!$D$7, G934=Lists!$A$8, Lists!$D$8, G934=Lists!$A$9, Lists!$D$9, G934=Lists!$A$10, Lists!$D$10, TRUE, \"\")","v":""}]
[917,null,null,null,null,null,null,{"$f":"_xlfn.IFS(G935=Lists!$A$2, Lists!$D$2, G935=Lists!$A$3, Lists!$D$3, G935=Lists!$A$4, Lists!$D$4, G935=Lists!$A$5, Lists!$D$5,G935=Lists!$A$6, Lists!$D$6, G935=Lists!$A$7, Lists!$D$7, G935=Lists!$A$8, Lists!$D$8, G935=Lists!$A$9, Lists!$D$9, G935=Lists!$A$10, Lists!$D$10, TRUE, \"\")","v":""}]
[918,null,null,null,null,null,null,{"$f":"_xlfn.IFS(G936=Lists!$A$2, Lists!$D$2, G936=Lists!$A$3, Lists!$D$3, G936=Lists!$A$4, Lists!$D$4, G936=Lists!$A$5, Lists!$D$5,G936=Lists!$A$6, Lists!$D$6, G936=Lists!$A$7, Lists!$D$7, G936=Lists!$A$8, Lists!$D$8, G936=Lists!$A$9, Lists!$D$9, G936=Lists!$A$10, Lists!$D$10, TRUE, \"\")","v":""}]
[919,null,null,null,null,null,null,{"$f":"_xlfn.IFS(G937=Lists!$A$2, Lists!$D$2, G937=Lists!$A$3, Lists!$D$3, G937=Lists!$A$4, Lists!$D$4, G937=Lists!$A$5, Lists!$D$5,G937=Lists!$A$6, Lists!$D$6, G937=Lists!$A$7, Lists!$D$7, G937=Lists!$A$8, Lists!$D$8, G937=Lists!$A$9, Lists!$D$9, G937=Lists!$A$10, Lists!$D$10, TRUE, \"\")","v":""}]
[920,null,null,null,null,null,null,{"$f":"_xlfn.IFS(G938=Lists!$A$2, Lists!$D$2, G938=Lists!$A$3, Lists!$D$3, G938=Lists!$A$4, Lists!$D$4, G938=Lists!$A$5, Lists!$D$5,G938=Lists!$A$6, Lists!$D$6, G938=Lists!$A$7, Lists!$D$7, G938=Lists!$A$8, Lists!$D$8, G938=Lists!$A$9, Lists!$D$9, G938=Lists!$A$10, Lists!$D$10, TRUE, \"\")","v":""}]
[921,null,null,null,null,null,null,{"$f":"_xlfn.IFS(G939=Lists!$A$2, Lists!$D$2, G939=Lists!$A$3, Lists!$D$3, G939=Lists!$A$4, Lists!$D$4, G939=Lists!$A$5, Lists!$D$5,G939=Lists!$A$6, Lists!$D$6, G939=Lists!$A$7, Lists!$D$7, G939=Lists!$A$8, Lists!$D$8, G939=Lists!$A$9, Lists!$D$9, G939=Lists!$A$10, Lists!$D$10, TRUE, \"\")","v":""}]
[922,null,null,null,null,null,null,{"$f":"_xlfn.IFS(G940=Lists!$A$2, Lists!$D$2, G940=Lists!$A$3, Lists!$D$3, G940=Lists!$A$4, Lists!$D$4, G940=Lists!$A$5, Lists!$D$5,G940=Lists!$A$6, Lists!$D$6, G940=Lists!$A$7, Lists!$D$7, G940=Lists!$A$8, Lists!$D$8, G940=Lists!$A$9, Lists!$D$9, G940=Lists!$A$10, Lists!$D$10, TRUE, \"\")","v":""}]
[923,null,null,null,null,null,null,{"$f":"_xlfn.IFS(G941=Lists!$A$2, Lists!$D$2, G941=Lists!$A$3, Lists!$D$3, G941=Lists!$A$4, Lists!$D$4, G941=Lists!$A$5, Lists!$D$5,G941=Lists!$A$6, Lists!$D$6, G941=Lists!$A$7, Lists!$D$7, G941=Lists!$A$8, Lists!$D$8, G941=Lists!$A$9, Lists!$D$9, G941=Lists!$A$10, Lists!$D$10, TRUE, \"\")","v":""}]
[924,null,null,null,null,null,null,{"$f":"_xlfn.IFS(G942=Lists!$A$2, Lists!$D$2, G942=Lists!$A$3, Lists!$D$3, G942=Lists!$A$4, Lists!$D$4, G942=Lists!$A$5, Lists!$D$5,G942=Lists!$A$6, Lists!$D$6, G942=Lists!$A$7, Lists!$D$7, G942=Lists!$A$8, Lists!$D$8, G942=Lists!$A$9, Lists!$D$9, G942=Lists!$A$10, Lists!$D$10, TRUE, \"\")","v":""}]
[925,null,null,null,null,null,null,{"$f":"_xlfn.IFS(G943=Lists!$A$2, Lists!$D$2, G943=Lists!$A$3, Lists!$D$3, G943=Lists!$A$4, Lists!$D$4, G943=Lists!$A$5, Lists!$D$5,G943=Lists!$A$6, Lists!$D$6, G943=Lists!$A$7, Lists!$D$7, G943=Lists!$A$8, Lists!$D$8, G943=Lists!$A$9, Lists!$D$9, G943=Lists!$A$10, Lists!$D$10, TRUE, \"\")","v":""}]
[926,null,null,null,null,null,null,{"$f":"_xlfn.IFS(G944=Lists!$A$2, Lists!$D$2, G944=Lists!$A$3, Lists!$D$3, G944=Lists!$A$4, Lists!$D$4, G944=Lists!$A$5, Lists!$D$5,G944=Lists!$A$6, Lists!$D$6, G944=Lists!$A$7, Lists!$D$7, G944=Lists!$A$8, Lists!$D$8, G944=Lists!$A$9, Lists!$D$9, G944=Lists!$A$10, Lists!$D$10, TRUE, \"\")","v":""}]
[927,null,null,null,null,null,null,{"$f":"_xlfn.IFS(G945=Lists!$A$2, Lists!$D$2, G945=Lists!$A$3, Lists!$D$3, G945=Lists!$A$4, Lists!$D$4, G945=Lists!$A$5, Lists!$D$5,G945=Lists!$A$6, Lists!$D$6, G945=Lists!$A$7, Lists!$D$7, G945=Lists!$A$8, Lists!$D$8, G945=Lists!$A$9, Lists!$D$9, G945=Lists!$A$10, Lists!$D$10, TRUE, \"\")","v":""}]
[928,null,null,null,null,null,null,{"$f":"_xlfn.IFS(G946=Lists!$A$2, Lists!$D$2, G946=Lists!$A$3, Lists!$D$3, G946=Lists!$A$4, Lists!$D$4, G946=Lists!$A$5, Lists!$D$5,G946=Lists!$A$6, Lists!$D$6, G946=Lists!$A$7, Lists!$D$7, G946=Lists!$A$8, Lists!$D$8, G946=Lists!$A$9, Lists!$D$9, G946=Lists!$A$10, Lists!$D$10, TRUE, \"\")","v":""}]
[929,null,null,null,null,null,null,{"$f":"_xlfn.IFS(G947=Lists!$A$2, Lists!$D$2, G947=Lists!$A$3, Lists!$D$3, G947=Lists!$A$4, Lists!$D$4, G947=Lists!$A$5, Lists!$D$5,G947=Lists!$A$6, Lists!$D$6, G947=Lists!$A$7, Lists!$D$7, G947=Lists!$A$8, Lists!$D$8, G947=Lists!$A$9, Lists!$D$9, G947=Lists!$A$10, Lists!$D$10, TRUE, \"\")","v":""}]
[930,null,null,null,null,null,null,{"$f":"_xlfn.IFS(G948=Lists!$A$2, Lists!$D$2, G948=Lists!$A$3, Lists!$D$3, G948=Lists!$A$4, Lists!$D$4, G948=Lists!$A$5, Lists!$D$5,G948=Lists!$A$6, Lists!$D$6, G948=Lists!$A$7, Lists!$D$7, G948=Lists!$A$8, Lists!$D$8, G948=Lists!$A$9, Lists!$D$9, G948=Lists!$A$10, Lists!$D$10, TRUE, \"\")","v":""}]
[931,null,null,null,null,null,null,{"$f":"_xlfn.IFS(G949=Lists!$A$2, Lists!$D$2, G949=Lists!$A$3, Lists!$D$3, G949=Lists!$A$4, Lists!$D$4, G949=Lists!$A$5, Lists!$D$5,G949=Lists!$A$6, Lists!$D$6, G949=Lists!$A$7, Lists!$D$7, G949=Lists!$A$8, Lists!$D$8, G949=Lists!$A$9, Lists!$D$9, G949=Lists!$A$10, Lists!$D$10, TRUE, \"\")","v":""}]
[932,null,null,null,null,null,null,{"$f":"_xlfn.IFS(G950=Lists!$A$2, Lists!$D$2, G950=Lists!$A$3, Lists!$D$3, G950=Lists!$A$4, Lists!$D$4, G950=Lists!$A$5, Lists!$D$5,G950=Lists!$A$6, Lists!$D$6, G950=Lists!$A$7, Lists!$D$7, G950=Lists!$A$8, Lists!$D$8, G950=Lists!$A$9, Lists!$D$9, G950=Lists!$A$10, Lists!$D$10, TRUE, \"\")","v":""}]
[933,null,null,null,null,null,null,{"$f":"_xlfn.IFS(G951=Lists!$A$2, Lists!$D$2, G951=Lists!$A$3, Lists!$D$3, G951=Lists!$A$4, Lists!$D$4, G951=Lists!$A$5, Lists!$D$5,G951=Lists!$A$6, Lists!$D$6, G951=Lists!$A$7, Lists!$D$7, G951=Lists!$A$8, Lists!$D$8, G951=Lists!$A$9, Lists!$D$9, G951=Lists!$A$10, Lists!$D$10, TRUE, \"\")","v":""}]
[934,null,null,null,null,null,null,{"$f":"_xlfn.IFS(G952=Lists!$A$2, Lists!$D$2, G952=Lists!$A$3, Lists!$D$3, G952=Lists!$A$4, Lists!$D$4, G952=Lists!$A$5, Lists!$D$5,G952=Lists!$A$6, Lists!$D$6, G952=Lists!$A$7, Lists!$D$7, G952=Lists!$A$8, Lists!$D$8, G952=Lists!$A$9, Lists!$D$9, G952=Lists!$A$10, Lists!$D$10, TRUE, \"\")","v":""}]
[935,null,null,null,null,null,null,{"$f":"_xlfn.IFS(G953=Lists!$A$2, Lists!$D$2, G953=Lists!$A$3, Lists!$D$3, G953=Lists!$A$4, Lists!$D$4, G953=Lists!$A$5, Lists!$D$5,G953=Lists!$A$6, Lists!$D$6, G953=Lists!$A$7, Lists!$D$7, G953=Lists!$A$8, Lists!$D$8, G953=Lists!$A$9, Lists!$D$9, G953=Lists!$A$10, Lists!$D$10, TRUE, \"\")","v":""}]
[936,null,null,null,null,null,null,{"$f":"_xlfn.IFS(G954=Lists!$A$2, Lists!$D$2, G954=Lists!$A$3, Lists!$D$3, G954=Lists!$A$4, Lists!$D$4, G954=Lists!$A$5, Lists!$D$5,G954=Lists!$A$6, Lists!$D$6, G954=Lists!$A$7, Lists!$D$7, G954=Lists!$A$8, Lists!$D$8, G954=Lists!$A$9, Lists!$D$9, G954=Lists!$A$10, Lists!$D$10, TRUE, \"\")","v":""}]
[937,null,null,null,null,null,null,{"$f":"_xlfn.IFS(G955=Lists!$A$2, Lists!$D$2, G955=Lists!$A$3, Lists!$D$3, G955=Lists!$A$4, Lists!$D$4, G955=Lists!$A$5, Lists!$D$5,G955=Lists!$A$6, Lists!$D$6, G955=Lists!$A$7, Lists!$D$7, G955=Lists!$A$8, Lists!$D$8, G955=Lists!$A$9, Lists!$D$9, G955=Lists!$A$10, Lists!$D$10, TRUE, \"\")","v":""}]
[938,null,null,null,null,null,null,{"$f":"_xlfn.IFS(G956=Lists!$A$2, Lists!$D$2, G956=Lists!$A$3, Lists!$D$3, G956=Lists!$A$4, Lists!$D$4, G956=Lists!$A$5, Lists!$D$5,G956=Lists!$A$6, Lists!$D$6, G956=Lists!$A$7, Lists!$D$7, G956=Lists!$A$8, Lists!$D$8, G956=Lists!$A$9, Lists!$D$9, G956=Lists!$A$10, Lists!$D$10, TRUE, \"\")","v":""}]
[939,null,null,null,null,null,null,{"$f":"_xlfn.IFS(G957=Lists!$A$2, Lists!$D$2, G957=Lists!$A$3, Lists!$D$3, G957=Lists!$A$4, Lists!$D$4, G957=Lists!$A$5, Lists!$D$5,G957=Lists!$A$6, Lists!$D$6, G957=Lists!$A$7, Lists!$D$7, G957=Lists!$A$8, Lists!$D$8, G957=Lists!$A$9, Lists!$D$9, G957=Lists!$A$10, Lists!$D$10, TRUE, \"\")","v":""}]
[940,null,null,null,null,null,null,{"$f":"_xlfn.IFS(G958=Lists!$A$2, Lists!$D$2, G958=Lists!$A$3, Lists!$D$3, G958=Lists!$A$4, Lists!$D$4, G958=Lists!$A$5, Lists!$D$5,G958=Lists!$A$6, Lists!$D$6, G958=Lists!$A$7, Lists!$D$7, G958=Lists!$A$8, Lists!$D$8, G958=Lists!$A$9, Lists!$D$9, G958=Lists!$A$10, Lists!$D$10, TRUE, \"\")","v":""}]
[941,null,null,null,null,null,null,{"$f":"_xlfn.IFS(G959=Lists!$A$2, Lists!$D$2, G959=Lists!$A$3, Lists!$D$3, G959=Lists!$A$4, Lists!$D$4, G959=Lists!$A$5, Lists!$D$5,G959=Lists!$A$6, Lists!$D$6, G959=Lists!$A$7, Lists!$D$7, G959=Lists!$A$8, Lists!$D$8, G959=Lists!$A$9, Lists!$D$9, G959=Lists!$A$10, Lists!$D$10, TRUE, \"\")","v":""}]
[942,null,null,null,null,null,null,{"$f":"_xlfn.IFS(G960=Lists!$A$2, Lists!$D$2, G960=Lists!$A$3, Lists!$D$3, G960=Lists!$A$4, Lists!$D$4, G960=Lists!$A$5, Lists!$D$5,G960=Lists!$A$6, Lists!$D$6, G960=Lists!$A$7, Lists!$D$7, G960=Lists!$A$8, Lists!$D$8, G960=Lists!$A$9, Lists!$D$9, G960=Lists!$A$10, Lists!$D$10, TRUE, \"\")","v":""}]
[943,null,null,null,null,null,null,{"$f":"_xlfn.IFS(G961=Lists!$A$2, Lists!$D$2, G961=Lists!$A$3, Lists!$D$3, G961=Lists!$A$4, Lists!$D$4, G961=Lists!$A$5, Lists!$D$5,G961=Lists!$A$6, Lists!$D$6, G961=Lists!$A$7, Lists!$D$7, G961=Lists!$A$8, Lists!$D$8, G961=Lists!$A$9, Lists!$D$9, G961=Lists!$A$10, Lists!$D$10, TRUE, \"\")","v":""}]
[944,null,null,null,null,null,null,{"$f":"_xlfn.IFS(G962=Lists!$A$2, Lists!$D$2, G962=Lists!$A$3, Lists!$D$3, G962=Lists!$A$4, Lists!$D$4, G962=Lists!$A$5, Lists!$D$5,G962=Lists!$A$6, Lists!$D$6, G962=Lists!$A$7, Lists!$D$7, G962=Lists!$A$8, Lists!$D$8, G962=Lists!$A$9, Lists!$D$9, G962=Lists!$A$10, Lists!$D$10, TRUE, \"\")","v":""}]
[945,null,null,null,null,null,null,{"$f":"_xlfn.IFS(G963=Lists!$A$2, Lists!$D$2, G963=Lists!$A$3, Lists!$D$3, G963=Lists!$A$4, Lists!$D$4, G963=Lists!$A$5, Lists!$D$5,G963=Lists!$A$6, Lists!$D$6, G963=Lists!$A$7, Lists!$D$7, G963=Lists!$A$8, Lists!$D$8, G963=Lists!$A$9, Lists!$D$9, G963=Lists!$A$10, Lists!$D$10, TRUE, \"\")","v":""}]
[946,null,null,null,null,null,null,{"$f":"_xlfn.IFS(G964=Lists!$A$2, Lists!$D$2, G964=Lists!$A$3, Lists!$D$3, G964=Lists!$A$4, Lists!$D$4, G964=Lists!$A$5, Lists!$D$5,G964=Lists!$A$6, Lists!$D$6, G964=Lists!$A$7, Lists!$D$7, G964=Lists!$A$8, Lists!$D$8, G964=Lists!$A$9, Lists!$D$9, G964=Lists!$A$10, Lists!$D$10, TRUE, \"\")","v":""}]
[947,null,null,null,null,null,null,{"$f":"_xlfn.IFS(G965=Lists!$A$2, Lists!$D$2, G965=Lists!$A$3, Lists!$D$3, G965=Lists!$A$4, Lists!$D$4, G965=Lists!$A$5, Lists!$D$5,G965=Lists!$A$6, Lists!$D$6, G965=Lists!$A$7, Lists!$D$7, G965=Lists!$A$8, Lists!$D$8, G965=Lists!$A$9, Lists!$D$9, G965=Lists!$A$10, Lists!$D$10, TRUE, \"\")","v":""}]
[948,null,null,null,null,null,null,{"$f":"_xlfn.IFS(G966=Lists!$A$2, Lists!$D$2, G966=Lists!$A$3, Lists!$D$3, G966=Lists!$A$4, Lists!$D$4, G966=Lists!$A$5, Lists!$D$5,G966=Lists!$A$6, Lists!$D$6, G966=Lists!$A$7, Lists!$D$7, G966=Lists!$A$8, Lists!$D$8, G966=Lists!$A$9, Lists!$D$9, G966=Lists!$A$10, Lists!$D$10, TRUE, \"\")","v":""}]
[949,null,null,null,null,null,null,{"$f":"_xlfn.IFS(G967=Lists!$A$2, Lists!$D$2, G967=Lists!$A$3, Lists!$D$3, G967=Lists!$A$4, Lists!$D$4, G967=Lists!$A$5, Lists!$D$5,G967=Lists!$A$6, Lists!$D$6, G967=Lists!$A$7, Lists!$D$7, G967=Lists!$A$8, Lists!$D$8, G967=Lists!$A$9, Lists!$D$9, G967=Lists!$A$10, Lists!$D$10, TRUE, \"\")","v":""}]
[950,null,null,null,null,null,null,{"$f":"_xlfn.IFS(G968=Lists!$A$2, Lists!$D$2, G968=Lists!$A$3, Lists!$D$3, G968=Lists!$A$4, Lists!$D$4, G968=Lists!$A$5, Lists!$D$5,G968=Lists!$A$6, Lists!$D$6, G968=Lists!$A$7, Lists!$D$7, G968=Lists!$A$8, Lists!$D$8, G968=Lists!$A$9, Lists!$D$9, G968=Lists!$A$10, Lists!$D$10, TRUE, \"\")","v":""}]
[951,null,null,null,null,null,null,{"$f":"_xlfn.IFS(G969=Lists!$A$2, Lists!$D$2, G969=Lists!$A$3, Lists!$D$3, G969=Lists!$A$4, Lists!$D$4, G969=Lists!$A$5, Lists!$D$5,G969=Lists!$A$6, Lists!$D$6, G969=Lists!$A$7, Lists!$D$7, G969=Lists!$A$8, Lists!$D$8, G969=Lists!$A$9, Lists!$D$9, G969=Lists!$A$10, Lists!$D$10, TRUE, \"\")","v":""}]
[952,null,null,null,null,null,null,{"$f":"_xlfn.IFS(G970=Lists!$A$2, Lists!$D$2, G970=Lists!$A$3, Lists!$D$3, G970=Lists!$A$4, Lists!$D$4, G970=Lists!$A$5, Lists!$D$5,G970=Lists!$A$6, Lists!$D$6, G970=Lists!$A$7, Lists!$D$7, G970=Lists!$A$8, Lists!$D$8, G970=Lists!$A$9, Lists!$D$9, G970=Lists!$A$10, Lists!$D$10, TRUE, \"\")","v":""}]
[953,null,null,null,null,null,null,{"$f":"_xlfn.IFS(G971=Lists!$A$2, Lists!$D$2, G971=Lists!$A$3, Lists!$D$3, G971=Lists!$A$4, Lists!$D$4, G971=Lists!$A$5, Lists!$D$5,G971=Lists!$A$6, Lists!$D$6, G971=Lists!$A$7, Lists!$D$7, G971=Lists!$A$8, Lists!$D$8, G971=Lists!$A$9, Lists!$D$9, G971=Lists!$A$10, Lists!$D$10, TRUE, \"\")","v":""}]
[954,null,null,null,null,null,null,{"$f":"_xlfn.IFS(G972=Lists!$A$2, Lists!$D$2, G972=Lists!$A$3, Lists!$D$3, G972=Lists!$A$4, Lists!$D$4, G972=Lists!$A$5, Lists!$D$5,G972=Lists!$A$6, Lists!$D$6, G972=Lists!$A$7, Lists!$D$7, G972=Lists!$A$8, Lists!$D$8, G972=Lists!$A$9, Lists!$D$9, G972=Lists!$A$10, Lists!$D$10, TRUE, \"\")","v":""}]
[955,null,null,null,null,null,null,{"$f":"_xlfn.IFS(G973=Lists!$A$2, Lists!$D$2, G973=Lists!$A$3, Lists!$D$3, G973=Lists!$A$4, Lists!$D$4, G973=Lists!$A$5, Lists!$D$5,G973=Lists!$A$6, Lists!$D$6, G973=Lists!$A$7, Lists!$D$7, G973=Lists!$A$8, Lists!$D$8, G973=Lists!$A$9, Lists!$D$9, G973=Lists!$A$10, Lists!$D$10, TRUE, \"\")","v":""}]
[956,null,null,null,null,null,null,{"$f":"_xlfn.IFS(G974=Lists!$A$2, Lists!$D$2, G974=Lists!$A$3, Lists!$D$3, G974=Lists!$A$4, Lists!$D$4, G974=Lists!$A$5, Lists!$D$5,G974=Lists!$A$6, Lists!$D$6, G974=Lists!$A$7, Lists!$D$7, G974=Lists!$A$8, Lists!$D$8, G974=Lists!$A$9, Lists!$D$9, G974=Lists!$A$10, Lists!$D$10, TRUE, \"\")","v":""}]
[957,null,null,null,null,null,null,{"$f":"_xlfn.IFS(G975=Lists!$A$2, Lists!$D$2, G975=Lists!$A$3, Lists!$D$3, G975=Lists!$A$4, Lists!$D$4, G975=Lists!$A$5, Lists!$D$5,G975=Lists!$A$6, Lists!$D$6, G975=Lists!$A$7, Lists!$D$7, G975=Lists!$A$8, Lists!$D$8, G975=Lists!$A$9, Lists!$D$9, G975=Lists!$A$10, Lists!$D$10, TRUE, \"\")","v":""}]
[958,null,null,null,null,null,null,{"$f":"_xlfn.IFS(G976=Lists!$A$2, Lists!$D$2, G976=Lists!$A$3, Lists!$D$3, G976=Lists!$A$4, Lists!$D$4, G976=Lists!$A$5, Lists!$D$5,G976=Lists!$A$6, Lists!$D$6, G976=Lists!$A$7, Lists!$D$7, G976=Lists!$A$8, Lists!$D$8, G976=Lists!$A$9, Lists!$D$9, G976=Lists!$A$10, Lists!$D$10, TRUE, \"\")","v":""}]
[959,null,null,null,null,null,null,{"$f":"_xlfn.IFS(G977=Lists!$A$2, Lists!$D$2, G977=Lists!$A$3, Lists!$D$3, G977=Lists!$A$4, Lists!$D$4, G977=Lists!$A$5, Lists!$D$5,G977=Lists!$A$6, Lists!$D$6, G977=Lists!$A$7, Lists!$D$7, G977=Lists!$A$8, Lists!$D$8, G977=Lists!$A$9, Lists!$D$9, G977=Lists!$A$10, Lists!$D$10, TRUE, \"\")","v":""}]
[960,null,null,null,null,null,null,{"$f":"_xlfn.IFS(G978=Lists!$A$2, Lists!$D$2, G978=Lists!$A$3, Lists!$D$3, G978=Lists!$A$4, Lists!$D$4, G978=Lists!$A$5, Lists!$D$5,G978=Lists!$A$6, Lists!$D$6, G978=Lists!$A$7, Lists!$D$7, G978=Lists!$A$8, Lists!$D$8, G978=Lists!$A$9, Lists!$D$9, G978=Lists!$A$10, Lists!$D$10, TRUE, \"\")","v":""}]
[961,null,null,null,null,null,null,{"$f":"_xlfn.IFS(G979=Lists!$A$2, Lists!$D$2, G979=Lists!$A$3, Lists!$D$3, G979=Lists!$A$4, Lists!$D$4, G979=Lists!$A$5, Lists!$D$5,G979=Lists!$A$6, Lists!$D$6, G979=Lists!$A$7, Lists!$D$7, G979=Lists!$A$8, Lists!$D$8, G979=Lists!$A$9, Lists!$D$9, G979=Lists!$A$10, Lists!$D$10, TRUE, \"\")","v":""}]
[962,null,null,null,null,null,null,{"$f":"_xlfn.IFS(G980=Lists!$A$2, Lists!$D$2, G980=Lists!$A$3, Lists!$D$3, G980=Lists!$A$4, Lists!$D$4, G980=Lists!$A$5, Lists!$D$5,G980=Lists!$A$6, Lists!$D$6, G980=Lists!$A$7, Lists!$D$7, G980=Lists!$A$8, Lists!$D$8, G980=Lists!$A$9, Lists!$D$9, G980=Lists!$A$10, Lists!$D$10, TRUE, \"\")","v":""}]
[963,null,null,null,null,null,null,{"$f":"_xlfn.IFS(G981=Lists!$A$2, Lists!$D$2, G981=Lists!$A$3, Lists!$D$3, G981=Lists!$A$4, Lists!$D$4, G981=Lists!$A$5, Lists!$D$5,G981=Lists!$A$6, Lists!$D$6, G981=Lists!$A$7, Lists!$D$7, G981=Lists!$A$8, Lists!$D$8, G981=Lists!$A$9, Lists!$D$9, G981=Lists!$A$10, Lists!$D$10, TRUE, \"\")","v":""}]
[964,null,null,null,null,null,null,{"$f":"_xlfn.IFS(G982=Lists!$A$2, Lists!$D$2, G982=Lists!$A$3, Lists!$D$3, G982=Lists!$A$4, Lists!$D$4, G982=Lists!$A$5, Lists!$D$5,G982=Lists!$A$6, Lists!$D$6, G982=Lists!$A$7, Lists!$D$7, G982=Lists!$A$8, Lists!$D$8, G982=Lists!$A$9, Lists!$D$9, G982=Lists!$A$10, Lists!$D$10, TRUE, \"\")","v":""}]
[965,null,null,null,null,null,null,{"$f":"_xlfn.IFS(G983=Lists!$A$2, Lists!$D$2, G983=Lists!$A$3, Lists!$D$3, G983=Lists!$A$4, Lists!$D$4, G983=Lists!$A$5, Lists!$D$5,G983=Lists!$A$6, Lists!$D$6, G983=Lists!$A$7, Lists!$D$7, G983=Lists!$A$8, Lists!$D$8, G983=Lists!$A$9, Lists!$D$9, G983=Lists!$A$10, Lists!$D$10, TRUE, \"\")","v":""}]
[966,null,null,null,null,null,null,{"$f":"_xlfn.IFS(G984=Lists!$A$2, Lists!$D$2, G984=Lists!$A$3, Lists!$D$3, G984=Lists!$A$4, Lists!$D$4, G984=Lists!$A$5, Lists!$D$5,G984=Lists!$A$6, Lists!$D$6, G984=Lists!$A$7, Lists!$D$7, G984=Lists!$A$8, Lists!$D$8, G984=Lists!$A$9, Lists!$D$9, G984=Lists!$A$10, Lists!$D$10, TRUE, \"\")","v":""}]
[967,null,null,null,null,null,null,{"$f":"_xlfn.IFS(G985=Lists!$A$2, Lists!$D$2, G985=Lists!$A$3, Lists!$D$3, G985=Lists!$A$4, Lists!$D$4, G985=Lists!$A$5, Lists!$D$5,G985=Lists!$A$6, Lists!$D$6, G985=Lists!$A$7, Lists!$D$7, G985=Lists!$A$8, Lists!$D$8, G985=Lists!$A$9, Lists!$D$9, G985=Lists!$A$10, Lists!$D$10, TRUE, \"\")","v":""}]
[968,null,null,null,null,null,null,{"$f":"_xlfn.IFS(G986=Lists!$A$2, Lists!$D$2, G986=Lists!$A$3, Lists!$D$3, G986=Lists!$A$4, Lists!$D$4, G986=Lists!$A$5, Lists!$D$5,G986=Lists!$A$6, Lists!$D$6, G986=Lists!$A$7, Lists!$D$7, G986=Lists!$A$8, Lists!$D$8, G986=Lists!$A$9, Lists!$D$9, G986=Lists!$A$10, Lists!$D$10, TRUE, \"\")","v":""}]
[969,null,null,null,null,null,null,{"$f":"_xlfn.IFS(G987=Lists!$A$2, Lists!$D$2, G987=Lists!$A$3, Lists!$D$3, G987=Lists!$A$4, Lists!$D$4, G987=Lists!$A$5, Lists!$D$5,G987=Lists!$A$6, Lists!$D$6, G987=Lists!$A$7, Lists!$D$7, G987=Lists!$A$8, Lists!$D$8, G987=Lists!$A$9, Lists!$D$9, G987=Lists!$A$10, Lists!$D$10, TRUE, \"\")","v":""}]
[970,null,null,null,null,null,null,{"$f":"_xlfn.IFS(G988=Lists!$A$2, Lists!$D$2, G988=Lists!$A$3, Lists!$D$3, G988=Lists!$A$4, Lists!$D$4, G988=Lists!$A$5, Lists!$D$5,G988=Lists!$A$6, Lists!$D$6, G988=Lists!$A$7, Lists!$D$7, G988=Lists!$A$8, Lists!$D$8, G988=Lists!$A$9, Lists!$D$9, G988=Lists!$A$10, Lists!$D$10, TRUE, \"\")","v":""}]
[971,null,null,null,null,null,null,{"$f":"_xlfn.IFS(G989=Lists!$A$2, Lists!$D$2, G989=Lists!$A$3, Lists!$D$3, G989=Lists!$A$4, Lists!$D$4, G989=Lists!$A$5, Lists!$D$5,G989=Lists!$A$6, Lists!$D$6, G989=Lists!$A$7, Lists!$D$7, G989=Lists!$A$8, Lists!$D$8, G989=Lists!$A$9, Lists!$D$9, G989=Lists!$A$10, Lists!$D$10, TRUE, \"\")","v":""}]
[972,null,null,null,null,null,null,{"$f":"_xlfn.IFS(G990=Lists!$A$2, Lists!$D$2, G990=Lists!$A$3, Lists!$D$3, G990=Lists!$A$4, Lists!$D$4, G990=Lists!$A$5, Lists!$D$5,G990=Lists!$A$6, Lists!$D$6, G990=Lists!$A$7, Lists!$D$7, G990=Lists!$A$8, Lists!$D$8, G990=Lists!$A$9, Lists!$D$9, G990=Lists!$A$10, Lists!$D$10, TRUE, \"\")","v":""}]
[973,null,null,null,null,null,null,{"$f":"_xlfn.IFS(G991=Lists!$A$2, Lists!$D$2, G991=Lists!$A$3, Lists!$D$3, G991=Lists!$A$4, Lists!$D$4, G991=Lists!$A$5, Lists!$D$5,G991=Lists!$A$6, Lists!$D$6, G991=Lists!$A$7, Lists!$D$7, G991=Lists!$A$8, Lists!$D$8, G991=Lists!$A$9, Lists!$D$9, G991=Lists!$A$10, Lists!$D$10, TRUE, \"\")","v":""}]
[974,null,null,null,null,null,null,{"$f":"_xlfn.IFS(G992=Lists!$A$2, Lists!$D$2, G992=Lists!$A$3, Lists!$D$3, G992=Lists!$A$4, Lists!$D$4, G992=Lists!$A$5, Lists!$D$5,G992=Lists!$A$6, Lists!$D$6, G992=Lists!$A$7, Lists!$D$7, G992=Lists!$A$8, Lists!$D$8, G992=Lists!$A$9, Lists!$D$9, G992=Lists!$A$10, Lists!$D$10, TRUE, \"\")","v":""}]
[975,null,null,null,null,null,null,{"$f":"_xlfn.IFS(G993=Lists!$A$2, Lists!$D$2, G993=Lists!$A$3, Lists!$D$3, G993=Lists!$A$4, Lists!$D$4, G993=Lists!$A$5, Lists!$D$5,G993=Lists!$A$6, Lists!$D$6, G993=Lists!$A$7, Lists!$D$7, G993=Lists!$A$8, Lists!$D$8, G993=Lists!$A$9, Lists!$D$9, G993=Lists!$A$10, Lists!$D$10, TRUE, \"\")","v":""}]
[976,null,null,null,null,null,null,{"$f":"_xlfn.IFS(G994=Lists!$A$2, Lists!$D$2, G994=Lists!$A$3, Lists!$D$3, G994=Lists!$A$4, Lists!$D$4, G994=Lists!$A$5, Lists!$D$5,G994=Lists!$A$6, Lists!$D$6, G994=Lists!$A$7, Lists!$D$7, G994=Lists!$A$8, Lists!$D$8, G994=Lists!$A$9, Lists!$D$9, G994=Lists!$A$10, Lists!$D$10, TRUE, \"\")","v":""}]
[977,null,null,null,null,null,null,{"$f":"_xlfn.IFS(G995=Lists!$A$2, Lists!$D$2, G995=Lists!$A$3, Lists!$D$3, G995=Lists!$A$4, Lists!$D$4, G995=Lists!$A$5, Lists!$D$5,G995=Lists!$A$6, Lists!$D$6, G995=Lists!$A$7, Lists!$D$7, G995=Lists!$A$8, Lists!$D$8, G995=Lists!$A$9, Lists!$D$9, G995=Lists!$A$10, Lists!$D$10, TRUE, \"\")","v":""}]
[978,null,null,null,null,null,null,{"$f":"_xlfn.IFS(G996=Lists!$A$2, Lists!$D$2, G996=Lists!$A$3, Lists!$D$3, G996=Lists!$A$4, Lists!$D$4, G996=Lists!$A$5, Lists!$D$5,G996=Lists!$A$6, Lists!$D$6, G996=Lists!$A$7, Lists!$D$7, G996=Lists!$A$8, Lists!$D$8, G996=Lists!$A$9, Lists!$D$9, G996=Lists!$A$10, Lists!$D$10, TRUE, \"\")","v":""}]
[979,null,null,null,null,null,null,{"$f":"_xlfn.IFS(G997=Lists!$A$2, Lists!$D$2, G997=Lists!$A$3, Lists!$D$3, G997=Lists!$A$4, Lists!$D$4, G997=Lists!$A$5, Lists!$D$5,G997=Lists!$A$6, Lists!$D$6, G997=Lists!$A$7, Lists!$D$7, G997=Lists!$A$8, Lists!$D$8, G997=Lists!$A$9, Lists!$D$9, G997=Lists!$A$10, Lists!$D$10, TRUE, \"\")","v":""}]
[980,null,null,null,null,null,null,{"$f":"_xlfn.IFS(G998=Lists!$A$2, Lists!$D$2, G998=Lists!$A$3, Lists!$D$3, G998=Lists!$A$4, Lists!$D$4, G998=Lists!$A$5, Lists!$D$5,G998=Lists!$A$6, Lists!$D$6, G998=Lists!$A$7, Lists!$D$7, G998=Lists!$A$8, Lists!$D$8, G998=Lists!$A$9, Lists!$D$9, G998=Lists!$A$10, Lists!$D$10, TRUE, \"\")","v":""}]
[981,null,null,null,null,null,null,{"$f":"_xlfn.IFS(G999=Lists!$A$2, Lists!$D$2, G999=Lists!$A$3, Lists!$D$3, G999=Lists!$A$4, Lists!$D$4, G999=Lists!$A$5, Lists!$D$5,G999=Lists!$A$6, Lists!$D$6, G999=Lists!$A$7, Lists!$D$7, G999=Lists!$A$8, Lists!$D$8, G999=Lists!$A$9, Lists!$D$9, G999=Lists!$A$10, Lists!$D$10, TRUE, \"\")","v":""}]
[982,null,null,null,null,null,null,{"$f":"_xlfn.IFS(G1000=Lists!$A$2, Lists!$D$2, G1000=Lists!$A$3, Lists!$D$3, G1000=Lists!$A$4, Lists!$D$4, G1000=Lists!$A$5, Lists!$D$5,G1000=Lists!$A$6, Lists!$D$6, G1000=Lists!$A$7, Lists!$D$7, G1000=Lists!$A$8, Lists!$D$8, G1000=Lists!$A$9, Lists!$D$9, G1000=Lists!$A$10, Lists!$D$10, TRUE, \"\")","v":""}]
[983,null,null,null,null,null,null,{"$f":"_xlfn.IFS(G1001=Lists!$A$2, Lists!$D$2, G1001=Lists!$A$3, Lists!$D$3, G1001=Lists!$A$4, Lists!$D$4, G1001=Lists!$A$5, Lists!$D$5,G1001=Lists!$A$6, Lists!$D$6, G1001=Lists!$A$7, Lists!$D$7, G1001=Lists!$A$8, Lists!$D$8, G1001=Lists!$A$9, Lists!$D$9, G1001=Lists!$A$10, Lists!$D$10, TRUE, \"\")","v":""}]
[984,null,null,null,null,null,null,{"$f":"_xlfn.IFS(G1002=Lists!$A$2, Lists!$D$2, G1002=Lists!$A$3, Lists!$D$3, G1002=Lists!$A$4, Lists!$D$4, G1002=Lists!$A$5, Lists!$D$5,G1002=Lists!$A$6, Lists!$D$6, G1002=Lists!$A$7, Lists!$D$7, G1002=Lists!$A$8, Lists!$D$8, G1002=Lists!$A$9, Lists!$D$9, G1002=Lists!$A$10, Lists!$D$10, TRUE, \"\")","v":""}]
[985,null,null,null,null,null,null,{"$f":"_xlfn.IFS(G1003=Lists!$A$2, Lists!$D$2, G1003=Lists!$A$3, Lists!$D$3, G1003=Lists!$A$4, Lists!$D$4, G1003=Lists!$A$5, Lists!$D$5,G1003=Lists!$A$6, Lists!$D$6, G1003=Lists!$A$7, Lists!$D$7, G1003=Lists!$A$8, Lists!$D$8, G1003=Lists!$A$9, Lists!$D$9, G1003=Lists!$A$10, Lists!$D$10, TRUE, \"\")","v":""}]
[986,null,null,null,null,null,null,{"$f":"_xlfn.IFS(G1004=Lists!$A$2, Lists!$D$2, G1004=Lists!$A$3, Lists!$D$3, G1004=Lists!$A$4, Lists!$D$4, G1004=Lists!$A$5, Lists!$D$5,G1004=Lists!$A$6, Lists!$D$6, G1004=Lists!$A$7, Lists!$D$7, G1004=Lists!$A$8, Lists!$D$8, G1004=Lists!$A$9, Lists!$D$9, G1004=Lists!$A$10, Lists!$D$10, TRUE, \"\")","v":""}]
[987,null,null,null,null,null,null,{"$f":"_xlfn.IFS(G1005=Lists!$A$2, Lists!$D$2, G1005=Lists!$A$3, Lists!$D$3, G1005=Lists!$A$4, Lists!$D$4, G1005=Lists!$A$5, Lists!$D$5,G1005=Lists!$A$6, Lists!$D$6, G1005=Lists!$A$7, Lists!$D$7, G1005=Lists!$A$8, Lists!$D$8, G1005=Lists!$A$9, Lists!$D$9, G1005=Lists!$A$10, Lists!$D$10, TRUE, \"\")","v":""}]
[988,null,null,null,null,null,null,{"$f":"_xlfn.IFS(G1006=Lists!$A$2, Lists!$D$2, G1006=Lists!$A$3, Lists!$D$3, G1006=Lists!$A$4, Lists!$D$4, G1006=Lists!$A$5, Lists!$D$5,G1006=Lists!$A$6, Lists!$D$6, G1006=Lists!$A$7, Lists!$D$7, G1006=Lists!$A$8, Lists!$D$8, G1006=Lists!$A$9, Lists!$D$9, G1006=Lists!$A$10, Lists!$D$10, TRUE, \"\")","v":""}]
[989,null,null,null,null,null,null,{"$f":"_xlfn.IFS(G1007=Lists!$A$2, Lists!$D$2, G1007=Lists!$A$3, Lists!$D$3, G1007=Lists!$A$4, Lists!$D$4, G1007=Lists!$A$5, Lists!$D$5,G1007=Lists!$A$6, Lists!$D$6, G1007=Lists!$A$7, Lists!$D$7, G1007=Lists!$A$8, Lists!$D$8, G1007=Lists!$A$9, Lists!$D$9, G1007=Lists!$A$10, Lists!$D$10, TRUE, \"\")","v":""}]
[990,null,null,null,null,null,null,{"$f":"_xlfn.IFS(G1008=Lists!$A$2, Lists!$D$2, G1008=Lists!$A$3, Lists!$D$3, G1008=Lists!$A$4, Lists!$D$4, G1008=Lists!$A$5, Lists!$D$5,G1008=Lists!$A$6, Lists!$D$6, G1008=Lists!$A$7, Lists!$D$7, G1008=Lists!$A$8, Lists!$D$8, G1008=Lists!$A$9, Lists!$D$9, G1008=Lists!$A$10, Lists!$D$10, TRUE, \"\")","v":""}]
[991,null,null,null,null,null,null,{"$f":"_xlfn.IFS(G1009=Lists!$A$2, Lists!$D$2, G1009=Lists!$A$3, Lists!$D$3, G1009=Lists!$A$4, Lists!$D$4, G1009=Lists!$A$5, Lists!$D$5,G1009=Lists!$A$6, Lists!$D$6, G1009=Lists!$A$7, Lists!$D$7, G1009=Lists!$A$8, Lists!$D$8, G1009=Lists!$A$9, Lists!$D$9, G1009=Lists!$A$10, Lists!$D$10, TRUE, \"\")","v":""}]
[992,null,null,null,null,null,null,{"$f":"_xlfn.IFS(G1010=Lists!$A$2, Lists!$D$2, G1010=Lists!$A$3, Lists!$D$3, G1010=Lists!$A$4, Lists!$D$4, G1010=Lists!$A$5, Lists!$D$5,G1010=Lists!$A$6, Lists!$D$6, G1010=Lists!$A$7, Lists!$D$7, G1010=Lists!$A$8, Lists!$D$8, G1010=Lists!$A$9, Lists!$D$9, G1010=Lists!$A$10, Lists!$D$10, TRUE, \"\")","v":""}]
[993,null,null,null,null,null,null,{"$f":"_xlfn.IFS(G1011=Lists!$A$2, Lists!$D$2, G1011=Lists!$A$3, Lists!$D$3, G1011=Lists!$A$4, Lists!$D$4, G1011=Lists!$A$5, Lists!$D$5,G1011=Lists!$A$6, Lists!$D$6, G1011=Lists!$A$7, Lists!$D$7, G1011=Lists!$A$8, Lists!$D$8, G1011=Lists!$A$9, Lists!$D$9, G1011=Lists!$A$10, Lists!$D$10, TRUE, \"\")","v":""}]
[994,null,null,null,null,null,null,{"$f":"_xlfn.IFS(G1012=Lists!$A$2, Lists!$D$2, G1012=Lists!$A$3, Lists!$D$3, G1012=Lists!$A$4, Lists!$D$4, G1012=Lists!$A$5, Lists!$D$5,G1012=Lists!$A$6, Lists!$D$6, G1012=Lists!$A$7, Lists!$D$7, G1012=Lists!$A$8, Lists!$D$8, G1012=Lists!$A$9, Lists!$D$9, G1012=Lists!$A$10, Lists!$D$10, TRUE, \"\")","v":""}]
[995,null,null,null,null,null,null,{"$f":"_xlfn.IFS(G1013=Lists!$A$2, Lists!$D$2, G1013=Lists!$A$3, Lists!$D$3, G1013=Lists!$A$4, Lists!$D$4, G1013=Lists!$A$5, Lists!$D$5,G1013=Lists!$A$6, Lists!$D$6, G1013=Lists!$A$7, Lists!$D$7, G1013=Lists!$A$8, Lists!$D$8, G1013=Lists!$A$9, Lists!$D$9, G1013=Lists!$A$10, Lists!$D$10, TRUE, \"\")","v":""}]
[996,null,null,null,null,null,null,{"$f":"_xlfn.IFS(G1014=Lists!$A$2, Lists!$D$2, G1014=Lists!$A$3, Lists!$D$3, G1014=Lists!$A$4, Lists!$D$4, G1014=Lists!$A$5, Lists!$D$5,G1014=Lists!$A$6, Lists!$D$6, G1014=Lists!$A$7, Lists!$D$7, G1014=Lists!$A$8, Lists!$D$8, G1014=Lists!$A$9, Lists!$D$9, G1014=Lists!$A$10, Lists!$D$10, TRUE, \"\")","v":""}]
[997,null,null,null,null,null,null,{"$f":"_xlfn.IFS(G1015=Lists!$A$2, Lists!$D$2, G1015=Lists!$A$3, Lists!$D$3, G1015=Lists!$A$4, Lists!$D$4, G1015=Lists!$A$5, Lists!$D$5,G1015=Lists!$A$6, Lists!$D$6, G1015=Lists!$A$7, Lists!$D$7, G1015=Lists!$A$8, Lists!$D$8, G1015=Lists!$A$9, Lists!$D$9, G1015=Lists!$A$10, Lists!$D$10, TRUE, \"\")","v":""}]
[998,null,null,null,null,null,null,{"$f":"_xlfn.IFS(G1016=Lists!$A$2, Lists!$D$2, G1016=Lists!$A$3, Lists!$D$3, G1016=Lists!$A$4, Lists!$D$4, G1016=Lists!$A$5, Lists!$D$5,G1016=Lists!$A$6, Lists!$D$6, G1016=Lists!$A$7, Lists!$D$7, G1016=Lists!$A$8, Lists!$D$8, G1016=Lists!$A$9, Lists!$D$9, G1016=Lists!$A$10, Lists!$D$10, TRUE, \"\")","v":""}]
[999,null,null,null,null,null,null,{"$f":"_xlfn.IFS(G1017=Lists!$A$2, Lists!$D$2, G1017=Lists!$A$3, Lists!$D$3, G1017=Lists!$A$4, Lists!$D$4, G1017=Lists!$A$5, Lists!$D$5,G1017=Lists!$A$6, Lists!$D$6, G1017=Lists!$A$7, Lists!$D$7, G1017=Lists!$A$8, Lists!$D$8, G1017=Lists!$A$9, Lists!$D$9, G1017=Lists!$A$10, Lists!$D$10, TRUE, \"\")","v":""}]
[1000,null,null,null,null,null,null,{"$f":"_xlfn.IFS(G1018=Lists!$A$2, Lists!$D$2, G1018=Lists!$A$3, Lists!$D$3, G1018=Lists!$A$4, Lists!$D$4, G1018=Lists!$A$5, Lists!$D$5,G1018=Lists!$A$6, Lists!$D$6, G1018=Lists!$A$7, Lists!$D$7, G1018=Lists!$A$8, Lists!$D$8, G1018=Lists!$A$9, Lists!$D$9, G1018=Lists!$A$10, Lists!$D$10, TRUE, \"\")","v":""}]